-- Data for Name: category_fields; Type: TABLE DATA; Schema: public; Owner: postgres
--

COPY public.category_fields (id, category_id, type, label, name, label_ar, name_ar, options, attribute_id, file_types, created_at, updated_at, "order", field_id, required, deleted_at, section) FROM stdin;
64	5	select	Year	Year	سنة	سنة	\N	3	\N	2025-03-19 14:57:57	2025-04-23 09:04:10	3	3	1	\N	basic
39	14	text	Location	Location	Location	Location	\N	\N	\N	2025-04-10 07:38:30	2025-04-22 12:08:47	4	0	\N	\N	basic
41	14	select	Housing Category	Housing Category	Housing Category	Housing Category	\N	9	\N	2025-04-10 07:38:30	2025-04-22 12:08:47	5	2	\N	\N	basic
42	14	select	Is it furnished?	Is it furnished?	?Is it furnished	?Is it furnished	\N	10	\N	2025-04-10 07:38:30	2025-04-22 12:08:47	6	3	\N	\N	basic
70	5	files	images	images	الصور	الصور	\N	\N	jpg,png	2025-03-19 14:57:57	2025-04-23 09:04:10	0	9	1	\N	advance
65	5	numeric	Kilometers	Kilometers	كيلومترات	كيلومترات	\N	\N	\N	2025-03-19 14:57:57	2025-04-23 09:04:10	4	4	1	\N	basic
8	2	text	Title	Title	Title	Title	\N	\N	\N	2025-03-20 11:16:04	2025-03-20 11:16:04	\N	0	0	\N	basic
9	2	select	Property Type	Property Type	Property Type	Property Type	\N	8	\N	2025-03-20 11:16:04	2025-03-20 11:16:04	1	7	0	\N	basic
10	2	select	Housing Category	Housing Category	Housing Category	Housing Category	\N	9	\N	2025-03-20 11:16:04	2025-03-20 11:16:04	2	8	0	\N	basic
11	2	select	Is it furnished?	Is it furnished?	Is it furnished?	Is it furnished?	\N	10	\N	2025-03-20 11:16:04	2025-03-20 11:16:04	3	9	0	\N	basic
12	2	text	Phone number	Phone number	Phone number	Phone number	\N	\N	\N	2025-03-20 11:16:04	2025-03-20 11:16:04	\N	1	0	\N	basic
13	2	text	Price	Price	Price	Price	\N	\N	\N	2025-03-20 11:16:04	2025-03-20 11:16:04	\N	2	0	\N	basic
14	2	text	Describe your property	Describe your property	Describe your property	Describe your property	\N	\N	\N	2025-03-20 11:16:04	2025-03-20 11:16:04	\N	3	0	\N	basic
15	2	text	Size	Size	Size	Size	\N	\N	\N	2025-03-20 11:16:04	2025-03-20 11:16:04	\N	4	0	\N	basic
16	2	text	Developer	Developer	Developer	Developer	\N	\N	\N	2025-03-20 11:16:04	2025-03-20 11:16:04	\N	5	0	\N	basic
17	2	text	Annual Community Field	Annual Community Field	Annual Community Field	Annual Community Field	\N	\N	\N	2025-03-20 11:16:04	2025-03-20 11:16:04	\N	6	0	\N	basic
78	15	checkbox	Multi option field	Multi option field	حقل متعدد الخيارات	حقل متعدد الخيارات	option1,option2,option3	\N	\N	2025-04-21 09:49:30	2025-04-21 09:50:06	5	7	\N	\N	basic
66	5	select	Body Type	Body Type	نوع الجسم	نوع الجسم	\N	4	\N	2025-03-19 14:57:57	2025-04-23 09:04:10	5	5	1	\N	basic
67	5	select	Is your car insured in Syria	Is your car insured in Syria	هل سيارتك مؤمنة في سوريا؟	هل سيارتك مؤمنة في سوريا؟	\N	5	\N	2025-03-19 14:57:57	2025-04-23 09:04:10	6	6	1	\N	basic
71	15	checkbox	Amenities	Amenities	وسائل الراحه	وسائل الراحه	Maids Room,Study,Central A/C & Heating,Concierge Service,Balcony,Private Garden,Private Pool, Private Gym,Private Jacuzzi,Shared Pool,Shared Spa,Shared Gym,Security,Maid Service,Covered Parking	\N	\N	2025-04-21 05:44:57	2025-04-21 09:08:27	3	3	\N	2025-04-21 09:08:27	basic
58	15	text	Ad Title	Ad Title	عنوان الإعلان	عنوان الإعلان	\N	\N	\N	2025-04-19 17:17:51	2025-04-21 09:31:37	0	0	1	2025-04-21 09:31:37	basic
68	5	numeric	Price	Price	سعر	سعر	\N	\N	\N	2025-03-19 14:57:57	2025-04-23 09:04:10	7	7	1	\N	basic
73	15	text	Text Field	Text Field	قيمة النص	قيمة النص	\N	\N	\N	2025-04-21 09:49:30	2025-04-21 09:50:06	0	2	1	\N	basic
74	15	textarea	Text Area Field	Text Area Field	حقل منطقة النص	حقل منطقة النص	\N	\N	\N	2025-04-21 09:49:30	2025-04-21 09:50:06	1	3	\N	\N	basic
75	15	numeric	Price	Price	ثمن	ثمن	\N	\N	\N	2025-04-21 09:49:30	2025-04-21 09:50:06	2	4	\N	\N	basic
76	15	radio	Gender	Gender	جنس	جنس	Male,Female	\N	\N	2025-04-21 09:49:30	2025-04-21 09:50:06	3	5	\N	\N	basic
77	15	mobile	Mobile	Mobile	جوال	جوال	\N	\N	\N	2025-04-21 09:49:30	2025-04-21 09:50:06	4	6	\N	\N	basic
69	5	mobile	Phone Number	Phone Number	رقم التليفون	رقم التليفون	\N	\N	\N	2025-03-19 14:57:57	2025-04-23 09:04:10	8	8	1	\N	basic
62	5	make	Make	Moke	الوضع والنموذج	الوضع والنموذج	\N	1	\N	2025-03-19 14:57:57	2025-04-23 09:04:10	1	1	1	\N	basic
80	14	select	Property Residential type	Property Residential type	Property Residential type	Property Residential type	\N	27	\N	2025-04-22 10:07:26	2025-04-22 10:19:56	11	11	\N	2025-04-22 10:19:56	basic
61	5	text	Ads Title	Ads Title	عنوان الإعلانات	عنوان الإعلانات	\N	\N	\N	2025-03-19 14:57:57	2025-04-17 06:32:29	0	0	0	2025-04-17 06:32:29	basic
63	5	select	Regional Specs	Regional Specs	المواصفات الإقليمية	المواصفات الإقليمية	\N	2	\N	2025-03-19 14:57:57	2025-04-23 09:04:10	2	2	1	\N	basic
43	14	select	Facilities	Facilities	Facilities	Facilities	\N	11	\N	2025-04-10 07:38:30	2025-04-22 12:08:47	0	4	\N	\N	basic
40	14	select	Property Type	Property Type	Property Type	Property Type	\N	8	\N	2025-04-10 07:38:30	2025-04-22 12:08:47	1	1	\N	\N	basic
82	14	select	Commercial Types	Commercial Types	Commercial Types	Commercial Types	\N	28	\N	2025-04-22 11:15:44	2025-04-22 12:08:47	2	12	1	\N	basic
44	14	text	Area/Size in sqft	Area/Size in sqft	Area/Size in sqft	Area/Size in sqft	\N	\N	\N	2025-04-10 07:38:30	2025-04-22 12:08:47	3	6	\N	\N	basic
45	14	select	Listed By	Listed By	Listed By	Listed By	\N	14	\N	2025-04-10 07:38:30	2025-04-22 12:08:47	7	7	\N	\N	basic
46	14	select	Rent is Paid	Rent is Paid	Rent is Paid	Rent is Paid	\N	15	\N	2025-04-10 07:38:30	2025-04-22 12:08:47	8	8	\N	\N	basic
47	14	text	Price	Price	Price	Price	\N	\N	\N	2025-04-10 07:38:30	2025-04-22 12:08:47	9	5	\N	\N	basic
81	14	select	Residential Categories	Residential Categories	الفئات السكنية	الفئات السكنية	\N	27	\N	2025-04-22 10:24:33	2025-04-22 12:08:47	10	11	1	\N	basic
72	15	amenities	Amenities	Amenities	وسائل الراحة	وسائل الراحة	\N	\N	\N	2025-04-21 09:08:27	2025-04-21 09:40:12	3	4	1	2025-04-21 09:40:12	basic
48	14	text	Phone Number	Phone Number	Phone Number	Phone Number	\N	\N	\N	2025-04-10 07:38:30	2025-04-22 12:08:47	11	9	\N	\N	basic
49	14	file	Images	Images	Images	Images	\N	\N	pdf,jpeg,jpg,png	2025-04-10 07:38:30	2025-04-22 12:08:47	12	10	\N	\N	basic
59	15	select	Select Category	Select Category	حدد الفئة	حدد الفئة	\N	26	\N	2025-04-19 17:59:18	2025-04-21 09:50:06	6	1	1	\N	basic
57	5	model	Model	Model	Model	Model	\N	\N	\N	2025-04-18 05:32:20	2025-04-23 09:04:10	9	16	1	\N	basic
56	5	textarea	Description	Description	وصف	وصف	\N	\N	\N	2025-04-17 06:42:43	2025-04-23 09:04:10	10	15	1	\N	advance
50	5	select	Fuel Type	Fuel Type	نوع الوقود	نوع الوقود	\N	6	\N	2025-04-17 06:32:29	2025-04-23 09:04:10	11	10	\N	\N	advance
51	5	text	Exterior Color	Exterior Color	اللون الخارجي	اللون الخارجي	\N	\N	\N	2025-04-17 06:32:29	2025-04-23 09:04:10	12	11	1	\N	advance
60	15	select	Select Property Type	Select Property Type	اختر نوع العقار	اختر نوع العقار	\N	25	\N	2025-04-19 17:59:18	2025-04-21 09:50:06	7	2	1	\N	basic
79	15	amenities	Amenities	Amenities	وسائل الراحه	وسائل الراحه	\N	\N	\N	2025-04-21 09:50:06	2025-04-21 09:50:06	8	8	\N	\N	basic
52	5	select	Interior Color	Interior Color	اللون الداخلي	اللون الداخلي	\N	16	\N	2025-04-17 06:35:21	2025-04-23 09:04:10	13	11	1	\N	advance
53	5	select	Warranty	Warranty	الضمان	الضمان	\N	17	\N	2025-04-17 06:35:21	2025-04-23 09:04:10	14	12	1	\N	advance
54	5	select	Body Condition	Body Condition	حالة الجسم	حالة الجسم	\N	18	\N	2025-04-17 06:35:21	2025-04-23 09:04:10	15	13	1	\N	advance
55	5	select	Mechanical Condition	Mechanical Condition	الحالة الميكانيكية	الحالة الميكانيكية	\N	19	\N	2025-04-17 06:35:21	2025-04-23 09:04:10	16	14	1	\N	advance
\.


--
-- Data for Name: challenges; Type: TABLE DATA; Schema: public; Owner: postgres
--

COPY public.challenges (id, user_id, name, challenge_type, target_type, target_value, start_date, end_date, status, created_at, updated_at, deleted_at) FROM stdin;
13	1	Melyssa Cooke	1	2	34	2024-12-20	2024-12-26	1	2024-12-05 21:32:47	2024-12-16 15:53:25	2024-12-16 15:53:25
14	1	Noah Wise111	2	4	45	2024-12-26	2024-12-27	1	2024-12-05 21:33:05	2024-12-18 08:04:47	\N
15	1	Testing	2	1	12	2024-12-17	2025-02-01	1	2024-12-05 21:43:13	2024-12-15 22:48:49	\N
17	1	Macon Bradford	2	3	2342	2024-12-16	2024-12-24	1	2024-12-16 00:15:33	2024-12-16 15:47:51	2024-12-16 15:47:51
18	1	Abigail Snider	2	3	56	2024-12-20	2024-12-21	1	2024-12-16 15:53:48	2024-12-16 15:54:26	2024-12-16 15:54:26
19	1	Test	2	4	12	2024-12-27	2024-12-31	1	2024-12-16 15:56:52	2024-12-16 15:57:31	2024-12-16 15:57:31
20	1	Test12	2	4	1	2024-12-21	2024-12-26	0	2024-12-18 08:05:16	2024-12-19 21:49:14	\N
\.


--
-- Data for Name: challenges_companies; Type: TABLE DATA; Schema: public; Owner: postgres
--

COPY public.challenges_companies (id, challenge_id, company_id, created_at, updated_at, deleted_at) FROM stdin;
16	15	23	2024-12-15 22:48:49	2024-12-15 22:48:49	\N
17	17	10	2024-12-16 00:15:33	2024-12-16 14:22:13	2024-12-16 14:22:13
18	17	23	2024-12-16 14:22:13	2024-12-16 15:47:51	2024-12-16 15:47:51
19	14	23	2024-12-16 14:22:54	2024-12-16 14:22:54	\N
20	18	23	2024-12-16 15:54:05	2024-12-16 15:54:26	2024-12-16 15:54:26
21	19	23	2024-12-16 15:56:52	2024-12-16 15:57:31	2024-12-16 15:57:31
22	20	23	2024-12-18 08:05:16	2024-12-18 08:05:16	\N
23	20	32	2024-12-19 18:03:51	2024-12-19 18:03:51	\N
\.


--
-- Data for Name: chat_categories; Type: TABLE DATA; Schema: public; Owner: postgres
--

COPY public.chat_categories (id, name, name_ar, status, deleted_at, created_at, updated_at) FROM stdin;
8	🌍 Future and Goals	🌍 المستقبل والأهداف	1	\N	2025-11-15 10:02:05	2025-11-15 10:02:26
7	👫 Marital Relationship	👫 العلاقة الزوجية	1	\N	2025-11-15 10:01:52	2025-11-15 10:03:04
6	👶 Marriage and Children	👶 الزواج والأبناء	1	\N	2025-11-15 10:01:39	2025-11-15 10:03:27
5	🕌 Religion and Values	🕌 الدين والقيم	1	\N	2025-11-15 10:01:23	2025-11-15 10:03:45
3	💰 Financial Matters	💰 الأمور المالية	1	\N	2025-11-14 06:24:33	2025-11-15 10:04:13
4	💡 Interests and Hobbies	💡 الاهتمامات والهوايات	1	\N	2025-11-15 09:53:45	2025-11-15 10:04:44
2	💼 Education and Career	💼 الدراسة والعمل	1	\N	2025-11-11 09:45:27	2025-11-15 10:30:12
1	🏠 Personal and Family Life	🏠 الحياة الشخصية والعائلية	1	\N	2025-11-11 09:45:05	2025-11-15 10:30:22
\.


--
-- Data for Name: chat_messages; Type: TABLE DATA; Schema: public; Owner: postgres
--

COPY public.chat_messages (id, chat_id, sender_id, receiver_id, question_id, answer_id, message_type, is_read, read_at, created_at, updated_at, deleted_at) FROM stdin;
59	7	304	267	11	\N	question	t	2025-11-17 05:49:55	2025-11-17 05:49:44	2025-11-17 05:49:55	\N
60	7	267	304	11	29	answer	t	2025-11-17 05:49:58	2025-11-17 05:49:56	2025-11-17 05:49:58	\N
61	7	304	267	12	\N	question	t	2025-11-17 05:50:05	2025-11-17 05:50:03	2025-11-17 05:50:05	\N
62	7	267	304	12	32	answer	t	2025-11-17 05:50:08	2025-11-17 05:50:07	2025-11-17 05:50:08	\N
11	3	277	274	4	\N	question	t	2025-11-14 10:07:59	2025-11-14 10:06:28	2025-11-14 10:07:59	\N
12	3	274	277	4	10	answer	t	2025-11-14 10:08:09	2025-11-14 10:07:41	2025-11-14 10:08:09	\N
13	4	210	232	1	\N	question	f	\N	2025-11-14 17:22:10	2025-11-14 17:22:10	\N
14	5	192	210	4	\N	question	t	2025-11-14 18:38:04	2025-11-14 18:30:20	2025-11-14 18:38:04	\N
63	7	304	267	6	\N	question	t	2025-11-17 05:50:14	2025-11-17 05:50:13	2025-11-17 05:50:14	\N
15	5	210	192	4	10	answer	t	2025-11-14 18:41:20	2025-11-14 18:38:08	2025-11-14 18:41:20	\N
16	5	210	192	1	\N	question	t	2025-11-14 18:41:20	2025-11-14 18:40:30	2025-11-14 18:41:20	\N
64	7	267	304	6	16	answer	t	2025-11-17 05:50:20	2025-11-17 05:50:19	2025-11-17 05:50:20	\N
17	5	192	210	1	2	answer	t	2025-11-15 09:27:09	2025-11-14 18:42:10	2025-11-15 09:27:09	\N
18	5	210	192	5	\N	question	t	2025-11-15 09:27:33	2025-11-15 09:27:23	2025-11-15 09:27:33	\N
65	7	304	267	9	\N	question	t	2025-11-17 05:50:25	2025-11-17 05:50:24	2025-11-17 05:50:25	\N
19	5	192	210	5	13	answer	t	2025-11-15 09:29:11	2025-11-15 09:29:06	2025-11-15 09:29:11	\N
20	5	210	192	2	\N	question	t	2025-11-15 09:30:02	2025-11-15 09:29:59	2025-11-15 09:30:02	\N
66	7	267	304	9	26	answer	t	2025-11-17 05:50:29	2025-11-17 05:50:27	2025-11-17 05:50:29	\N
21	5	192	210	2	5	answer	t	2025-11-15 09:30:09	2025-11-15 09:30:04	2025-11-15 09:30:09	\N
22	5	210	192	3	\N	question	t	2025-11-15 09:30:18	2025-11-15 09:30:14	2025-11-15 09:30:18	\N
67	7	304	267	10	\N	question	t	2025-11-17 05:50:35	2025-11-17 05:50:33	2025-11-17 05:50:35	\N
23	5	192	210	3	8	answer	t	2025-11-15 09:30:24	2025-11-15 09:30:20	2025-11-15 09:30:24	\N
24	5	210	192	6	\N	question	t	2025-11-15 09:34:00	2025-11-15 09:33:16	2025-11-15 09:34:00	\N
68	7	267	304	10	23	answer	t	2025-11-17 05:50:40	2025-11-17 05:50:39	2025-11-17 05:50:40	\N
25	5	192	210	6	16	answer	t	2025-11-15 09:34:10	2025-11-15 09:34:04	2025-11-15 09:34:10	\N
69	8	267	304	11	\N	question	f	\N	2025-11-17 06:57:40	2025-11-17 06:57:40	\N
26	5	210	192	7	\N	question	t	2025-11-15 10:07:28	2025-11-15 10:07:17	2025-11-15 10:07:28	\N
27	5	192	210	7	17	answer	t	2025-11-15 10:10:00	2025-11-15 10:09:38	2025-11-15 10:10:00	\N
70	10	303	272	1	\N	question	t	2025-11-17 14:57:18	2025-11-17 14:57:10	2025-11-17 14:57:18	\N
28	5	192	210	8	\N	question	t	2025-11-15 10:11:47	2025-11-15 10:11:25	2025-11-15 10:11:47	\N
71	10	272	303	1	2	answer	t	2025-11-17 15:02:32	2025-11-17 15:02:03	2025-11-17 15:02:32	\N
29	5	210	192	8	20	answer	t	2025-11-15 10:14:01	2025-11-15 10:11:49	2025-11-15 10:14:01	\N
30	5	210	192	10	\N	question	t	2025-11-15 10:14:01	2025-11-15 10:13:54	2025-11-15 10:14:01	\N
31	5	192	210	10	24	answer	t	2025-11-15 10:15:52	2025-11-15 10:14:05	2025-11-15 10:15:52	\N
72	10	272	303	3	\N	question	t	2025-11-17 15:02:46	2025-11-17 15:02:44	2025-11-17 15:02:46	\N
32	5	210	192	9	\N	question	t	2025-11-15 10:16:07	2025-11-15 10:15:58	2025-11-15 10:16:07	\N
33	5	192	210	9	27	answer	t	2025-11-15 10:16:20	2025-11-15 10:16:13	2025-11-15 10:16:20	\N
73	10	303	272	3	7	answer	t	2025-11-17 15:03:53	2025-11-17 15:03:52	2025-11-17 15:03:53	\N
34	5	210	192	11	\N	question	t	2025-11-15 10:32:47	2025-11-15 10:32:38	2025-11-15 10:32:47	\N
35	5	192	210	11	29	answer	t	2025-11-15 10:32:56	2025-11-15 10:32:52	2025-11-15 10:32:56	\N
74	10	272	303	7	\N	question	t	2025-11-17 15:04:04	2025-11-17 15:04:02	2025-11-17 15:04:04	\N
36	5	192	210	12	\N	question	t	2025-11-15 10:33:12	2025-11-15 10:33:03	2025-11-15 10:33:12	\N
37	5	210	192	12	32	answer	t	2025-11-15 10:35:37	2025-11-15 10:33:21	2025-11-15 10:35:37	\N
38	3	277	274	6	\N	question	f	\N	2025-11-17 05:20:54	2025-11-17 05:20:54	\N
75	10	303	272	7	17	answer	t	2025-11-17 15:04:16	2025-11-17 15:04:14	2025-11-17 15:04:16	\N
76	10	272	303	4	\N	question	t	2025-11-17 15:04:25	2025-11-17 15:04:23	2025-11-17 15:04:25	\N
77	10	303	272	4	10	answer	t	2025-11-17 15:04:28	2025-11-17 15:04:27	2025-11-17 15:04:28	\N
78	10	303	272	2	\N	question	t	2025-11-17 15:04:51	2025-11-17 15:04:49	2025-11-17 15:04:51	\N
79	10	272	303	2	5	answer	t	2025-11-17 15:04:54	2025-11-17 15:04:53	2025-11-17 15:04:54	\N
80	11	303	264	11	\N	question	t	2025-11-17 15:08:37	2025-11-17 15:08:30	2025-11-17 15:08:37	\N
81	11	264	303	11	29	answer	t	2025-11-17 15:08:41	2025-11-17 15:08:39	2025-11-17 15:08:41	\N
82	11	303	264	10	\N	question	t	2025-11-17 15:08:51	2025-11-17 15:08:49	2025-11-17 15:08:51	\N
83	11	264	303	10	23	answer	t	2025-11-17 15:08:55	2025-11-17 15:08:54	2025-11-17 15:08:55	\N
84	11	303	264	8	\N	question	t	2025-11-17 15:09:09	2025-11-17 15:09:07	2025-11-17 15:09:09	\N
85	11	264	303	8	20	answer	t	2025-11-17 15:09:15	2025-11-17 15:09:13	2025-11-17 15:09:15	\N
86	11	264	303	4	\N	question	t	2025-11-17 15:09:43	2025-11-17 15:09:41	2025-11-17 15:09:43	\N
87	11	303	264	4	11	answer	t	2025-11-17 15:09:46	2025-11-17 15:09:45	2025-11-17 15:09:46	\N
88	11	264	303	2	\N	question	t	2025-11-17 15:09:55	2025-11-17 15:09:54	2025-11-17 15:09:55	\N
89	11	303	264	2	6	answer	t	2025-11-17 15:10:37	2025-11-17 15:10:36	2025-11-17 15:10:37	\N
1	2	276	273	1	\N	question	t	2025-11-14 06:25:39	2025-11-14 06:12:10	2025-12-31 12:54:09	2025-12-31 12:54:09
3	2	276	273	3	\N	question	t	2025-11-14 06:30:01	2025-11-14 06:29:52	2025-12-31 12:54:09	2025-12-31 12:54:09
5	2	276	273	2	\N	question	t	2025-11-14 06:39:43	2025-11-14 06:39:09	2025-12-31 12:54:09	2025-12-31 12:54:09
7	2	276	273	4	\N	question	t	2025-11-14 06:46:00	2025-11-14 06:40:31	2025-12-31 12:54:09	2025-12-31 12:54:09
90	12	305	192	11	\N	question	t	2025-11-17 15:34:48	2025-11-17 15:34:47	2025-11-17 15:34:48	\N
129	16	321	320	7	19	answer	t	2025-12-15 18:02:49	2025-12-15 18:02:47	2025-12-15 18:02:49	\N
91	12	192	305	11	29	answer	t	2025-11-17 15:35:18	2025-11-17 15:35:16	2025-11-17 15:35:18	\N
130	17	194	192	11	\N	question	t	2025-12-29 10:37:48	2025-12-29 10:37:41	2025-12-29 10:37:48	\N
92	12	305	192	12	\N	question	t	2025-11-17 15:35:25	2025-11-17 15:35:23	2025-11-17 15:35:25	\N
131	17	192	194	11	30	answer	t	2025-12-29 10:37:53	2025-12-29 10:37:51	2025-12-29 10:37:53	\N
93	12	192	305	12	32	answer	t	2025-11-17 15:38:56	2025-11-17 15:38:42	2025-11-17 15:38:56	\N
132	17	192	194	11	\N	question	t	2025-12-29 10:38:00	2025-12-29 10:37:58	2025-12-29 10:38:00	\N
94	12	305	192	6	\N	question	t	2025-11-17 15:39:09	2025-11-17 15:39:05	2025-11-17 15:39:09	\N
133	17	194	192	11	30	answer	t	2025-12-29 10:38:05	2025-12-29 10:38:03	2025-12-29 10:38:05	\N
95	12	192	305	6	16	answer	t	2025-11-17 15:39:15	2025-11-17 15:39:14	2025-11-17 15:39:15	\N
134	18	332	264	1	\N	question	t	2025-12-29 17:06:22	2025-12-29 17:06:16	2025-12-29 17:06:22	\N
96	12	305	192	10	\N	question	t	2025-11-17 15:39:31	2025-11-17 15:39:29	2025-11-17 15:39:31	\N
135	19	332	333	1	\N	question	t	2025-12-30 07:42:50	2025-12-30 07:42:43	2025-12-30 07:42:50	\N
97	12	192	305	10	23	answer	t	2025-11-17 15:39:40	2025-11-17 15:39:35	2025-11-17 15:39:40	\N
136	19	333	332	1	1	answer	t	2025-12-30 07:42:56	2025-12-30 07:42:55	2025-12-30 07:42:56	\N
98	12	305	192	4	\N	question	t	2025-11-17 15:39:47	2025-11-17 15:39:46	2025-11-17 15:39:47	\N
137	19	333	332	1	\N	question	t	2025-12-30 07:43:05	2025-12-30 07:43:04	2025-12-30 07:43:05	\N
99	12	192	305	4	10	answer	t	2025-11-17 15:39:54	2025-11-17 15:39:52	2025-11-17 15:39:54	\N
138	19	332	333	1	2	answer	t	2025-12-30 07:43:12	2025-12-30 07:43:10	2025-12-30 07:43:12	\N
100	13	311	310	11	\N	question	t	2025-11-18 09:39:05	2025-11-18 09:38:58	2025-11-18 09:39:05	\N
139	19	332	333	2	\N	question	t	2025-12-30 07:43:35	2025-12-30 07:43:34	2025-12-30 07:43:35	\N
101	13	310	311	11	29	answer	t	2025-11-18 09:39:08	2025-11-18 09:39:06	2025-11-18 09:39:08	\N
140	19	333	332	2	4	answer	t	2025-12-30 07:43:39	2025-12-30 07:43:38	2025-12-30 07:43:39	\N
102	13	310	311	2	\N	question	t	2025-11-18 09:39:45	2025-11-18 09:39:44	2025-11-18 09:39:45	\N
141	19	333	332	4	\N	question	t	2025-12-30 07:43:46	2025-12-30 07:43:44	2025-12-30 07:43:46	\N
103	13	311	310	2	4	answer	t	2025-11-18 09:39:52	2025-11-18 09:39:50	2025-11-18 09:39:52	\N
142	19	332	333	4	10	answer	t	2025-12-30 07:43:49	2025-12-30 07:43:48	2025-12-30 07:43:49	\N
104	13	311	310	6	\N	question	t	2025-11-18 09:40:26	2025-11-18 09:40:24	2025-11-18 09:40:26	\N
143	19	332	333	6	\N	question	t	2025-12-30 07:43:56	2025-12-30 07:43:54	2025-12-30 07:43:56	\N
105	13	310	311	6	16	answer	t	2025-11-18 09:40:33	2025-11-18 09:40:32	2025-11-18 09:40:33	\N
144	19	333	332	6	16	answer	t	2025-12-30 07:44:00	2025-12-30 07:43:58	2025-12-30 07:44:00	\N
106	13	311	310	8	\N	question	t	2025-11-18 09:42:31	2025-11-18 09:42:29	2025-11-18 09:42:31	\N
107	13	310	311	8	21	answer	t	2025-11-18 09:42:34	2025-11-18 09:42:33	2025-11-18 09:42:34	\N
108	13	311	310	7	\N	question	t	2025-11-18 09:42:44	2025-11-18 09:42:43	2025-11-18 09:42:44	\N
109	13	310	311	7	17	answer	t	2025-11-18 09:42:48	2025-11-18 09:42:46	2025-11-18 09:42:48	\N
110	14	294	310	12	\N	question	t	2025-11-18 10:53:36	2025-11-18 10:53:32	2025-11-18 10:53:36	\N
111	14	310	294	12	32	answer	t	2025-11-18 10:53:39	2025-11-18 10:53:38	2025-11-18 10:53:39	\N
112	14	310	294	5	\N	question	t	2025-11-18 10:53:45	2025-11-18 10:53:43	2025-11-18 10:53:45	\N
113	14	294	310	5	13	answer	t	2025-11-18 10:53:47	2025-11-18 10:53:46	2025-11-18 10:53:47	\N
114	14	294	310	4	\N	question	t	2025-11-18 10:53:53	2025-11-18 10:53:52	2025-11-18 10:53:53	\N
153	22	333	336	11	\N	question	t	2025-12-31 08:30:11	2025-12-31 08:28:01	2025-12-31 08:30:11	\N
115	14	310	294	4	11	answer	t	2025-11-18 10:53:56	2025-11-18 10:53:54	2025-11-18 10:53:56	\N
154	22	336	333	11	29	answer	t	2025-12-31 08:30:16	2025-12-31 08:30:15	2025-12-31 08:30:16	\N
116	14	294	310	3	\N	question	t	2025-11-18 10:54:02	2025-11-18 10:54:01	2025-11-18 10:54:02	\N
155	23	336	330	11	\N	question	t	2025-12-31 08:37:22	2025-12-31 08:37:21	2025-12-31 08:37:22	\N
117	14	310	294	3	8	answer	t	2025-11-18 10:54:05	2025-11-18 10:54:03	2025-11-18 10:54:05	\N
156	23	330	336	11	29	answer	t	2025-12-31 08:37:25	2025-12-31 08:37:24	2025-12-31 08:37:25	\N
118	14	294	310	1	\N	question	t	2025-11-18 10:54:14	2025-11-18 10:54:13	2025-11-18 10:54:14	\N
119	14	310	294	1	2	answer	t	2025-11-18 10:54:16	2025-11-18 10:54:15	2025-11-18 10:54:16	\N
157	24	336	272	11	\N	question	t	2025-12-31 08:44:14	2025-12-31 08:43:49	2025-12-31 08:51:13	2025-12-31 08:51:13
120	16	320	321	5	\N	question	t	2025-12-15 17:58:38	2025-12-15 17:58:37	2025-12-15 17:58:38	\N
121	16	321	320	5	13	answer	t	2025-12-15 17:59:14	2025-12-15 17:59:12	2025-12-15 17:59:14	\N
122	16	320	321	11	\N	question	t	2025-12-15 17:59:22	2025-12-15 17:59:21	2025-12-15 17:59:22	\N
123	16	321	320	11	29	answer	t	2025-12-15 18:00:12	2025-12-15 18:00:10	2025-12-15 18:00:12	\N
9	2	276	273	5	\N	question	t	2025-11-14 06:46:00	2025-11-14 06:41:21	2025-12-31 12:54:09	2025-12-31 12:54:09
124	16	320	321	6	\N	question	t	2025-12-15 18:00:48	2025-12-15 18:00:46	2025-12-15 18:00:48	\N
2	2	273	276	1	2	answer	t	2025-12-31 12:54:05	2025-11-14 06:27:10	2025-12-31 12:54:09	2025-12-31 12:54:09
125	16	321	320	6	16	answer	t	2025-12-15 18:01:16	2025-12-15 18:01:15	2025-12-15 18:01:16	\N
4	2	273	276	3	8	answer	t	2025-12-31 12:54:05	2025-11-14 06:35:16	2025-12-31 12:54:09	2025-12-31 12:54:09
126	16	321	320	4	\N	question	t	2025-12-15 18:01:32	2025-12-15 18:01:31	2025-12-15 18:01:32	\N
8	2	273	276	4	12	answer	t	2025-12-31 12:54:05	2025-11-14 06:40:52	2025-12-31 12:54:09	2025-12-31 12:54:09
127	16	320	321	4	12	answer	t	2025-12-15 18:01:37	2025-12-15 18:01:36	2025-12-15 18:01:37	\N
10	2	273	276	5	14	answer	t	2025-12-31 12:54:05	2025-11-14 06:41:41	2025-12-31 12:54:09	2025-12-31 12:54:09
128	16	320	321	7	\N	question	t	2025-12-15 18:02:09	2025-12-15 18:02:07	2025-12-15 18:02:09	\N
158	25	276	336	3	\N	question	t	2025-12-31 12:55:33	2025-12-31 12:55:32	2025-12-31 12:55:33	\N
159	25	336	276	3	7	answer	t	2025-12-31 12:55:36	2025-12-31 12:55:34	2025-12-31 12:55:36	\N
160	25	336	276	1	\N	question	t	2025-12-31 12:55:46	2025-12-31 12:55:45	2025-12-31 12:55:46	\N
161	25	276	336	1	1	answer	t	2025-12-31 12:55:49	2025-12-31 12:55:48	2025-12-31 12:55:49	\N
\.


--
-- Data for Name: chats; Type: TABLE DATA; Schema: public; Owner: postgres
--

COPY public.chats (id, user_id_1, user_id_2, connection_request_id, questions_exchanged, status, decision_deadline, user_1_decision, user_2_decision, last_reminder_sent_at, created_at, updated_at, deleted_at) FROM stdin;
8	267	304	211	0	active	\N	\N	\N	\N	2025-11-17 06:57:27	2025-11-17 06:57:27	\N
16	320	321	233	5	completed	\N	yes	yes	\N	2025-12-15 17:58:07	2025-12-15 18:03:33	\N
10	303	272	219	5	completed	\N	yes	yes	\N	2025-11-17 14:56:57	2025-11-17 15:05:15	\N
17	194	192	235	2	disconnected	\N	yes	no	\N	2025-12-29 10:37:33	2025-12-29 13:36:32	\N
5	192	210	209	12	active	\N	no	\N	\N	2025-11-14 18:30:15	2025-12-29 13:42:49	\N
18	332	264	237	0	active	\N	\N	\N	\N	2025-12-29 17:06:00	2025-12-29 17:06:00	\N
3	274	277	202	1	active	\N	\N	\N	\N	2025-11-14 10:04:51	2025-11-14 10:07:41	\N
4	210	232	63	0	active	\N	\N	\N	\N	2025-11-14 15:38:57	2025-11-14 15:38:57	\N
11	303	264	223	5	disconnected	\N	no	no	\N	2025-11-17 15:08:24	2025-11-17 15:11:11	\N
22	333	336	245	1	disconnected	\N	yes	no	\N	2025-12-31 08:27:54	2025-12-31 08:34:54	\N
23	336	330	247	1	completed	\N	yes	yes	\N	2025-12-31 08:37:14	2025-12-31 08:37:37	\N
12	305	192	225	5	completed	\N	yes	yes	\N	2025-11-17 15:34:22	2025-11-17 15:40:44	\N
24	336	272	249	0	active	\N	yes	\N	\N	2025-12-31 08:43:44	2025-12-31 08:51:13	2025-12-31 08:51:13
9	272	268	189	0	active	\N	\N	\N	\N	2025-11-17 14:53:48	2025-12-31 08:51:26	2025-12-31 08:51:26
20	310	336	241	0	active	\N	\N	\N	\N	2025-12-31 07:02:32	2025-12-31 08:55:01	2025-12-31 08:55:01
2	276	273	207	5	disconnected	2025-11-21 09:56:43	need_more_time	yes	2025-11-21 00:05:04	2025-11-14 05:58:59	2025-12-31 12:54:09	2025-12-31 12:54:09
13	311	310	227	5	disconnected	\N	no	no	\N	2025-11-18 09:38:48	2025-11-18 09:44:03	\N
19	332	333	239	5	disconnected	\N	no	need_more_time	\N	2025-12-30 07:42:34	2025-12-31 07:09:58	\N
25	276	336	251	2	disconnected	\N	no	yes	\N	2025-12-31 12:54:55	2025-12-31 12:56:24	\N
7	304	267	211	5	completed	\N	yes	yes	\N	2025-11-17 05:49:24	2025-11-17 06:53:33	\N
14	294	310	229	5	disconnected	\N	no	no	\N	2025-11-18 10:53:27	2025-11-18 10:54:42	\N
15	316	320	231	0	active	\N	\N	\N	\N	2025-12-15 17:53:15	2025-12-15 17:53:15	\N
\.


--
-- Data for Name: chronic_disease_variants; Type: TABLE DATA; Schema: public; Owner: postgres
--

COPY public.chronic_disease_variants (id, name, name_ar, chronic_disease_id, created_at, updated_at, deleted_at) FROM stdin;
2	Low	low	1	2025-12-26 10:56:03	2025-12-26 10:56:03	\N
1	High	high	1	2025-12-26 10:56:03	2025-12-30 07:35:47	\N
3	Pre-Diabetic	Pre-Diabetic	1	2025-12-30 07:35:47	2025-12-30 07:35:47	\N
4	Genetic Stress	Genetic Stress	3	2025-12-30 07:37:22	2025-12-30 07:37:22	\N
5	Chronic Stress	Chronic Stress	3	2025-12-30 07:37:22	2025-12-30 07:37:22	\N
\.


--
-- Data for Name: chronic_diseases; Type: TABLE DATA; Schema: public; Owner: postgres
--

COPY public.chronic_diseases (id, name, name_ar, status, created_at, updated_at, deleted_at) FROM stdin;
1	Diabetic	Diabetic ar	1	2025-12-26 10:56:03	2025-12-26 10:56:03	\N
2	Blood pressure	Blood pressure AR	1	2025-12-30 07:36:21	2025-12-30 07:36:21	\N
3	Stress	Stress AR	1	2025-12-30 07:37:22	2025-12-30 07:37:22	\N
\.


--
-- Data for Name: cities; Type: TABLE DATA; Schema: public; Owner: postgres
--

COPY public.cities (id, name, name_ar, status, created_at, updated_at, deleted_at, country_id) FROM stdin;
3	Dubaii	دبي	1	2025-03-24 11:53:17	2025-03-24 11:53:17	\N	1
4	Damascus	دمشق	1	2025-04-11 02:52:50	2025-04-11 02:52:50	\N	2
5	Damascus Town	ريف دمشق	1	2025-04-11 02:53:51	2025-04-18 18:07:35	\N	2
6	Aleppo	حلب	1	2025-04-18 18:08:20	2025-04-18 18:08:20	\N	2
7	Homs	حمص	1	2025-04-18 18:09:28	2025-04-18 18:09:28	\N	2
8	Hama	حماة	1	2025-04-18 18:10:17	2025-04-18 18:10:17	\N	2
9	Daraa	درعا	1	2025-04-18 18:11:03	2025-04-18 18:11:03	\N	2
10	As-suwayda	السويداء	1	2025-04-18 18:11:55	2025-04-18 18:11:55	\N	2
11	Quneitra	القنيطيره	1	2025-04-18 18:12:44	2025-04-18 18:12:44	\N	2
12	Tartus	طرطوس	1	2025-04-18 18:13:25	2025-04-18 18:13:25	\N	2
13	Latakia	اللاذقية	1	2025-04-18 18:14:02	2025-04-18 18:14:02	\N	2
14	Idlib	إدلب	1	2025-04-18 18:15:16	2025-04-18 18:15:16	\N	2
15	Al-Raqqah	الرقة	1	2025-04-18 18:15:58	2025-04-18 18:15:58	\N	2
16	Deir ez-zor	دير الزور	1	2025-04-18 18:16:37	2025-04-18 18:16:37	\N	2
17	Al-Hasakah	الحسكة	1	2025-04-18 18:17:11	2025-04-18 18:17:11	\N	2
1	Abu Dubai	ابو ظبي	1	2025-03-19 11:01:35	2025-04-18 18:17:55	\N	1
\.


--
-- Data for Name: cms_pages; Type: TABLE DATA; Schema: public; Owner: postgres
--

COPY public.cms_pages (id, title, content, created_at, updated_at, content_ar, status, title_ar) FROM stdin;
4	Video guide	<p>xdfasdfas</p>	2025-03-28 17:11:41	2025-03-28 17:12:07	<p>asdfasdfasd</p>	1	\N
7	Show and hide guidance	<p>Show and hide guidance</p>	2025-03-11 17:18:40	2025-07-14 05:18:36	<p>إظهار وإخفاء التوجيه</p>	1	Show and hide guidance
6	Blur guidance	<p>In this comprehensive <strong>guide</strong>, we will learn this skill, from understanding its significance to learning the step-by-step process, optimizing professiona</p>	2025-03-11 17:18:40	2025-07-14 05:30:08	<p>في هذا الدليل الشامل، سنتعلم هذه المهارة، بدءًا من فهم أهميتها وحتى تعلم العملية خطوة بخطوة، وتحسين الأداء المهني.</p>	1	صورة طمس
5	Photo guide	<p>During the Proposal:</p><p><strong>Candid Shots:</strong></p><p>Prioritize capturing the couple's natural expressions and reactions, rather than forcing posed shots.&nbsp;</p><p>&nbsp;</p><p><strong>Focus:</strong></p><p>Ensure the camera focuses on the couple's faces to capture their emotion.&nbsp;</p><p>&nbsp;</p><p><strong>Aperture:</strong></p><p>Use a wide aperture to create a shallow depth of field, which will help make the couple the focal point…</p>	2025-05-27 14:30:17	2025-07-16 08:50:02	<p>أثناء عرض الزواج:</p><p><strong>اللقطات العفوية:</strong></p><p>أعطِ الأولوية لالتقاط تعابير وردود فعل الزوجين الطبيعية، بدلًا من إجبارهما على التقاط صور مُصطنعة.</p><p><strong>التركيز:</strong></p><p>تأكد من تركيز الكاميرا على وجهي الزوجين لالتقاط مشاعرهما.</p><p><strong>فتحة العدسة:</strong></p><p>استخدم فتحة عدسة واسعة لإنشاء عمق مجال ضحل، مما يُساعد في جعل الزوجين محور التركيز.</p>	1	دليل الصور
2	Terms and conditions	<h3>📝 <strong>Terms &amp; Conditions / الشروط والأحكام</strong></h3><p><br>By using the Luqia app, you agree to comply with all terms outlined herein. You must be 18 years or older to use this service. Any misuse, false information, or inappropriate behavior may result in account suspension.</p>	2024-12-10 18:43:49	2025-07-16 10:09:28	<p>باستخدامك لتطبيق لقيا، فإنك توافق على الالتزام بجميع الشروط المذكورة هنا. يجب أن يكون عمرك 18 عامًا أو أكثر لاستخدام هذه الخدمة. أي إساءة استخدام أو تقديم معلومات خاطئة أو سلوك غير لائق قد يؤدي إلى تعليق الحساب.</p>	1	الشروط والأحكام
3	Privacy policy	<h3>🔒 <strong>Privacy Policy / سياسة الخصوصية</strong></h3><p><br>We value your privacy. Your personal information is securely stored and never shared without your consent. You have full control over your data and can delete your account at any time.</p>	2024-12-10 18:43:54	2025-07-16 10:10:08	<p>نحن نحترم خصوصيتك. يتم تخزين معلوماتك الشخصية بأمان ولا يتم مشاركتها دون موافقتك. لديك السيطرة الكاملة على بياناتك ويمكنك حذف حسابك في أي وقت.</p>	1	سياسة الخصوصية
1	About us	<h3>🕌 <strong>About Luqia – Matrimonial App</strong></h3><p><strong>Luqia</strong> is a trusted and modern matrimonial app designed to help individuals find meaningful and long-lasting relationships rooted in respect, compatibility, and shared values. Whether you're searching for a life partner locally or globally, Luqia connects like-minded individuals through a secure and culturally mindful platform.</p><h3>🔑 <strong>Key Features:</strong></h3><p>Verified user profiles for safe connections</p><p>In-app chat, call, and video introduction options</p><p>Profile filters based on religion, profession, location, and more</p><p>Privacy-first approach with full user control</p><p>Suitable for serious matrimonial intentions — not casual dating</p><p>Luqia is more than just a match — it’s your companion in the journey toward marriage.</p>	2024-12-10 18:35:10	2025-07-16 13:16:46	<h3>🕌 <strong>عن تطبيق لقيا – للتعارف والزواج</strong></h3><p><strong>لقيا</strong> هو تطبيق زواج عصري وموثوق، صُمم لمساعدة الأفراد في العثور على شريك حياة مناسب يقوم على الاحترام، والتوافق، والقيم المشتركة. سواء كنت تبحث عن شريك محليًا أو عالميًا، فإن لقيا يربط بين الأشخاص المتشابهين في الفكر من خلال منصة آمنة ومراعية للثقافة.</p><h3>🔑 <strong>الميزات الرئيسية:</strong></h3><p>ملفات شخصية موثقة لضمان التواصل الآمن</p><p>خيارات للدردشة والمكالمات والفيديو داخل التطبيق</p><p>فلاتر بحث حسب الدين، والمهنة، والموقع، والمزيد</p><p>نهج يحترم الخصوصية ويوفر تحكمًا كاملاً للمستخدم</p><p>مخصص للعلاقات الجادة والنية الصادقة للزواج، وليس للتعارف العابر</p><p>لقيا ليس مجرد تطابق... بل هو رفيقك في طريق الزواج.</p><p>&nbsp;</p><p>&nbsp;</p><p>.</p>	1	عن تطبيق لقيا
\.


--
-- Data for Name: companies; Type: TABLE DATA; Schema: public; Owner: postgres
--

COPY public.companies (id, name, name_ar, brand_logo, description, description_ar, address, trade_license, trade_license_expiry, user_id, created_at, updated_at, deleted_at) FROM stdin;
13	Morton Ratliff LLC	Mcguire and Sandoval Associates	1734645382676496867ec33.png	Quas odit proident	Similique illum qui	Qui pariatur Qui na	1734645383676496873534e.pdf	2024-12-26	35	2024-12-19 21:56:23	2024-12-19 21:56:23	\N
\.


--
-- Data for Name: contact_us; Type: TABLE DATA; Schema: public; Owner: postgres
--

COPY public.contact_us (id, name, email, subject, message, created_at, updated_at) FROM stdin;
1	Alexandra Baker	mativyli@mailinator.com	Sit do in sint ratio	Magni doloribus non	2024-12-28 15:03:43	2024-12-28 15:03:43
\.


--
-- Data for Name: countries; Type: TABLE DATA; Schema: public; Owner: postgres
--

COPY public.countries (id, name, created_at, updated_at, status, dial_code, name_ar, flag_icon) FROM stdin;
1	United Arab Emirates	2025-03-22 06:00:51	2025-03-24 11:52:09	1	+971	الإمارات العربية المتحدة	\N
\.


--
-- Data for Name: delivery_types; Type: TABLE DATA; Schema: public; Owner: postgres
--

COPY public.delivery_types (id, translation_type_id, name, description, price_type, price, status, created_at, updated_at) FROM stdin;
1	9	Standard	Standard	free	0.00	1	2024-12-30 15:01:54	2024-12-30 15:08:33
2	8	DIGITAL DELIVERY	Arrives to your email immediately when completed.	free	0.00	1	2024-12-31 09:44:51	2024-12-31 14:48:17
3	7	Ciara Hull	Iure ipsam minima qu	free	0.00	1	2024-12-31 09:45:06	2024-12-31 09:45:26
4	7	Karly Pennington	Minus quis sunt dol	fixed	0.00	1	2024-12-31 09:45:15	2024-12-31 09:45:21
5	8	DIGITAL & PHYSICAL COPY	2-day express shipping via USPS. This price is for domestic shipping only, international shipping may incur a small fee.	fixed	12.00	1	2024-12-31 14:48:53	2024-12-31 14:48:53
6	11	DIGITAL DELIVERY	Arrives to your email immediately when completed.	free	0.00	1	2024-12-31 14:50:28	2024-12-31 14:50:28
7	11	DIGITAL & PHYSICAL COPY	2-day express shipping via USPS. This price is for domestic shipping only, international shipping may incur a small fee.	fixed	12.00	1	2024-12-31 14:50:54	2024-12-31 14:50:54
8	5	DIGITAL DELIVERY	Arrives to your email immediately when completed.	free	0.00	1	2024-12-31 14:51:37	2024-12-31 14:51:37
9	5	DIGITAL & PHYSICAL COPY	2-day express shipping via USPS. This price is for domestic shipping only, international shipping may incur a small fee.	fixed	12.00	1	2024-12-31 14:52:01	2024-12-31 14:52:01
10	4	DIGITAL DELIVERY	Arrives to your email immediately when completed.	free	0.00	1	2024-12-31 14:56:19	2024-12-31 14:56:19
11	3	DIGITAL DELIVERY	Arrives to your email immediately when completed.	free	0.00	1	2024-12-31 14:56:47	2024-12-31 14:56:47
\.


--
-- Data for Name: dress_codes; Type: TABLE DATA; Schema: public; Owner: postgres
--

COPY public.dress_codes (id, name, name_ar, gender, image, status, deleted_at, created_at, updated_at) FROM stdin;
1	Hijabi	محجبة	Female	6815f4e7b9764_1746269415.png	1	\N	2025-05-03 10:48:15	2025-05-03 10:50:48
3	Burqa wearer	مرتدية البرقع	Female	6815f52f36877_1746269487.png	1	\N	2025-05-03 10:51:27	2025-05-03 10:51:27
4	Modern Wearer	مرتدية اللباس الغربي	Female	6815f58b0c1ac_1746269579.png	1	\N	2025-05-03 10:52:59	2025-05-03 10:52:59
2	Non-Hijabii	غير محجبة	Female	6815f4fe3adc7_1746269438.png	1	\N	2025-05-03 10:48:57	2025-05-29 08:19:33
5	Modern Wear	اللباس العصري	Male	68381886a7343_1748506758.png	0	\N	2025-05-29 08:19:18	2025-07-11 12:50:24
6	Religious wear	اللباس الديني	Male	683818f732b00_1748506871.png	0	\N	2025-05-29 08:21:11	2025-07-11 12:50:30
8	Emirati	إماراتي	Male	6838198df2fdf_1748507021.png	0	\N	2025-05-29 08:23:41	2025-07-11 12:50:35
7	Cultural Wear	الزي الثقافي	Male	68442bf592b2a_1749298165.jpg	0	\N	2025-05-29 08:23:02	2025-07-11 12:50:40
\.


--
-- Data for Name: educations; Type: TABLE DATA; Schema: public; Owner: postgres
--

COPY public.educations (id, name, name_ar, status, deleted_at, created_at, updated_at) FROM stdin;
5	Lawyer	محامٍ	1	2025-05-05 06:19:02	2025-05-03 10:21:45	2025-05-05 06:19:02
4	Associate Degree	درجة الزمالة	1	2025-08-18 11:25:11	2025-05-03 10:21:23	2025-08-18 11:25:11
8	Primary	اعدادي	1	\N	2025-08-18 11:30:41	2025-08-18 11:30:41
6	High School / Secondary	ثانوي	1	\N	2025-05-05 06:16:41	2025-08-18 11:33:29
1	Bachelor's Degree	جامعي	1	\N	2025-05-03 10:20:00	2025-08-18 11:36:08
3	Postgraduate Diploma	دبلوم	1	\N	2025-05-03 10:20:52	2025-08-18 11:36:54
2	Master Degree	ماجستير	1	\N	2025-05-03 10:20:34	2025-08-18 11:38:05
7	Doctorate/PhD	دكتوراه	1	\N	2025-05-05 06:19:19	2025-08-18 11:38:26
9	Others	غير محدد	1	\N	2025-08-18 11:38:59	2026-01-08 06:30:49
\.


--
-- Data for Name: emirates; Type: TABLE DATA; Schema: public; Owner: postgres
--

COPY public.emirates (id, country_id, name, name_ar, status, created_at, updated_at, deleted_at) FROM stdin;
1	1	Dubai	دبي	1	2025-05-01 05:13:38	2025-05-01 05:13:38	\N
2	1	Abu Dhabi	أبو ظبي	1	2025-05-01 05:14:32	2025-05-01 05:14:32	\N
3	1	Sharjah	الشارقة	1	2025-05-01 05:14:57	2025-05-01 05:14:57	\N
4	1	Ajman	عجمان	1	2025-05-01 05:15:23	2025-05-01 05:15:23	\N
5	1	Fujairah	الفجيرة	1	2025-05-01 05:15:43	2025-05-01 05:15:43	\N
6	1	Umm Al Quwain	أم القيوين	1	2025-05-01 05:16:13	2025-05-01 05:16:13	\N
7	1	Ras Al Khaimah	رأس الخيمة	1	2025-05-01 05:16:37	2025-05-01 05:16:37	\N
\.


--
-- Data for Name: employments; Type: TABLE DATA; Schema: public; Owner: postgres
--

COPY public.employments (id, name, name_ar, status, deleted_at, created_at, updated_at) FROM stdin;
2	Private	Private	1	\N	2025-09-24 08:07:23	2025-09-24 08:07:23
1	Semi Government	hakomati	1	\N	2025-09-19 09:59:30	2025-09-24 08:07:40
\.


--
-- Data for Name: event_types; Type: TABLE DATA; Schema: public; Owner: postgres
--

COPY public.event_types (id, name, status, created_at, updated_at) FROM stdin;
2	Sports	1	2024-12-10 17:55:00	2024-12-10 17:55:00
3	Music	1	2024-12-17 19:03:21	2024-12-17 19:03:21
\.


--
-- Data for Name: events; Type: TABLE DATA; Schema: public; Owner: postgres
--

COPY public.events (id, name, event_type_id, start_date, end_date, status, description, images, created_at, updated_at) FROM stdin;
2	testq	2	2024-04-20	2024-12-27	1	<p>asdd</p>	"[\\"1734335755675fdd0b842a5.jpg\\",\\"1734335763675fdd13d0457.jpg\\",\\"1734335769675fdd19d037d.png\\"]"	2024-12-11 20:51:39	2024-12-19 21:24:45
5	test123	2	2024-12-18	2024-12-20	1	<p>zxcssf</p>	"[\\"\\"]"	2024-12-17 20:43:55	2024-12-17 20:43:55
\.


--
-- Data for Name: failed_jobs; Type: TABLE DATA; Schema: public; Owner: postgres
--

COPY public.failed_jobs (id, uuid, connection, queue, payload, exception, failed_at) FROM stdin;
\.


--
-- Data for Name: faqs; Type: TABLE DATA; Schema: public; Owner: postgres
--

COPY public.faqs (id, question, answer, status, created_at, updated_at) FROM stdin;
2	Question 1, Lorem Ipsum is simply dummy text of the printing and typesetting industry ?	<p>Lorem Ipsum is simply dummy text of the printing and typesetting industry</p>	1	2024-12-11 10:52:14	2024-12-11 10:52:14
3	Test	<h2>Where does it come from?</h2><p>Contrary to popular belief, Lorem Ipsum is not simply random text. It has roots in a piece of classical Latin literature from 45 BC, making it over 2000 years old. Richard McClintock, a Latin professor at Hampden-Sydney College in Virginia, looked up one of the more obscure Latin words, consectetur, from a Lorem Ipsum passage, and going through the cites of the word in classical literature, discovered the undoubtable source. Lorem Ipsum comes from sections 1.10.32 and 1.10.33 of "de Finibus Bonorum et Malorum" (The Extremes of Good and Evil) by Cicero, written in 45 BC. This book is a treatise on the theory of ethics, very popular during the Renaissance. The first line of Lorem Ipsum, "Lorem ipsum dolor sit amet..", comes from a line in section 1.10.32.</p><p>The standard chunk of Lorem Ipsum used since the 1500s is reproduced below for those interested. Sections 1.10.32 and 1.10.33 from "de Finibus Bonorum et Malorum" by Cicero are also reproduced in their exact original form, accompanied by English versions from the 1914 translation by H. Rackham.Where does it come from?</p><p>Contrary to popular belief, Lorem Ipsum is not simply random text. It has roots in a piece of classical Latin literature from 45 BC, making it over 2000 years old. Richard McClintock, a Latin professor at Hampden-Sydney College in Virginia, looked up one of the more obscure Latin words, consectetur, from a Lorem Ipsum passage, and going through the cites of the word in classical literature, discovered the undoubtable source. Lorem Ipsum comes from sections 1.10.32 and 1.10.33 of "de Finibus Bonorum et Malorum" (The Extremes of Good and Evil) by Cicero, written in 45 BC. This book is a treatise on the theory of ethics, very popular during the Renaissance. The first line of Lorem Ipsum, "Lorem ipsum dolor sit amet..", comes from a line in section 1.10.32.</p><p>The standard chunk of Lorem Ipsum used since the 1500s is reproduced below for those interested. Sections 1.10.32 and 1.10.33 from "de Finibus Bonorum et Malorum" by Cicero are also reproduced in their exact original form, accompanied by English versions from the 1914 translation by H. Rackham.Where does it come from?</p><p>Contrary to popular belief, Lorem Ipsum is not simply random text. It has roots in a piece of classical Latin literature from 45 BC, making it over 2000 years old. Richard McClintock, a Latin professor at Hampden-Sydney College in Virginia, looked up one of the more obscure Latin words, consectetur, from a Lorem Ipsum passage, and going through the cites of the word in classical literature, discovered the undoubtable source. Lorem Ipsum comes from sections 1.10.32 and 1.10.33 of "de Finibus Bonorum et Malorum" (The Extremes of Good and Evil) by Cicero, written in 45 BC. This book is a treatise on the theory of ethics, very popular during the Renaissance. The first line of Lorem Ipsum, "Lorem ipsum dolor sit amet..", comes from a line in section 1.10.32.</p><p>The standard chunk of Lorem Ipsum used since the 1500s is reproduced below for those interested. Sections 1.10.32 and 1.10.33 from "de Finibus Bonorum et Malorum" by Cicero are also reproduced in their exact original form, accompanied by English versions from the 1914 translation by H. Rackham.Where does it come from?</p><p>Contrary to popular belief, Lorem Ipsum is not simply random text. It has roots in a piece of classical Latin literature from 45 BC, making it over 2000 years old. Richard McClintock, a Latin professor at Hampden-Sydney College in Virginia, looked up one of the more obscure Latin words, consectetur, from a Lorem Ipsum passage, and going through the cites of the word in classical literature, discovered the undoubtable source. Lorem Ipsum comes from sections 1.10.32 and 1.10.33 of "de Finibus Bonorum et Malorum" (The Extremes of Good and Evil) by Cicero, written in 45 BC. This book is a treatise on the theory of ethics, very popular during the Renaissance. The first line of Lorem Ipsum, "Lorem ipsum dolor sit amet..", comes from a line in section 1.10.32.</p><p>The standard chunk of Lorem Ipsum used since the 1500s is reproduced below for those interested. Sections 1.10.32 and 1.10.33 from "de Finibus Bonorum et Malorum" by Cicero are also reproduced in their exact original form, accompanied by English versions from the 1914 translation by H. Rackham.Where does it come from?</p><p>Contrary to popular belief, Lorem Ipsum is not simply random text. It has roots in a piece of classical Latin literature from 45 BC, making it over 2000 years old. Richard McClintock, a Latin professor at Hampden-Sydney College in Virginia, looked up one of the more obscure Latin words, consectetur, from a Lorem Ipsum passage, and going through the cites of the word in classical literature, discovered the undoubtable source. Lorem Ipsum comes from sections 1.10.32 and 1.10.33 of "de Finibus Bonorum et Malorum" (The Extremes of Good and Evil) by Cicero, written in 45 BC. This book is a treatise on the theory of ethics, very popular during the Renaissance. The first line of Lorem Ipsum, "Lorem ipsum dolor sit amet..", comes from a line in section 1.10.32.</p><p>The standard chunk of Lorem Ipsum used since the 1500s is reproduced below for those interested. Sections 1.10.32 and 1.10.33 from "de Finibus Bonorum et Malorum" by Cicero are also reproduced in their exact original form, accompanied by English versions from the 1914 translation by H. Rackham.Where does it come from?</p><p>Contrary to popular belief, Lorem Ipsum is not simply random text. It has roots in a piece of classical Latin literature from 45 BC, making it over 2000 years old. Richard McClintock, a Latin professor at Hampden-Sydney College in Virginia, looked up one of the more obscure Latin words, consectetur, from a Lorem Ipsum passage, and going through the cites of the word in classical literature, discovered the undoubtable source. Lorem Ipsum comes from sections 1.10.32 and 1.10.33 of "de Finibus Bonorum et Malorum" (The Extremes of Good and Evil) by Cicero, written in 45 BC. This book is a treatise on the theory of ethics, very popular during the Renaissance. The first line of Lorem Ipsum, "Lorem ipsum dolor sit amet..", comes from a line in section 1.10.32.</p><p>The standard chunk of Lorem Ipsum used since the 1500s is reproduced below for those interested. Sections 1.10.32 and 1.10.33 from "de Finibus Bonorum et Malorum" by Cicero are also reproduced in their exact original form, accompanied by English versions from the 1914 translation by H. Rackham.adas</p>	1	2024-12-17 19:09:41	2024-12-17 19:25:53
4	asdasdas	<p>asdada</p>	1	2024-12-17 19:37:42	2024-12-17 19:37:42
5	Question 1, Lorem Ipsum is simply dummy text of the printing and typesetting industry ?	<p>Lorem Ipsum is simply dummy text of the printing and typesetting industry</p>	1	2024-12-11 10:52:14	2024-12-11 10:52:14
6	Question 1, Lorem Ipsum is simply dummy text of the printing and typesetting industry ?	<p>Lorem Ipsum is simply dummy text of the printing and typesetting industry</p>	1	2024-12-11 10:52:14	2024-12-11 10:52:14
7	Question 1, Lorem Ipsum is simply dummy text of the printing and typesetting industry ?	<p>Lorem Ipsum is simply dummy text of the printing and typesetting industry</p>	1	2024-12-11 10:52:14	2024-12-11 10:52:14
8	Question 1, Lorem Ipsum is simply dummy text of the printing and typesetting industry ?	<p>Lorem Ipsum is simply dummy text of the printing and typesetting industry</p>	1	2024-12-11 10:52:14	2024-12-11 10:52:14
9	Question 1, Lorem Ipsum is simply dummy text of the printing and typesetting industry ?	<p>Lorem Ipsum is simply dummy text of the printing and typesetting industry</p>	1	2024-12-11 10:52:14	2024-12-11 10:52:14
10	Question 1, Lorem Ipsum is simply dummy text of the printing and typesetting industry ?	<p>Lorem Ipsum is simply dummy text of the printing and typesetting industry</p>	1	2024-12-11 10:52:14	2024-12-11 10:52:14
11	Question 1, Lorem Ipsum is simply dummy text of the printing and typesetting industry ?	<p>Lorem Ipsum is simply dummy text of the printing and typesetting industry</p>	1	2024-12-11 10:52:14	2024-12-11 10:52:14
12	Question 1, Lorem Ipsum is simply dummy text of the printing and typesetting industry ?	<p>Lorem Ipsum is simply dummy text of the printing and typesetting industry</p>	1	2024-12-11 10:52:14	2024-12-11 10:52:14
13	Question 1, Lorem Ipsum is simply dummy text of the printing and typesetting industry ?	<p>Lorem Ipsum is simply dummy text of the printing and typesetting industry</p>	1	2024-12-11 10:52:14	2024-12-11 10:52:14
14	Question 1, Lorem Ipsum is simply dummy text of the printing and typesetting industry ?	<p>Lorem Ipsum is simply dummy text of the printing and typesetting industry</p>	1	2024-12-11 10:52:14	2024-12-11 10:52:14
15	Question 1, Lorem Ipsum is simply dummy text of the printing and typesetting industry ?	<p>Lorem Ipsum is simply dummy text of the printing and typesetting industry</p>	1	2024-12-11 10:52:14	2024-12-11 10:52:14
16	Question 1, Lorem Ipsum is simply dummy text of the printing and typesetting industry ?	<p>Lorem Ipsum is simply dummy text of the printing and typesetting industry</p>	1	2024-12-11 10:52:14	2024-12-11 10:52:14
17	Question 1, Lorem Ipsum is simply dummy text of the printing and typesetting industry ?	<p>Lorem Ipsum is simply dummy text of the printing and typesetting industry</p>	1	2024-12-11 10:52:14	2024-12-11 10:52:14
18	Question 1, Lorem Ipsum is simply dummy text of the printing and typesetting industry ?	<p>Lorem Ipsum is simply dummy text of the printing and typesetting industry</p>	1	2024-12-11 10:52:14	2024-12-11 10:52:14
\.


--
-- Data for Name: field_conditions; Type: TABLE DATA; Schema: public; Owner: postgres
--

COPY public.field_conditions (id, category_id, attribute_id, operator, value, field_id, created_at, updated_at, target_field_id, source_field_id) FROM stdin;
16	14	8	equals	14	11	2025-04-22 12:08:47	2025-04-22 12:08:47	81	40
17	14	8	equals	15	12	2025-04-22 12:08:47	2025-04-22 12:08:47	82	40
\.


--
-- Data for Name: genetic_disease_variants; Type: TABLE DATA; Schema: public; Owner: postgres
--

COPY public.genetic_disease_variants (id, genetic_disease_id, name, name_ar, created_at, updated_at, deleted_at) FROM stdin;
1	1	Alpha Thalassemia	الثلاسيميا الألفا	2025-05-29 11:55:58	2025-05-29 11:55:58	\N
2	1	Beta Thalassemia	الثلاسيميا البيتا	2025-05-29 11:55:58	2025-05-29 11:55:58	\N
3	1	Hemoglobin	أشكال الهيموغلوبين المرتبطة بالثلاسيميا	2025-05-29 11:55:58	2025-05-29 11:55:58	\N
4	2	Class I	الطفرات من الفئة الأولى	2025-05-29 11:57:40	2025-05-29 11:57:40	\N
5	2	Class II	الطفرات من الفئة الثانية	2025-05-29 11:57:40	2025-05-29 11:57:40	\N
6	4	NF1 (Type 1)	الورم الليفي العصبي من النوع الأول	2025-05-29 11:59:14	2025-05-29 11:59:14	\N
7	4	NF2 (Type 2)	الورم الليفي العصبي من النوع الثاني	2025-05-29 11:59:14	2025-05-29 11:59:14	\N
8	4	Schwannomatosis (SWN)	شفانوماتوزيس	2025-05-29 11:59:14	2025-05-29 11:59:14	\N
9	6	Autosomal Dominant PKD (ADPKD)	مرض الكلى المتعدد الكيسات السائد وراثيًا	2025-05-29 12:00:28	2025-05-29 12:00:28	\N
10	6	Autosomal Recessive PKD (ARPKD)	مرض الكلى المتعدد الكيسات المتنحي وراثيًا	2025-05-29 12:00:28	2025-05-29 12:00:28	\N
11	1	Sickle Cell Trait	حالة الخلية المنجلية	2025-07-17 06:37:02	2025-07-17 06:37:02	\N
\.


--
-- Data for Name: genetic_diseases; Type: TABLE DATA; Schema: public; Owner: postgres
--

COPY public.genetic_diseases (id, name, name_ar, status, deleted_at, created_at, updated_at) FROM stdin;
1	Thalassemia	الثلاسيميا	1	\N	2025-05-03 09:54:53	2025-05-03 09:54:53
2	Cystic Fibrosis	التليف الكيسي	1	\N	2025-05-03 09:55:19	2025-05-03 09:55:19
3	Down Syndrome	متلازمة داون	1	\N	2025-05-03 09:55:45	2025-05-03 09:55:45
4	Neurofibromatosis	الورم الليفي العصبي	1	\N	2025-05-03 09:56:14	2025-05-03 09:56:14
5	Spinal Muscular Atrophy (SMA)	ضمور العضلات الشوكي	1	\N	2025-05-03 09:57:16	2025-05-03 09:57:16
6	Polycystic Kidney Disease (PKD)	مرض الكلى المتعددة الكيسات	1	\N	2025-05-03 09:59:13	2025-05-03 09:59:13
\.


--
-- Data for Name: home_element_ads; Type: TABLE DATA; Schema: public; Owner: postgres
--

COPY public.home_element_ads (id, ad_id, element_id, created_at, updated_at) FROM stdin;
1	4	3	\N	\N
2	4	4	\N	\N
3	4	10	\N	\N
4	1	14	\N	\N
5	187	15	\N	\N
6	186	16	\N	\N
7	185	17	\N	\N
8	184	17	\N	\N
9	8	5	\N	\N
10	54	5	\N	\N
11	10	5	\N	\N
\.


--
-- Data for Name: home_elements; Type: TABLE DATA; Schema: public; Owner: postgres
--

COPY public.home_elements (id, name, name_ar, type, item_id, sort_order, created_at, updated_at) FROM stdin;
1	Badge For Verification	شارة للتحقق	badge	1	0	2025-03-26 19:16:15	2025-04-24 12:50:29
8	Top Banner	Top Banner	banner	2	2	2025-04-08 06:35:56	2025-04-24 12:50:29
15	Top Featured Ad	إعلان مميز في الأعلى	section	1	3	2025-04-24 12:47:20	2025-04-24 12:50:29
16	Popular Cars	السيارات الشائعة	section	1	4	2025-04-24 12:48:12	2025-04-24 12:50:29
17	Top Ads	أهم الإعلانات	category	5	5	2025-04-24 12:50:08	2025-04-24 12:50:29
9	Bottom Banner	Bottom Banner	banner	1	6	2025-04-08 06:42:07	2025-04-24 12:50:29
5	Keep Looking For	Keep Looking For	category	10	1	2025-04-08 06:20:13	2025-04-24 12:51:09
\.


--
-- Data for Name: home_logos; Type: TABLE DATA; Schema: public; Owner: postgres
--

COPY public.home_logos (id, name, status, image, created_at, updated_at, slug, name_ar) FROM stdin;
9	Weight	t	6842cd7ee39e3_1749208446.png	2025-03-11 17:18:40	2025-06-06 11:14:07	weight_count	وزن
8	Marital Status	t	6842cd456afa4_1749208389.png	2025-03-11 17:18:40	2025-06-06 11:13:09	marital_status_count	الحالة الاجتماعية
7	Smoke	t	68442ea5a8d4c_1749298853.jpg	2025-06-03 13:06:53	2025-06-07 12:20:53	smoke_count	تدخين
6	Dress Code	t	6844309046d24_1749299344.jpg	2025-06-03 13:06:27	2025-06-07 12:29:04	dress_code_count	قواعد اللباس
5	Sect	t	683efcc4c47ef_1748958404.png	2025-06-03 13:06:04	2025-06-03 14:00:52	sect_count	طائفة
4	Height	t	683efcd269e61_1748958418.png	2025-06-03 13:05:45	2025-06-03 14:01:05	height_count	ارتفاع
3	Profession	t	683efd0d93bca_1748958477.png	2025-06-03 13:05:22	2025-06-03 14:01:20	profession_count	مهنة
2	Religion	t	683efcfd4b3a0_1748958461.png	2025-06-03 13:04:58	2025-06-03 14:01:37	religion_count	دِين
1	Educations	t	683efd2427ab6_1748958500.png	2025-06-03 13:04:29	2025-07-13 15:06:22	education_count	تعليم
\.


--
-- Data for Name: insights; Type: TABLE DATA; Schema: public; Owner: postgres
--

COPY public.insights (id, name, title, content, image, status, created_at, updated_at) FROM stdin;
1	Evan Thomas	Workplace problems in your business?	Banter! Could “workplace banter” cause problems in your business? The short answer? Yes	1735688410677480dace1da.jpg	t	2024-12-31 23:40:10	2024-12-31 23:40:23
\.


--
-- Data for Name: job_batches; Type: TABLE DATA; Schema: public; Owner: postgres
--

COPY public.job_batches (id, name, total_jobs, pending_jobs, failed_jobs, failed_job_ids, options, cancelled_at, created_at, finished_at) FROM stdin;
\.


--
-- Data for Name: jobs; Type: TABLE DATA; Schema: public; Owner: postgres
--

COPY public.jobs (id, queue, payload, attempts, reserved_at, available_at, created_at) FROM stdin;
\.


--
-- Data for Name: known_languages; Type: TABLE DATA; Schema: public; Owner: postgres
--

COPY public.known_languages (id, user_id, language_id, created_at, updated_at) FROM stdin;
2	50	4	\N	\N
4	157	2	\N	\N
7	171	2	\N	\N
8	173	2	\N	\N
9	173	5	\N	\N
10	173	4	\N	\N
11	174	2	\N	\N
12	174	4	\N	\N
14	174	5	\N	\N
15	176	2	\N	\N
16	177	2	\N	\N
17	177	4	\N	\N
18	177	6	\N	\N
19	179	3	\N	\N
20	179	5	\N	\N
21	176	3	\N	\N
22	176	4	\N	\N
23	176	5	\N	\N
24	176	6	\N	\N
25	176	7	\N	\N
26	176	8	\N	\N
27	181	2	\N	\N
28	181	3	\N	\N
29	181	4	\N	\N
30	181	5	\N	\N
31	50	2	\N	\N
32	50	3	\N	\N
33	179	2	\N	\N
34	179	4	\N	\N
35	179	6	\N	\N
36	189	2	\N	\N
37	189	3	\N	\N
38	189	4	\N	\N
39	189	6	\N	\N
40	189	5	\N	\N
41	193	2	\N	\N
42	193	3	\N	\N
43	194	4	\N	\N
44	194	3	\N	\N
45	194	5	\N	\N
46	195	2	\N	\N
47	195	3	\N	\N
48	195	5	\N	\N
49	196	2	\N	\N
50	196	3	\N	\N
51	197	2	\N	\N
52	197	3	\N	\N
53	197	4	\N	\N
54	197	5	\N	\N
55	200	2	\N	\N
56	200	3	\N	\N
57	202	2	\N	\N
58	202	3	\N	\N
59	204	2	\N	\N
60	204	3	\N	\N
61	204	4	\N	\N
62	204	5	\N	\N
63	204	6	\N	\N
64	204	8	\N	\N
65	204	7	\N	\N
66	209	2	\N	\N
67	210	2	\N	\N
68	210	3	\N	\N
69	210	4	\N	\N
70	210	5	\N	\N
71	211	2	\N	\N
72	211	3	\N	\N
74	211	5	\N	\N
78	212	3	\N	\N
79	212	2	\N	\N
80	215	3	\N	\N
81	216	3	\N	\N
82	216	2	\N	\N
83	53	1	\N	\N
84	53	4	\N	\N
85	53	7	\N	\N
86	211	4	\N	\N
87	211	6	\N	\N
88	211	7	\N	\N
89	216	4	\N	\N
90	216	5	\N	\N
91	216	6	\N	\N
92	216	7	\N	\N
93	214	2	\N	\N
94	214	3	\N	\N
95	214	4	\N	\N
96	219	2	\N	\N
97	219	3	\N	\N
98	219	4	\N	\N
99	223	3	\N	\N
100	223	8	\N	\N
101	224	2	\N	\N
102	224	3	\N	\N
103	224	4	\N	\N
104	224	5	\N	\N
105	224	6	\N	\N
106	224	7	\N	\N
108	215	5	\N	\N
109	222	2	\N	\N
110	222	3	\N	\N
111	222	4	\N	\N
112	222	8	\N	\N
113	222	7	\N	\N
114	222	5	\N	\N
115	222	6	\N	\N
116	215	6	\N	\N
117	226	2	\N	\N
118	226	3	\N	\N
119	229	2	\N	\N
120	229	3	\N	\N
121	230	2	\N	\N
122	230	3	\N	\N
123	230	4	\N	\N
124	230	5	\N	\N
125	231	3	\N	\N
126	231	2	\N	\N
127	231	4	\N	\N
128	232	2	\N	\N
129	233	2	\N	\N
130	233	3	\N	\N
131	233	4	\N	\N
132	234	5	\N	\N
133	234	2	\N	\N
134	234	3	\N	\N
135	237	3	\N	\N
136	237	2	\N	\N
137	237	4	\N	\N
138	237	5	\N	\N
139	237	8	\N	\N
140	238	2	\N	\N
141	238	3	\N	\N
142	238	6	\N	\N
143	238	4	\N	\N
144	238	5	\N	\N
145	239	2	\N	\N
146	239	3	\N	\N
147	239	4	\N	\N
149	192	4	\N	\N
151	240	2	\N	\N
152	240	3	\N	\N
153	240	4	\N	\N
154	241	2	\N	\N
155	241	3	\N	\N
156	241	4	\N	\N
157	242	2	\N	\N
158	242	3	\N	\N
159	243	3	\N	\N
160	243	2	\N	\N
161	243	6	\N	\N
162	244	3	\N	\N
163	246	2	\N	\N
164	246	3	\N	\N
165	245	3	\N	\N
166	245	2	\N	\N
167	247	3	\N	\N
168	247	2	\N	\N
169	247	8	\N	\N
170	248	8	\N	\N
171	248	3	\N	\N
172	249	2	\N	\N
173	249	3	\N	\N
174	249	5	\N	\N
175	249	6	\N	\N
176	249	4	\N	\N
177	250	2	\N	\N
178	252	2	\N	\N
179	253	2	\N	\N
180	253	3	\N	\N
181	253	4	\N	\N
182	254	2	\N	\N
183	254	3	\N	\N
184	254	4	\N	\N
185	262	2	\N	\N
186	262	3	\N	\N
187	262	4	\N	\N
188	263	2	\N	\N
189	263	3	\N	\N
190	264	4	\N	\N
191	264	3	\N	\N
192	264	2	\N	\N
193	267	2	\N	\N
194	267	3	\N	\N
195	268	2	\N	\N
196	268	3	\N	\N
197	270	2	\N	\N
198	270	3	\N	\N
199	272	2	\N	\N
200	272	3	\N	\N
201	273	3	\N	\N
202	273	8	\N	\N
203	274	3	\N	\N
204	274	8	\N	\N
205	276	2	\N	\N
206	276	3	\N	\N
207	277	2	\N	\N
208	280	3	\N	\N
209	280	2	\N	\N
213	283	3	\N	\N
214	286	2	\N	\N
215	288	3	\N	\N
216	279	3	\N	\N
217	284	2	\N	\N
218	284	3	\N	\N
219	290	2	\N	\N
220	291	2	\N	\N
221	294	3	\N	\N
222	299	2	\N	\N
223	299	3	\N	\N
224	310	2	\N	\N
225	310	3	\N	\N
226	311	2	\N	\N
227	311	3	\N	\N
228	312	2	\N	\N
229	313	2	\N	\N
230	313	3	\N	\N
231	315	2	\N	\N
232	315	3	\N	\N
233	316	2	\N	\N
234	316	3	\N	\N
235	316	9	\N	\N
236	317	2	\N	\N
237	320	2	\N	\N
238	320	3	\N	\N
239	321	2	\N	\N
240	318	2	\N	\N
242	323	2	\N	\N
243	325	3	\N	\N
247	326	2	\N	\N
248	303	3	\N	\N
249	326	3	\N	\N
250	330	2	\N	\N
254	331	3	\N	\N
255	332	2	\N	\N
256	332	3	\N	\N
257	333	3	\N	\N
258	333	4	\N	\N
259	334	2	\N	\N
260	334	3	\N	\N
261	336	2	\N	\N
262	336	4	\N	\N
263	337	3	\N	\N
264	339	2	\N	\N
265	339	3	\N	\N
266	341	2	\N	\N
267	341	3	\N	\N
268	343	2	\N	\N
269	343	3	\N	\N
270	340	2	\N	\N
271	344	3	\N	\N
272	344	2	\N	\N
\.


--
-- Data for Name: languages; Type: TABLE DATA; Schema: public; Owner: postgres
--

COPY public.languages (id, name, name_ar, code, status, created_at, updated_at, deleted_at) FROM stdin;
1	Malachi Faulkner	Alisa Lun	rn	1	2025-05-03 05:54:18	2025-05-03 05:54:51	2025-05-03 05:54:51
2	Arabic	العربية	ar	1	2025-05-05 06:21:05	2025-05-05 06:21:05	\N
3	English	الإنجليزية	en	1	2025-05-05 06:21:31	2025-05-05 06:21:31	\N
4	French	الفرنسية	fr	1	2025-05-05 06:21:53	2025-05-05 06:21:53	\N
5	Spanish	الإسبانية	es	1	2025-05-05 06:22:24	2025-08-17 13:37:32	2025-08-17 13:37:32
9	Others	أخرى	other	1	2025-08-17 13:40:28	2025-08-17 13:40:28	\N
6	German	الألمانية	de	1	2025-05-05 06:22:44	2025-08-18 11:19:46	2025-08-18 11:19:46
7	Chinese	الصينية	zh	1	2025-05-05 06:23:12	2025-08-18 11:19:53	2025-08-18 11:19:53
8	Urdu	الأردية	ur	1	2025-05-05 06:23:39	2025-08-18 11:20:00	2025-08-18 11:20:00
\.


--
-- Data for Name: looking_ads; Type: TABLE DATA; Schema: public; Owner: postgres
--

COPY public.looking_ads (id, ad_id, category_id, created_at, updated_at) FROM stdin;
1	4	5	2025-03-27 04:31:48	2025-03-27 04:31:48
\.


--
-- Data for Name: main_notifications; Type: TABLE DATA; Schema: public; Owner: postgres
--

COPY public.main_notifications (id, title, content, generated_by, image, created_at, updated_at, title_ar, content_ar) FROM stdin;
1	This is Test	Not every thing free	1	6846e683190ca_1749476995.png	2025-06-09 13:49:55	2025-06-09 13:49:55	\N	\N
2	test	test	1	6846ebacc9a87_1749478316.png	2025-06-09 14:11:57	2025-06-09 14:11:57	\N	\N
3	Hi	Hi	1	684943ba4aaf7_1749631930.jpg	2025-06-11 08:52:10	2025-06-11 08:52:10	\N	\N
4	Hi	Hi	1	6849441b0d2f7_1749632027.jpg	2025-06-11 08:53:47	2025-06-11 08:53:47	\N	\N
5	Buy 1 get 1 Free	Buy 1 get 1 Free	1	68494493e50cd_1749632147.png	2025-06-11 08:55:48	2025-06-11 08:55:48	\N	\N
6	teste	teste	1	6849458ecfef4_1749632398.png	2025-06-11 08:59:59	2025-06-11 08:59:59	\N	\N
7	welcome to luquia	Our app is not intended for users under the age of 18. We do not knowingly collect data from children.	1	6871f7c17af24_1752299457.png	2025-07-12 05:50:57	2025-07-12 05:50:57	\N	\N
8	Membership 50off	Membership 50off on premium users resubscription	1	68723d8594f3d_1752317317.png	2025-07-12 10:48:37	2025-07-12 10:48:37	\N	\N
9	free Standard membership	free Standard membership today only. Join us and search your matches	1	687242313773b_1752318513.jpg	2025-07-12 11:08:33	2025-07-12 11:08:33	\N	\N
10	50off on subscription	50off on subscription. beome a premium member	1	6873702ac9f74_1752395818.png	2025-07-13 08:36:58	2025-07-13 08:36:58	\N	\N
11	50 off on premium subscription	50 off on premium subscription. become a member today	1	6873708d5003a_1752395917.png	2025-07-13 08:38:37	2025-07-13 08:38:37	\N	\N
12	first user 40off	first user 40off	1	687370ce5cb3b_1752395982.jpg	2025-07-13 08:39:42	2025-07-13 08:39:42	\N	\N
13	new test	new test	1	68738b6b751e1_1752402795.png	2025-07-13 10:33:15	2025-07-13 10:33:15	\N	\N
14	hi	hi	1	68738be23f36a_1752402914.png	2025-07-13 10:35:14	2025-07-13 10:35:14	\N	\N
15	Hamid	asfadsfd	1	6873addb38a33_1752411611.png	2025-07-13 13:00:11	2025-07-13 13:00:11	\N	\N
16	dsfsdf	dsfsd	1	6873ae1b6397a_1752411675.png	2025-07-13 13:01:15	2025-07-13 13:01:15	\N	\N
17	jjdsfsd	dsfksdk	1	6873ae4641794_1752411718.png	2025-07-13 13:01:58	2025-07-13 13:01:58	\N	\N
18	hhhhhhhh	jkkkk	1	6873b29e882a4_1752412830.png	2025-07-13 13:20:30	2025-07-13 13:20:30	\N	\N
19	hhhhhhjj	jjjjjj	1	6873b5e728860_1752413671.png	2025-07-13 13:34:31	2025-07-13 13:34:31	\N	\N
20	50off on premium subscription	50off on premium subscription	1	687894012e655_1752732673.png	2025-07-17 06:11:13	2025-07-17 06:11:13	\N	\N
21	dsadsa	sddsa	1	689dee0e89143_1755180558.jpeg	2025-08-14 14:09:18	2025-08-14 14:09:18	\N	\N
22	hi	hi	1	689dee5adf7c9_1755180634.png	2025-08-14 14:10:35	2025-08-14 14:10:35	\N	\N
23	test notifications	إشعارات الاختبار	1	695fa7ebc947a_1767876587.png	2026-01-08 12:49:47	2026-01-08 12:49:47	إشعارات الاختبار	test notifications
\.


--
-- Data for Name: marital_statuses; Type: TABLE DATA; Schema: public; Owner: postgres
--

COPY public.marital_statuses (id, name, name_ar, status, deleted_at, created_at, updated_at, show_wife_children_option, gender) FROM stdin;
5	Engaged	مخطوب / مخطوبة	1	2025-05-29 07:32:13	2025-05-03 10:17:17	2025-05-29 07:32:13	f	\N
7	In a Relationship	في علاقة	0	2025-08-18 11:42:24	2025-05-03 10:17:53	2025-08-18 11:42:24	f	\N
6	Separated	منفصل / منفصلة	1	2025-08-18 11:45:23	2025-05-03 10:17:33	2025-08-18 11:45:23	f	Male
8	Single	أعزب	1	\N	2025-06-04 07:45:12	2025-08-18 11:46:04	f	Male
2	Single	عزباء	1	\N	2025-05-03 10:16:16	2025-08-18 11:46:20	f	Female
4	Widowed	أرملة	1	\N	2025-05-03 10:17:01	2025-08-18 11:48:15	t	Female
3	Divorced	مطلق	1	\N	2025-05-03 10:16:45	2025-08-18 11:49:04	t	Male
9	Divorced	مطلقة	1	\N	2025-08-18 11:50:22	2025-08-18 11:50:22	t	Female
10	Widowed	أرمل	1	\N	2025-08-18 11:51:18	2025-08-18 11:51:38	t	Male
1	Married	متزوج	1	2026-01-08 06:21:04	2025-05-03 09:47:14	2026-01-08 06:21:04	t	Male
\.


--
-- Data for Name: migrations; Type: TABLE DATA; Schema: public; Owner: postgres
--

COPY public.migrations (id, migration, batch) FROM stdin;
1	0001_01_01_000000_create_users_table	1
2	0001_01_01_000001_create_cache_table	1
3	0001_01_01_000002_create_jobs_table	1
4	2024_12_04_121725_create_companies_table	1
5	2024_12_04_174007_create_permission_tables	1
11	2024_12_05_164934_create_packages_table	2
12	2024_12_05_164957_create_packages_addons_table	2
19	2024_12_05_231725_create_challenges_table	3
20	2024_12_05_232702_create_challenges_companies_table	3
21	2024_12_05_191748_add_fields_to_users_table	4
22	2024_12_10_063233_remove_columns_from_companies_table	5
25	2024_12_10_155646_add_country_id_and_status_to_cities_table	8
26	2024_12_10_165027_create_target_types_table	9
27	2024_12_10_173815_create_event_types_table	10
28	2024_12_10_182826_create_pages_table	11
29	2024_12_10_094132_add_soft_deletes_to_users_table	12
30	2024_12_10_131649_add_soft_deletes_to_challenges_table	12
31	2024_12_11_102429_create_faqs_table	13
32	2024_12_11_104518_create_faqs_table	14
33	2024_12_11_190634_create_events_table	15
34	2024_12_12_171650_add_role_id_to_users_table	16
35	2024_12_16_031035_create_target_types_company_table	17
38	2024_12_22_025151_create_site_settings_table	20
39	2024_12_22_202921_create_sliders_table	21
40	2024_12_22_202959_create_slider_buttons_table	22
41	2024_12_22_204258_create_sliders_table	23
42	2024_12_22_204302_create_slider_buttons_table	23
43	2024_12_24_110324_create_services_table	24
44	2024_12_24_110552_create_service_details_table	25
45	2024_12_24_110641_create_service_faqs_table	26
46	2024_12_25_144910_add_images_and_prices_to_services_table	27
47	2024_12_25_175336_create_quotes_table	28
48	2024_12_25_194520_add_translation_price_to_languages_table	29
49	2024_12_25_203316_create_services_types_table	30
50	2024_12_25_204612_create_services_types_table	31
51	2024_12_26_100307_recreate_services_types_table	32
52	2024_12_26_142627_create_service_pricing_table	33
53	2024_12_26_144059_create_service_pricing_table	34
54	2024_12_26_151334_create_service_pricing_table	35
55	2024_12_26_154043_recreate_services_types_table	36
56	2024_12_26_164628_create_translation_types_table	37
57	2024_12_27_213922_create_bookings_table	38
58	2024_12_28_091000_add_delivery_type_and_status_to_bookings_table	39
59	2024_12_28_145944_create_contact_us_table	40
60	2024_12_30_093601_create_translation_types_categories_table	41
61	2024_12_30_142149_create_delivery_types_table	42
62	2024_12_30_145032_create_delivery_types_table	43
63	2024_12_30_145523_create_delivery_types_table	44
64	2024_12_30_145932_create_delivery_types_table	45
65	2024_12_31_103127_add_columns_to_translation_types_categories_table	46
66	2024_12_31_173752_add_fields_to_bookings_table	47
67	2024_12_31_201549_create_why_choose_us_table	48
68	2024_12_31_204641_create_work_process_table	49
69	2024_12_31_224105_create_home_logos_table	50
70	2024_12_31_225708_create_reviews_table	51
71	2024_12_31_232951_create_insights_table	52
72	2024_12_31_235754_create_home_page_settings_table	53
73	2025_01_01_104657_alter_add_fileds_to_cms_pages	54
74	2025_01_01_115229_alter_add_fileds_to_cms_pages	54
76	2025_01_01_203806_add_delivery_method_price_and_vat_columns_to_bookings_table	55
77	2025_01_29_095444_create_service_atributes_table	56
78	2025_01_29_101737_create_service_atributes_table	57
79	2025_01_31_013415_create_service_atributes_value_table	58
84	2025_02_01_083459_add_bigint_field_id_to_service_booking_fields	63
85	2025_02_03_080934_add_target_field_id_to_field_conditions_table	64
86	2025_02_04_091806_create_services_bookings_table	65
88	2025_02_05_161345_modify_value_nullable_in_services_booking_fields	66
89	2025_02_05_162722_add_field_label_to_services_booking_fields	67
90	2025_02_05_163749_add_booking_id_to_services_bookings	68
91	2025_02_08_110950_add_billing_details_to_services_bookings	69
92	2025_02_08_145535_add_total_to_services_bookings_table	70
93	2025_02_11_144933_add_price_to_service_atributes_values	71
94	2025_02_11_153928_add_status_to_services_booking_table	72
98	2025_03_17_104054_create_categories_table	76
99	2025_01_29_101737_create_category_atributes_table	77
100	2025_01_31_013415_create_category_atributes_value_table	78
101	2025_01_31_031313_create_category_fields_table	79
102	2025_01_31_172442_create_field_conditions_table	80
105	2024_12_05_130018_create_cities_table	81
106	2025_03_19_110943_create_ads_table	82
107	2025_02_04_091921_create_ad_fields_table	83
110	2025_03_19_161754_create_ad_plans_table	86
111	2025_03_20_105759_create_promo_codes_table	87
112	2025_03_19_161432_create_pricing_plans_table	88
113	2025_03_19_161456_create_plan_durations_table	89
114	2024_12_05_125935_create_countries_table	90
115	2024_12_10_113225_add_status_to_countries_table	91
116	2024_12_16_143622_add_dial_code_to_countries_table	92
117	2025_03_22_123445_add_fields_in_users_table	93
118	2025_03_24_054249_create_nationalities_table	94
119	2025_03_24_074100_add_icon_field_in_parent_categories_table	95
120	2025_03_24_083100_alter_field_in_pages_table	96
121	2025_03_24_104842_add_field_in_cities_table	97
122	2025_03_24_105241_add_field_in_countries_table	98
123	2025_03_24_130954_add_field_in_parent_categories_table	99
125	2025_03_25_090550_create_popular_ads_tables	101
132	2025_03_25_090629_create_banners_table	102
133	2025_03_25_142837_create_sliders_table	103
134	2025_03_25_144456_create_slider_items_table	104
135	2025_03_26_121739_create_looking_ads_table	105
136	2025_03_26_183358_create_home_elements_table	106
137	2025_03_27_150718_add_field_in_banners_table	107
138	2025_03_27_161216_create_home_element_ads_table	108
139	2025_03_28_153919_create_verification_requests_table	109
140	2025_03_28_154516_add_field_in_users_table	110
141	2025_04_08_164528_add_fields_in_ads_table	111
142	2025_04_09_170822_drop_column_from_banners_table	112
143	2025_04_09_171259_drop_column_from_sliders_table	113
144	2025_04_10_083428_add_fields_in_category_fields_table	114
146	2025_04_03_115644_add_fields_in_users_table	116
147	2025_03_29_102925_create_personal_access_tokens_table	117
148	2025_04_10_101059_add_fields_in_categories_table	118
149	2025_04_11_073400_add_fields_in_category_fields_table	119
150	2025_04_11_100851_add_field_in_ad_fields_table	120
151	2025_04_11_122326_add_field_in_category_fields_table	121
152	2025_04_12_042242_add_field_in_ads_table	122
153	2025_04_12_065352_create_ad_images_table	123
154	2025_04_14_135759_alter_fields_in_ads_table	124
155	2025_04_16_062850_create_payment_reports_table	125
156	2025_04_16_064647_add_fields_in_categories_table	126
157	2025_04_16_080645_create_motor_makes_table	127
158	2025_04_16_080708_create_motor_models_table	128
161	2025_04_18_175643_add_fields_in_ad_plans_table	131
162	2025_04_18_180259_add_fields_in_ads_table	132
163	2025_04_07_132259_add_field_in_promo_codes_table	133
164	2025_04_21_050509_add_field_in_pages_table	134
165	2025_04_21_065453_create_property_amenities_table	135
166	2025_04_22_120430_add_field_in_field_conditions_table	136
167	2025_04_22_200519_create_support_tickets_table	137
168	2025_04_22_210622_create_ad_requests_table	138
170	2025_04_23_173947_create_ad_reports_table	140
171	2024_12_05_125953_create_emirates_table	141
172	2024_12_21_090718_create_languages_table	142
173	2025_05_02_155946_create_sects_table	143
174	2025_05_02_160003_create_educations_table	144
175	2025_05_02_160018_create_professions_table	145
176	2025_05_02_160043_create_marital_statuses_table	146
178	2025_05_02_160115_create_genetic_diseases_table	148
179	2025_05_02_160138_create_activities_table	149
180	2025_05_02_160147_create_sports_table	150
181	2025_05_02_160056_create_dress_codes_table	151
182	2025_05_03_095556_update_users_table	152
183	2025_05_03_130445_create_user_details_table	153
184	2025_05_03_131539_create_known_languages_table	154
185	2025_05_03_131559_create_user_children_table	155
186	2025_05_03_131608_create_user_activites_table	156
187	2025_05_03_131628_create_user_sports_table	157
188	2025_05_03_132300_create_user_prefrences_table	158
189	2025_05_03_145345_create_user_plans_table	159
190	2025_05_03_172034_add_field_in_sports_table	160
191	2025_05_03_172115_add_field_in_activities_table	161
192	2025_05_12_094852_create_user_requests_table	162
193	2025_05_14_111123_add_field_in_user_plans_table	163
194	2025_05_14_115002_create_user_matches_table	164
195	2025_05_15_142001_create_user_images_table	165
196	2025_04_22_053954_create_notifications_table	166
197	2025_04_18_172441_add_fields_in_payment_reports_table	167
198	2025_03_29_162634_create_temp_users_table	168
199	2025_05_20_192726_add_field_in_users_table	169
200	2025_05_21_083546_add_field_in_user_plans_table	170
201	2025_04_18_134113_create_temp_orders_table	171
202	2025_05_21_072633_create_user_notification_settin_table	172
203	2025_05_21_094140_add_multiple_column_to_users_table	173
204	2025_05_21_110412_add_fields_in_user_preferences_table	174
205	2025_05_21_142704_add_multiple_columns_to_user_preferences_table	175
206	2025_05_22_090533_add_show_wife_child_option_to_marital_status_table	176
207	2025_05_22_124226_create_user_connection_table	177
208	2025_05_23_141025_add_field_in_nationalities_table	178
209	2025_05_24_055343_add_field_in_pricing_plans_table	179
210	2025_05_24_060638_add_field_in_user_plans_table	180
211	2025_03_25_090533_create_badges_tables	181
212	2025_05_26_150630_add_field_in_users_table	182
213	2025_05_27_073319_create_user_diseases_table	183
214	2025_05_27_082106_create_parent_approval_table	184
215	2025_05_27_095931_add_fields_in_temp_users_table	185
216	2025_05_27_154857_create_user_dress_codes_table	186
217	2025_05_27_155118_create_user_marital_statuses_table	187
218	2025_05_28_064117_add_field_in_users_table	188
219	2025_05_28_064126_add_field_in_user_preferences_table	189
220	2025_05_28_073152_alter_fields_in_parent_approvals_table	190
221	2025_05_28_074831_add_fields_in_users_table	191
222	2025_05_28_100826_add_field_in_users_table	192
223	2025_05_16_022948_create_user_connections_table	193
225	2025_05_26_151814_create_user_blocks_table	195
226	2025_05_26_151851_create_user_reports_table	196
227	2025_05_29_072530_create_genetic_disease_variants_table	197
228	2025_05_29_103626_add_field_in_user_diseases_table	198
229	2025_05_27_105607_add_hide_image_to_request_list	199
230	2025_04_23_172549_create_ad_report_types_table	200
231	2025_05_30_140702_add_gender_field_in_marital_statuses_table	201
232	2025_05_30_101244_add_reason_id_coulmn_to_user_reports_table	202
233	2025_06_03_140943_add_field_in_home_logos_table	203
234	2025_06_04_082101_create_user_disease_variants_table	204
235	2025_06_04_145946_create_user_sects_table	205
236	2025_06_04_145954_create_user_educations_table	206
237	2025_06_04_150007_create_user_professions_table	207
238	2025_06_06_074918_add_make_colum_integer	208
239	2025_06_09_133126_add_field_in_notifications_table	209
240	2025_06_09_133253_create_main_notifications_table	210
241	2024_12_10_144153_add_status_to_emirates_table	211
242	2025_07_13_170152_alter_add_name_ar_to_home_logos	212
243	2025_03_20_090616_create_parent_categories_table	213
244	2025_04_22_051521_add_field_in_users_table	213
245	2025_07_17_180457_add_external_customer_id_to_users_table	214
246	2025_07_17_180558_add_external_customer_id_to_temp_users_table	215
247	2025_09_19_160147_create_employments_table	216
248	2025_09_17_180558_add_extra_columns_to_users_table	217
249	2025_09_17_180558_add_extra_columns_to_temp_users_table	218
250	2025_05_26_135312_add_is_reported_column_to_user_connections_table	219
251	2025_11_11_034731_alter_add_gardien_fileds_to_temp_users_and_users	219
252	2025_11_11_045925_alter_add_is_first_push_sent_to_users	219
253	2025_11_11_061619_alter_add_fields_to_parent_approvals	220
254	2025_11_11_000000_create_chat_categories_table	221
255	2025_11_11_000001_create_questions_table	221
256	2025_11_11_000002_create_answers_table	221
257	2025_11_11_072116_alter_add_max_request_count_to_pricing_plans	221
258	2025_11_11_113442_alter_add_active_request_count_to_users	222
259	2025_11_11_114531_alter_add_request_count_to_user_plans	222
262	2024_11_14_000001_create_chats_table	223
263	2024_11_14_000002_create_chat_messages_table	223
264	2025_11_14_075537_alter_change_fileds_to_chats	224
265	2025_11_17_061446_alter_add_skin_color_to_users	225
266	2025_12_26_091136_create_chronic_diseases_table	226
267	2025_12_26_095130_create_chronic_disease_variants_table	226
268	2025_12_26_101032_create_user_chronic_diseases_table	226
269	2025_12_26_101113_create_user_chronic_disease_variants_table	226
270	2025_12_26_120410_alter_add_city_emirate_id_to_user_preferences	227
271	2025_12_29_093842_alter_add_chronic_disease_to_user_details	228
272	2026_01_08_101809_add_arabic_fields_to_notifications_tables	229
\.


--
-- Data for Name: model_has_permissions; Type: TABLE DATA; Schema: public; Owner: postgres
--

COPY public.model_has_permissions (permission_id, model_type, model_id) FROM stdin;
\.


--
-- Data for Name: model_has_roles; Type: TABLE DATA; Schema: public; Owner: postgres
--

COPY public.model_has_roles (role_id, model_type, model_id) FROM stdin;
1	App\\Models\\User	1
2	App\\Models\\User	2
2	App\\Models\\User	3
2	App\\Models\\User	4
2	App\\Models\\User	5
2	App\\Models\\User	6
2	App\\Models\\User	13
2	App\\Models\\User	16
2	App\\Models\\User	23
2	App\\Models\\User	32
2	App\\Models\\User	34
2	App\\Models\\User	35
2	App\\Models\\User	36
2	App\\Models\\User	44
2	App\\Models\\User	47
2	App\\Models\\User	48
2	App\\Models\\User	91
2	App\\Models\\User	218
2	App\\Models\\User	49
\.


--
-- Data for Name: motor_makes; Type: TABLE DATA; Schema: public; Owner: postgres
--

COPY public.motor_makes (id, name, icon, created_at, updated_at) FROM stdin;
1	Aston Martin	\N	2025-04-16 13:35:53	2025-04-16 13:35:53
2	Audi	\N	2025-04-16 13:35:53	2025-04-16 13:35:53
3	Bentley	\N	2025-04-16 13:35:53	2025-04-16 13:35:53
4	BMW	\N	2025-04-16 13:35:53	2025-04-16 13:35:53
5	Alfa Romeo	\N	2025-04-16 13:35:53	2025-04-16 13:35:53
6	Baic	\N	2025-04-16 13:35:53	2025-04-16 13:35:53
7	Alpina	\N	2025-04-16 13:35:53	2025-04-16 13:35:53
8	Ashok	\N	2025-04-16 13:35:53	2025-04-16 13:35:53
9	Artega	\N	2025-04-16 13:35:53	2025-04-16 13:35:53
10	Cadillac	\N	2025-04-16 13:35:53	2025-04-16 13:35:53
11	Chevrolet	\N	2025-04-16 13:35:53	2025-04-16 13:35:53
12	Chery	\N	2025-04-16 13:35:53	2025-04-16 13:35:53
13	Brilliance	\N	2025-04-16 13:35:53	2025-04-16 13:35:53
14	Buick	\N	2025-04-16 13:35:53	2025-04-16 13:35:53
15	Caterham	\N	2025-04-16 13:35:53	2025-04-16 13:35:53
16	Changan	\N	2025-04-16 13:35:53	2025-04-16 13:35:53
17	BYD	\N	2025-04-16 13:35:53	2025-04-16 13:35:53
18	Bugatti	\N	2025-04-16 13:35:53	2025-04-16 13:35:53
19	Chrysler	\N	2025-04-16 13:35:53	2025-04-16 13:35:53
20	Citroen	\N	2025-04-16 13:35:54	2025-04-16 13:35:54
21	China Automobile	\N	2025-04-16 13:35:54	2025-04-16 13:35:54
22	Dacia	\N	2025-04-16 13:35:54	2025-04-16 13:35:54
23	CMC	\N	2025-04-16 13:35:54	2025-04-16 13:35:54
24	Daihatsu	\N	2025-04-16 13:35:54	2025-04-16 13:35:54
25	Dodge	\N	2025-04-16 13:35:54	2025-04-16 13:35:54
26	Ferrari	\N	2025-04-16 13:35:54	2025-04-16 13:35:54
27	Fiat	\N	2025-04-16 13:35:54	2025-04-16 13:35:54
28	Daewoo	\N	2025-04-16 13:35:54	2025-04-16 13:35:54
29	Eicher	\N	2025-04-16 13:35:54	2025-04-16 13:35:54
30	Dongfeng	\N	2025-04-16 13:35:54	2025-04-16 13:35:54
31	Ford	\N	2025-04-16 13:35:54	2025-04-16 13:35:54
32	GMC	\N	2025-04-16 13:35:54	2025-04-16 13:35:54
33	Geely	\N	2025-04-16 13:35:54	2025-04-16 13:35:54
34	Great Wall	\N	2025-04-16 13:35:54	2025-04-16 13:35:54
35	GAC	\N	2025-04-16 13:35:54	2025-04-16 13:35:54
36	Fisker	\N	2025-04-16 13:35:54	2025-04-16 13:35:54
37	Foton	\N	2025-04-16 13:35:54	2025-04-16 13:35:54
38	Honda	\N	2025-04-16 13:35:54	2025-04-16 13:35:54
39	Hyundai	\N	2025-04-16 13:35:54	2025-04-16 13:35:54
40	Infiniti	\N	2025-04-16 13:35:54	2025-04-16 13:35:54
41	Hummer	\N	2025-04-16 13:35:54	2025-04-16 13:35:54
42	Jaguar	\N	2025-04-16 13:35:54	2025-04-16 13:35:54
43	Jeep	\N	2025-04-16 13:35:54	2025-04-16 13:35:54
44	Kia	\N	2025-04-16 13:35:54	2025-04-16 13:35:54
45	Lada	\N	2025-04-16 13:35:54	2025-04-16 13:35:54
46	Lamborghini	\N	2025-04-16 13:35:54	2025-04-16 13:35:54
47	Koenigsegg	\N	2025-04-16 13:35:54	2025-04-16 13:35:54
48	Isuzu	\N	2025-04-16 13:35:54	2025-04-16 13:35:54
49	Iveco	\N	2025-04-16 13:35:55	2025-04-16 13:35:55
50	Jinbei	\N	2025-04-16 13:35:55	2025-04-16 13:35:55
51	JAC	\N	2025-04-16 13:35:55	2025-04-16 13:35:55
52	King Long	\N	2025-04-16 13:35:55	2025-04-16 13:35:55
53	International 	\N	2025-04-16 13:35:55	2025-04-16 13:35:55
54	KTM	\N	2025-04-16 13:35:55	2025-04-16 13:35:55
55	Land Rover	\N	2025-04-16 13:35:55	2025-04-16 13:35:55
56	Lexus	\N	2025-04-16 13:35:55	2025-04-16 13:35:55
57	Lincoln	\N	2025-04-16 13:35:55	2025-04-16 13:35:55
58	Maserati	\N	2025-04-16 13:35:55	2025-04-16 13:35:55
59	Mazda	\N	2025-04-16 13:35:55	2025-04-16 13:35:55
60	Maybach	\N	2025-04-16 13:35:55	2025-04-16 13:35:55
61	Luxgen	\N	2025-04-16 13:35:55	2025-04-16 13:35:55
62	Mahindra	\N	2025-04-16 13:35:55	2025-04-16 13:35:55
63	Landwind	\N	2025-04-16 13:35:55	2025-04-16 13:35:55
64	Lancia	\N	2025-04-16 13:35:55	2025-04-16 13:35:55
65	Lotus	\N	2025-04-16 13:35:55	2025-04-16 13:35:55
66	Mercedes-Benz	\N	2025-04-16 13:35:55	2025-04-16 13:35:55
67	Mini	\N	2025-04-16 13:35:55	2025-04-16 13:35:55
68	MG	\N	2025-04-16 13:35:55	2025-04-16 13:35:55
69	Mclaren	\N	2025-04-16 13:35:55	2025-04-16 13:35:55
70	Mercury	\N	2025-04-16 13:35:55	2025-04-16 13:35:55
71	Mitsubishi	\N	2025-04-16 13:35:55	2025-04-16 13:35:55
72	Nissan	\N	2025-04-16 13:35:55	2025-04-16 13:35:55
73	Morgan	\N	2025-04-16 13:35:55	2025-04-16 13:35:55
74	Mini (BMW)	\N	2025-04-16 13:35:55	2025-04-16 13:35:55
75	Oldsmobile	\N	2025-04-16 13:35:55	2025-04-16 13:35:55
76	Noble	\N	2025-04-16 13:35:55	2025-04-16 13:35:55
77	Peugeot	\N	2025-04-16 13:35:55	2025-04-16 13:35:55
78	Porsche	\N	2025-04-16 13:35:55	2025-04-16 13:35:55
79	RAM	\N	2025-04-16 13:35:55	2025-04-16 13:35:55
80	Opel	\N	2025-04-16 13:35:55	2025-04-16 13:35:55
81	Proton	\N	2025-04-16 13:35:56	2025-04-16 13:35:56
82	Pontiac	\N	2025-04-16 13:35:56	2025-04-16 13:35:56
83	Pagani	\N	2025-04-16 13:35:56	2025-04-16 13:35:56
84	PGO	\N	2025-04-16 13:35:56	2025-04-16 13:35:56
85	Oullim	\N	2025-04-16 13:35:56	2025-04-16 13:35:56
86	Renault	\N	2025-04-16 13:35:56	2025-04-16 13:35:56
87	Rolls Royce	\N	2025-04-16 13:35:56	2025-04-16 13:35:56
88	SAAB	\N	2025-04-16 13:35:56	2025-04-16 13:35:56
89	Ssangyong	\N	2025-04-16 13:35:56	2025-04-16 13:35:56
90	Seat	\N	2025-04-16 13:35:56	2025-04-16 13:35:56
91	Subaru	\N	2025-04-16 13:35:56	2025-04-16 13:35:56
92	Spyker	\N	2025-04-16 13:35:56	2025-04-16 13:35:56
93	Skoda	\N	2025-04-16 13:35:56	2025-04-16 13:35:56
94	Smart	\N	2025-04-16 13:35:56	2025-04-16 13:35:56
95	Rover	\N	2025-04-16 13:35:56	2025-04-16 13:35:56
96	Suzuki	\N	2025-04-16 13:35:56	2025-04-16 13:35:56
97	Toyota	\N	2025-04-16 13:35:56	2025-04-16 13:35:56
98	Volkswagen	\N	2025-04-16 13:35:56	2025-04-16 13:35:56
99	TATA	\N	2025-04-16 13:35:56	2025-04-16 13:35:56
100	UAZ	\N	2025-04-16 13:35:56	2025-04-16 13:35:56
101	Volvo	\N	2025-04-16 13:35:56	2025-04-16 13:35:56
102	Wiesmann	\N	2025-04-16 13:35:56	2025-04-16 13:35:56
103	Tesla	\N	2025-04-16 13:35:56	2025-04-16 13:35:56
104	ZNA	\N	2025-04-16 13:35:56	2025-04-16 13:35:56
\.


--
-- Data for Name: motor_models; Type: TABLE DATA; Schema: public; Owner: postgres
--

COPY public.motor_models (id, make_id, name, created_at, updated_at) FROM stdin;
1	1	DB9	2025-04-16 13:35:53	2025-04-16 13:35:53
2	1	Vantage	2025-04-16 13:35:53	2025-04-16 13:35:53
3	2	A1	2025-04-16 13:35:53	2025-04-16 13:35:53
4	2	A3	2025-04-16 13:35:53	2025-04-16 13:35:53
5	2	A5	2025-04-16 13:35:53	2025-04-16 13:35:53
6	2	A6	2025-04-16 13:35:53	2025-04-16 13:35:53
7	2	A7	2025-04-16 13:35:53	2025-04-16 13:35:53
8	2	A8	2025-04-16 13:35:53	2025-04-16 13:35:53
9	2	Audi TT	2025-04-16 13:35:53	2025-04-16 13:35:53
10	2	Q3	2025-04-16 13:35:53	2025-04-16 13:35:53
11	2	Q5	2025-04-16 13:35:53	2025-04-16 13:35:53
12	2	Q7	2025-04-16 13:35:53	2025-04-16 13:35:53
13	2	R8	2025-04-16 13:35:53	2025-04-16 13:35:53
14	2	RS4	2025-04-16 13:35:53	2025-04-16 13:35:53
15	2	RS5	2025-04-16 13:35:53	2025-04-16 13:35:53
16	2	RS6	2025-04-16 13:35:53	2025-04-16 13:35:53
17	2	RS7	2025-04-16 13:35:53	2025-04-16 13:35:53
18	2	S3	2025-04-16 13:35:53	2025-04-16 13:35:53
19	2	S5	2025-04-16 13:35:53	2025-04-16 13:35:53
20	2	S6	2025-04-16 13:35:53	2025-04-16 13:35:53
21	2	S7	2025-04-16 13:35:53	2025-04-16 13:35:53
22	2	S8	2025-04-16 13:35:53	2025-04-16 13:35:53
23	3	Arnage	2025-04-16 13:35:53	2025-04-16 13:35:53
24	3	Continental	2025-04-16 13:35:53	2025-04-16 13:35:53
25	3	Continental GT	2025-04-16 13:35:53	2025-04-16 13:35:53
26	3	Continental GTC	2025-04-16 13:35:53	2025-04-16 13:35:53
27	3	Flying Spur	2025-04-16 13:35:53	2025-04-16 13:35:53
28	3	Mulsanne	2025-04-16 13:35:53	2025-04-16 13:35:53
29	4	1-Series	2025-04-16 13:35:53	2025-04-16 13:35:53
30	4	2-Series	2025-04-16 13:35:53	2025-04-16 13:35:53
31	5	146	2025-04-16 13:35:53	2025-04-16 13:35:53
32	5	147	2025-04-16 13:35:53	2025-04-16 13:35:53
33	5	156	2025-04-16 13:35:53	2025-04-16 13:35:53
34	5	166	2025-04-16 13:35:53	2025-04-16 13:35:53
35	5	33	2025-04-16 13:35:53	2025-04-16 13:35:53
36	5	4C	2025-04-16 13:35:53	2025-04-16 13:35:53
37	5	8C Competizione	2025-04-16 13:35:53	2025-04-16 13:35:53
38	5	8C Competizione Coupe	2025-04-16 13:35:53	2025-04-16 13:35:53
39	5	8C Spider	2025-04-16 13:35:53	2025-04-16 13:35:53
40	5	90	2025-04-16 13:35:53	2025-04-16 13:35:53
41	6	A1	2025-04-16 13:35:53	2025-04-16 13:35:53
42	2	A2	2025-04-16 13:35:53	2025-04-16 13:35:53
43	2	A3 E-Tron	2025-04-16 13:35:53	2025-04-16 13:35:53
44	2	A4 All Road Quattro	2025-04-16 13:35:53	2025-04-16 13:35:53
45	2	A4 All Road Quattro	2025-04-16 13:35:53	2025-04-16 13:35:53
46	6	A5	2025-04-16 13:35:53	2025-04-16 13:35:53
47	2	A6 All Road Quattro	2025-04-16 13:35:53	2025-04-16 13:35:53
48	3	Azure	2025-04-16 13:35:53	2025-04-16 13:35:53
49	7	B10	2025-04-16 13:35:53	2025-04-16 13:35:53
50	7	B3	2025-04-16 13:35:53	2025-04-16 13:35:53
51	7	B3 (2007)	2025-04-16 13:35:53	2025-04-16 13:35:53
52	7	B3 (2013)	2025-04-16 13:35:53	2025-04-16 13:35:53
53	7	B4	2025-04-16 13:35:53	2025-04-16 13:35:53
54	7	B5	2025-04-16 13:35:53	2025-04-16 13:35:53
55	7	B5 (2010)	2025-04-16 13:35:53	2025-04-16 13:35:53
56	7	B6	2025-04-16 13:35:53	2025-04-16 13:35:53
57	7	B6 (2012)	2025-04-16 13:35:53	2025-04-16 13:35:53
58	7	B7	2025-04-16 13:35:53	2025-04-16 13:35:53
59	7	B7 (2009)	2025-04-16 13:35:53	2025-04-16 13:35:53
60	5	Brera	2025-04-16 13:35:53	2025-04-16 13:35:53
61	3	Brooklands	2025-04-16 13:35:53	2025-04-16 13:35:53
62	3	Continental Flying Spur	2025-04-16 13:35:53	2025-04-16 13:35:53
63	3	Continental Super Sports	2025-04-16 13:35:53	2025-04-16 13:35:53
64	7	D10	2025-04-16 13:35:53	2025-04-16 13:35:53
65	1	Cygnet	2025-04-16 13:35:53	2025-04-16 13:35:53
66	7	D3	2025-04-16 13:35:53	2025-04-16 13:35:53
67	7	D3 (2013)	2025-04-16 13:35:53	2025-04-16 13:35:53
68	7	D4	2025-04-16 13:35:53	2025-04-16 13:35:53
69	7	D5	2025-04-16 13:35:53	2025-04-16 13:35:53
70	1	DB7	2025-04-16 13:35:53	2025-04-16 13:35:53
71	1	DBS	2025-04-16 13:35:53	2025-04-16 13:35:53
72	8	Falcon	2025-04-16 13:35:53	2025-04-16 13:35:53
73	9	GT	2025-04-16 13:35:53	2025-04-16 13:35:53
74	5	GT	2025-04-16 13:35:53	2025-04-16 13:35:53
75	5	GTV	2025-04-16 13:35:53	2025-04-16 13:35:53
76	8	Leyland	2025-04-16 13:35:53	2025-04-16 13:35:53
77	5	Mito	2025-04-16 13:35:53	2025-04-16 13:35:53
78	3	New Continental GT	2025-04-16 13:35:53	2025-04-16 13:35:53
79	3	New Continental GTC	2025-04-16 13:35:53	2025-04-16 13:35:53
80	1	ONE-77	2025-04-16 13:35:53	2025-04-16 13:35:53
81	7	Roadster	2025-04-16 13:35:53	2025-04-16 13:35:53
82	7	Roadster S	2025-04-16 13:35:53	2025-04-16 13:35:53
83	2	RS3	2025-04-16 13:35:53	2025-04-16 13:35:53
84	2	RS8	2025-04-16 13:35:53	2025-04-16 13:35:53
85	2	S4	2025-04-16 13:35:53	2025-04-16 13:35:53
86	5	Spider	2025-04-16 13:35:53	2025-04-16 13:35:53
87	2	TT	2025-04-16 13:35:53	2025-04-16 13:35:53
88	2	TTS	2025-04-16 13:35:53	2025-04-16 13:35:53
89	3	Turbo	2025-04-16 13:35:53	2025-04-16 13:35:53
90	1	V12 Vantage	2025-04-16 13:35:53	2025-04-16 13:35:53
91	1	V8 Vantage	2025-04-16 13:35:53	2025-04-16 13:35:53
92	1	Virage	2025-04-16 13:35:53	2025-04-16 13:35:53
93	7	XD3	2025-04-16 13:35:53	2025-04-16 13:35:53
94	1	Zagato	2025-04-16 13:35:53	2025-04-16 13:35:53
95	1	Rapide	2025-04-16 13:35:53	2025-04-16 13:35:53
96	1	Vanquish	2025-04-16 13:35:53	2025-04-16 13:35:53
97	4	3-Series	2025-04-16 13:35:53	2025-04-16 13:35:53
98	4	4-Series	2025-04-16 13:35:53	2025-04-16 13:35:53
99	4	5-Series	2025-04-16 13:35:53	2025-04-16 13:35:53
100	4	6-Series	2025-04-16 13:35:53	2025-04-16 13:35:53
101	4	7-Series	2025-04-16 13:35:53	2025-04-16 13:35:53
102	4	M2	2025-04-16 13:35:53	2025-04-16 13:35:53
103	4	M3	2025-04-16 13:35:53	2025-04-16 13:35:53
104	4	M4	2025-04-16 13:35:53	2025-04-16 13:35:53
105	4	M5	2025-04-16 13:35:53	2025-04-16 13:35:53
106	4	M6	2025-04-16 13:35:53	2025-04-16 13:35:53
107	4	X 4	2025-04-16 13:35:53	2025-04-16 13:35:53
108	4	X1	2025-04-16 13:35:53	2025-04-16 13:35:53
109	4	X3	2025-04-16 13:35:53	2025-04-16 13:35:53
110	4	X4	2025-04-16 13:35:53	2025-04-16 13:35:53
111	4	X5	2025-04-16 13:35:53	2025-04-16 13:35:53
112	4	X5 M	2025-04-16 13:35:53	2025-04-16 13:35:53
113	4	X6	2025-04-16 13:35:53	2025-04-16 13:35:53
114	4	X6 M	2025-04-16 13:35:53	2025-04-16 13:35:53
115	10	ATS	2025-04-16 13:35:53	2025-04-16 13:35:53
116	10	ATS-V	2025-04-16 13:35:53	2025-04-16 13:35:53
117	10	CTS	2025-04-16 13:35:53	2025-04-16 13:35:53
118	10	CTS-V	2025-04-16 13:35:53	2025-04-16 13:35:53
119	10	Escalade	2025-04-16 13:35:53	2025-04-16 13:35:53
120	10	XTS	2025-04-16 13:35:53	2025-04-16 13:35:53
121	11	Camaro	2025-04-16 13:35:53	2025-04-16 13:35:53
122	11	Caprice	2025-04-16 13:35:53	2025-04-16 13:35:53
123	11	Captiva	2025-04-16 13:35:53	2025-04-16 13:35:53
124	4	2er Gran Tourer	2025-04-16 13:35:53	2025-04-16 13:35:53
125	4	3er GT	2025-04-16 13:35:53	2025-04-16 13:35:53
126	4	5er GT	2025-04-16 13:35:53	2025-04-16 13:35:53
127	10	62	2025-04-16 13:35:53	2025-04-16 13:35:53
128	4	8-Series	2025-04-16 13:35:53	2025-04-16 13:35:53
129	12	A11 WindCloud	2025-04-16 13:35:53	2025-04-16 13:35:53
130	12	Arrizo 7	2025-04-16 13:35:53	2025-04-16 13:35:53
131	11	Astro	2025-04-16 13:35:53	2025-04-16 13:35:53
132	11	Avalanche	2025-04-16 13:35:53	2025-04-16 13:35:53
133	11	Aveo	2025-04-16 13:35:53	2025-04-16 13:35:53
134	11	Aveo5	2025-04-16 13:35:53	2025-04-16 13:35:53
135	11	Barina	2025-04-16 13:35:53	2025-04-16 13:35:53
136	11	Blazer	2025-04-16 13:35:53	2025-04-16 13:35:53
137	10	BLS	2025-04-16 13:35:53	2025-04-16 13:35:53
138	13	BS4	2025-04-16 13:35:53	2025-04-16 13:35:53
139	13	BS6	2025-04-16 13:35:53	2025-04-16 13:35:53
140	11	Caravan	2025-04-16 13:35:53	2025-04-16 13:35:53
141	10	Catera	2025-04-16 13:35:53	2025-04-16 13:35:53
142	11	Cavalier	2025-04-16 13:35:53	2025-04-16 13:35:53
143	14	Century	2025-04-16 13:35:53	2025-04-16 13:35:53
144	15	Classic 7	2025-04-16 13:35:53	2025-04-16 13:35:53
145	16	CS35	2025-04-16 13:35:53	2025-04-16 13:35:53
146	16	CS75	2025-04-16 13:35:53	2025-04-16 13:35:53
147	10	Deville	2025-04-16 13:35:53	2025-04-16 13:35:53
148	10	DTS	2025-04-16 13:35:53	2025-04-16 13:35:53
149	12	E5	2025-04-16 13:35:53	2025-04-16 13:35:53
150	12	E8	2025-04-16 13:35:53	2025-04-16 13:35:53
151	16	EADO	2025-04-16 13:35:53	2025-04-16 13:35:53
152	10	Eldorado	2025-04-16 13:35:53	2025-04-16 13:35:53
153	14	Enclave	2025-04-16 13:35:53	2025-04-16 13:35:53
154	10	ESV	2025-04-16 13:35:53	2025-04-16 13:35:53
155	17	F3	2025-04-16 13:35:53	2025-04-16 13:35:53
156	17	F3-AT	2025-04-16 13:35:53	2025-04-16 13:35:53
157	17	F3R	2025-04-16 13:35:53	2025-04-16 13:35:53
158	17	F6	2025-04-16 13:35:53	2025-04-16 13:35:53
159	13	FSV	2025-04-16 13:35:53	2025-04-16 13:35:53
160	13	FRV Cross	2025-04-16 13:35:53	2025-04-16 13:35:53
161	13	FRV	2025-04-16 13:35:53	2025-04-16 13:35:53
162	18	Grand Sport	2025-04-16 13:35:53	2025-04-16 13:35:53
163	13	H530	2025-04-16 13:35:53	2025-04-16 13:35:53
164	4	I3	2025-04-16 13:35:53	2025-04-16 13:35:53
165	4	I8	2025-04-16 13:35:53	2025-04-16 13:35:53
166	13	Jinbei Hammer Head	2025-04-16 13:35:53	2025-04-16 13:35:53
167	14	Lacrosse	2025-04-16 13:35:53	2025-04-16 13:35:53
168	14	Lesabre	2025-04-16 13:35:53	2025-04-16 13:35:53
169	14	Park Avenue	2025-04-16 13:35:53	2025-04-16 13:35:53
170	14	Rainier	2025-04-16 13:35:53	2025-04-16 13:35:53
171	14	Regal	2025-04-16 13:35:53	2025-04-16 13:35:53
172	12	S11 QQ	2025-04-16 13:35:53	2025-04-16 13:35:53
173	17	S6	2025-04-16 13:35:53	2025-04-16 13:35:53
174	15	Seven	2025-04-16 13:35:53	2025-04-16 13:35:53
175	10	Seville	2025-04-16 13:35:53	2025-04-16 13:35:53
176	10	SLS	2025-04-16 13:35:53	2025-04-16 13:35:53
177	15	Super 7	2025-04-16 13:35:53	2025-04-16 13:35:53
178	10	STS	2025-04-16 13:35:53	2025-04-16 13:35:53
179	10	STS-V	2025-04-16 13:35:53	2025-04-16 13:35:53
180	14	Super-Series	2025-04-16 13:35:53	2025-04-16 13:35:53
181	18	Super Sport	2025-04-16 13:35:53	2025-04-16 13:35:53
182	12	T11 Tiggo	2025-04-16 13:35:53	2025-04-16 13:35:53
183	12	Tiggo 5	2025-04-16 13:35:53	2025-04-16 13:35:53
184	12	Tiggo	2025-04-16 13:35:53	2025-04-16 13:35:53
185	13	V5	2025-04-16 13:35:53	2025-04-16 13:35:53
186	12	V5 Crossover	2025-04-16 13:35:53	2025-04-16 13:35:53
187	18	Veyron	2025-04-16 13:35:53	2025-04-16 13:35:53
188	18	Vitesse	2025-04-16 13:35:53	2025-04-16 13:35:53
189	10	XLR	2025-04-16 13:35:53	2025-04-16 13:35:53
190	10	XLR-V	2025-04-16 13:35:53	2025-04-16 13:35:53
191	4	Z3	2025-04-16 13:35:53	2025-04-16 13:35:53
192	4	Z4	2025-04-16 13:35:53	2025-04-16 13:35:53
193	4	Z8	2025-04-16 13:35:53	2025-04-16 13:35:53
194	11	Corvette	2025-04-16 13:35:53	2025-04-16 13:35:53
195	11	Cruze	2025-04-16 13:35:53	2025-04-16 13:35:53
196	11	Impala	2025-04-16 13:35:53	2025-04-16 13:35:53
197	11	Malibu	2025-04-16 13:35:53	2025-04-16 13:35:53
198	11	Silverado	2025-04-16 13:35:53	2025-04-16 13:35:53
199	11	Sonic	2025-04-16 13:35:53	2025-04-16 13:35:53
200	11	Spark	2025-04-16 13:35:53	2025-04-16 13:35:53
201	11	Suburban	2025-04-16 13:35:53	2025-04-16 13:35:53
202	11	Tahoe	2025-04-16 13:35:53	2025-04-16 13:35:53
203	11	Traverse	2025-04-16 13:35:53	2025-04-16 13:35:53
204	11	Trax	2025-04-16 13:35:53	2025-04-16 13:35:53
205	19	200	2025-04-16 13:35:53	2025-04-16 13:35:53
206	19	200C	2025-04-16 13:35:54	2025-04-16 13:35:54
207	19	300C	2025-04-16 13:35:54	2025-04-16 13:35:54
208	19	300M	2025-04-16 13:35:54	2025-04-16 13:35:54
209	19	300 M	2025-04-16 13:35:54	2025-04-16 13:35:54
210	19	Aspen	2025-04-16 13:35:54	2025-04-16 13:35:54
211	19	Avenger	2025-04-16 13:35:54	2025-04-16 13:35:54
212	20	AX	2025-04-16 13:35:54	2025-04-16 13:35:54
213	20	Axel	2025-04-16 13:35:54	2025-04-16 13:35:54
214	20	Berlingo PKW	2025-04-16 13:35:54	2025-04-16 13:35:54
215	20	Berlingo	2025-04-16 13:35:54	2025-04-16 13:35:54
216	20	C1	2025-04-16 13:35:54	2025-04-16 13:35:54
217	20	C2	2025-04-16 13:35:54	2025-04-16 13:35:54
218	20	C3	2025-04-16 13:35:54	2025-04-16 13:35:54
219	20	C3 Picasso	2025-04-16 13:35:54	2025-04-16 13:35:54
220	20	C4	2025-04-16 13:35:54	2025-04-16 13:35:54
221	20	C4 AirCross	2025-04-16 13:35:54	2025-04-16 13:35:54
222	20	C4 Cactus	2025-04-16 13:35:54	2025-04-16 13:35:54
223	20	C4 Picasso	2025-04-16 13:35:54	2025-04-16 13:35:54
224	20	C5	2025-04-16 13:35:54	2025-04-16 13:35:54
225	20	C6	2025-04-16 13:35:54	2025-04-16 13:35:54
226	20	C-Crosser	2025-04-16 13:35:54	2025-04-16 13:35:54
227	21	CEO	2025-04-16 13:35:54	2025-04-16 13:35:54
228	20	C-Elysee	2025-04-16 13:35:54	2025-04-16 13:35:54
229	19	Centura	2025-04-16 13:35:54	2025-04-16 13:35:54
230	19	Charger	2025-04-16 13:35:54	2025-04-16 13:35:54
231	11	Chevy	2025-04-16 13:35:54	2025-04-16 13:35:54
232	11	Cobalt	2025-04-16 13:35:54	2025-04-16 13:35:54
233	11	Colorado	2025-04-16 13:35:54	2025-04-16 13:35:54
234	19	Concorde	2025-04-16 13:35:54	2025-04-16 13:35:54
235	19	Cordoba	2025-04-16 13:35:54	2025-04-16 13:35:54
236	19	Crossfire	2025-04-16 13:35:54	2025-04-16 13:35:54
237	11	CSV	2025-04-16 13:35:54	2025-04-16 13:35:54
238	20	C-Zero	2025-04-16 13:35:54	2025-04-16 13:35:54
239	22	Dokker	2025-04-16 13:35:54	2025-04-16 13:35:54
240	20	DS3	2025-04-16 13:35:54	2025-04-16 13:35:54
241	20	DS4	2025-04-16 13:35:54	2025-04-16 13:35:54
242	20	DS5	2025-04-16 13:35:54	2025-04-16 13:35:54
243	11	Elcamino	2025-04-16 13:35:54	2025-04-16 13:35:54
244	11	Epica	2025-04-16 13:35:54	2025-04-16 13:35:54
245	11	Equinox	2025-04-16 13:35:54	2025-04-16 13:35:54
246	11	Evanda	2025-04-16 13:35:54	2025-04-16 13:35:54
247	11	Explorer	2025-04-16 13:35:54	2025-04-16 13:35:54
248	11	Express	2025-04-16 13:35:54	2025-04-16 13:35:54
249	19	Grand Voyager	2025-04-16 13:35:54	2025-04-16 13:35:54
250	11	HHR	2025-04-16 13:35:54	2025-04-16 13:35:54
251	19	Intrepid	2025-04-16 13:35:54	2025-04-16 13:35:54
252	11	Kalos	2025-04-16 13:35:54	2025-04-16 13:35:54
253	11	Lacetti	2025-04-16 13:35:54	2025-04-16 13:35:54
254	19	Lebaron	2025-04-16 13:35:54	2025-04-16 13:35:54
255	19	LHS	2025-04-16 13:35:54	2025-04-16 13:35:54
256	22	Lodgy	2025-04-16 13:35:54	2025-04-16 13:35:54
257	11	Lumina	2025-04-16 13:35:54	2025-04-16 13:35:54
258	11	Matiz	2025-04-16 13:35:54	2025-04-16 13:35:54
259	20	Nemo PKW	2025-04-16 13:35:54	2025-04-16 13:35:54
260	19	Neon	2025-04-16 13:35:54	2025-04-16 13:35:54
261	19	Newport	2025-04-16 13:35:54	2025-04-16 13:35:54
262	11	Nubira	2025-04-16 13:35:54	2025-04-16 13:35:54
263	11	Optra	2025-04-16 13:35:54	2025-04-16 13:35:54
264	11	Orlando	2025-04-16 13:35:54	2025-04-16 13:35:54
265	19	Pacifica	2025-04-16 13:35:54	2025-04-16 13:35:54
266	20	Picasso	2025-04-16 13:35:54	2025-04-16 13:35:54
267	19	Pick Up	2025-04-16 13:35:54	2025-04-16 13:35:54
268	11	Pick Up	2025-04-16 13:35:54	2025-04-16 13:35:54
269	20	Pluriel	2025-04-16 13:35:54	2025-04-16 13:35:54
270	19	Prowler	2025-04-16 13:35:54	2025-04-16 13:35:54
271	19	PT Cruiser	2025-04-16 13:35:54	2025-04-16 13:35:54
272	11	Rezzo	2025-04-16 13:35:54	2025-04-16 13:35:54
273	20	Saxo	2025-04-16 13:35:54	2025-04-16 13:35:54
274	19	Sebring	2025-04-16 13:35:54	2025-04-16 13:35:54
275	11	SSR	2025-04-16 13:35:54	2025-04-16 13:35:54
276	19	Stratus	2025-04-16 13:35:54	2025-04-16 13:35:54
277	11	Terrain	2025-04-16 13:35:54	2025-04-16 13:35:54
278	19	Town	2025-04-16 13:35:54	2025-04-16 13:35:54
279	11	Tracker	2025-04-16 13:35:54	2025-04-16 13:35:54
280	11	Trans Sport	2025-04-16 13:35:54	2025-04-16 13:35:54
281	11	T-Series	2025-04-16 13:35:54	2025-04-16 13:35:54
282	21	UFO	2025-04-16 13:35:54	2025-04-16 13:35:54
283	11	Uplander	2025-04-16 13:35:54	2025-04-16 13:35:54
284	11	Venture	2025-04-16 13:35:54	2025-04-16 13:35:54
285	23	Veryca	2025-04-16 13:35:54	2025-04-16 13:35:54
286	11	Volt	2025-04-16 13:35:54	2025-04-16 13:35:54
287	19	Voyager	2025-04-16 13:35:54	2025-04-16 13:35:54
288	20	Xsara	2025-04-16 13:35:54	2025-04-16 13:35:54
289	20	Xsara Picasso	2025-04-16 13:35:54	2025-04-16 13:35:54
290	23	Z7	2025-04-16 13:35:54	2025-04-16 13:35:54
291	24	Materia	2025-04-16 13:35:54	2025-04-16 13:35:54
292	24	Sirion	2025-04-16 13:35:54	2025-04-16 13:35:54
293	24	Terios	2025-04-16 13:35:54	2025-04-16 13:35:54
294	25	Challenger	2025-04-16 13:35:54	2025-04-16 13:35:54
295	25	Charger	2025-04-16 13:35:54	2025-04-16 13:35:54
296	25	Durango	2025-04-16 13:35:54	2025-04-16 13:35:54
297	26	488	2025-04-16 13:35:54	2025-04-16 13:35:54
298	27	500	2025-04-16 13:35:54	2025-04-16 13:35:54
299	26	126	2025-04-16 13:35:54	2025-04-16 13:35:54
300	27	127	2025-04-16 13:35:54	2025-04-16 13:35:54
301	27	131	2025-04-16 13:35:54	2025-04-16 13:35:54
302	27	132	2025-04-16 13:35:54	2025-04-16 13:35:54
303	27	133	2025-04-16 13:35:54	2025-04-16 13:35:54
304	27	1400	2025-04-16 13:35:54	2025-04-16 13:35:54
305	26	206	2025-04-16 13:35:54	2025-04-16 13:35:54
306	26	306	2025-04-16 13:35:54	2025-04-16 13:35:54
307	26	308	2025-04-16 13:35:54	2025-04-16 13:35:54
308	26	355	2025-04-16 13:35:54	2025-04-16 13:35:54
309	26	360	2025-04-16 13:35:54	2025-04-16 13:35:54
310	26	360 Modena F1	2025-04-16 13:35:54	2025-04-16 13:35:54
311	26	430	2025-04-16 13:35:54	2025-04-16 13:35:54
312	26	456	2025-04-16 13:35:54	2025-04-16 13:35:54
313	26	458	2025-04-16 13:35:54	2025-04-16 13:35:54
314	27	500L	2025-04-16 13:35:54	2025-04-16 13:35:54
315	26	512	2025-04-16 13:35:54	2025-04-16 13:35:54
316	26	550 Barchetta	2025-04-16 13:35:54	2025-04-16 13:35:54
317	26	550 Maranello	2025-04-16 13:35:54	2025-04-16 13:35:54
318	26	575	2025-04-16 13:35:54	2025-04-16 13:35:54
319	26	575M	2025-04-16 13:35:54	2025-04-16 13:35:54
320	26	599	2025-04-16 13:35:54	2025-04-16 13:35:54
321	26	599 GTB	2025-04-16 13:35:54	2025-04-16 13:35:54
322	26	612	2025-04-16 13:35:54	2025-04-16 13:35:54
323	27	Abarth	2025-04-16 13:35:54	2025-04-16 13:35:54
324	24	Applause	2025-04-16 13:35:54	2025-04-16 13:35:54
325	25	Avenger	2025-04-16 13:35:54	2025-04-16 13:35:54
326	27	Barchrtta	2025-04-16 13:35:54	2025-04-16 13:35:54
327	27	Brava	2025-04-16 13:35:54	2025-04-16 13:35:54
328	27	Bravo	2025-04-16 13:35:54	2025-04-16 13:35:54
329	25	Caliber	2025-04-16 13:35:54	2025-04-16 13:35:54
330	26	California	2025-04-16 13:35:54	2025-04-16 13:35:54
331	26	California T	2025-04-16 13:35:54	2025-04-16 13:35:54
332	25	Caravan	2025-04-16 13:35:54	2025-04-16 13:35:54
333	24	Charade	2025-04-16 13:35:54	2025-04-16 13:35:54
334	28	Cielo	2025-04-16 13:35:54	2025-04-16 13:35:54
335	24	Copen	2025-04-16 13:35:54	2025-04-16 13:35:54
336	27	Croma	2025-04-16 13:35:54	2025-04-16 13:35:54
337	29	Cruiser	2025-04-16 13:35:54	2025-04-16 13:35:54
338	24	Cuore	2025-04-16 13:35:54	2025-04-16 13:35:54
339	25	Dakota	2025-04-16 13:35:54	2025-04-16 13:35:54
340	25	Dart	2025-04-16 13:35:54	2025-04-16 13:35:54
341	24	Deluxe	2025-04-16 13:35:54	2025-04-16 13:35:54
342	27	Doblo	2025-04-16 13:35:54	2025-04-16 13:35:54
343	27	Doblo Neu	2025-04-16 13:35:54	2025-04-16 13:35:54
344	27	Ducato	2025-04-16 13:35:54	2025-04-16 13:35:54
345	27	Duna	2025-04-16 13:35:54	2025-04-16 13:35:54
346	26	Enzo	2025-04-16 13:35:54	2025-04-16 13:35:54
347	28	Espero	2025-04-16 13:35:54	2025-04-16 13:35:54
348	28	Evanda	2025-04-16 13:35:54	2025-04-16 13:35:54
349	26	F12	2025-04-16 13:35:54	2025-04-16 13:35:54
350	26	F40	2025-04-16 13:35:54	2025-04-16 13:35:54
351	26	F430	2025-04-16 13:35:54	2025-04-16 13:35:54
352	26	F50	2025-04-16 13:35:54	2025-04-16 13:35:54
353	26	F575M F1	2025-04-16 13:35:54	2025-04-16 13:35:54
354	26	F575 SuperAmerica	2025-04-16 13:35:54	2025-04-16 13:35:54
355	26	FF	2025-04-16 13:35:54	2025-04-16 13:35:54
356	27	Fiorino	2025-04-16 13:35:54	2025-04-16 13:35:54
357	27	Grande Punto	2025-04-16 13:35:54	2025-04-16 13:35:54
358	24	Gran Max	2025-04-16 13:35:54	2025-04-16 13:35:54
359	26	GTO	2025-04-16 13:35:54	2025-04-16 13:35:54
360	30	H30 Cross	2025-04-16 13:35:54	2025-04-16 13:35:54
361	25	Journey	2025-04-16 13:35:54	2025-04-16 13:35:54
362	28	Kalos	2025-04-16 13:35:54	2025-04-16 13:35:54
363	26	LA	2025-04-16 13:35:54	2025-04-16 13:35:54
364	28	Lacetti	2025-04-16 13:35:54	2025-04-16 13:35:54
365	28	Lanos	2025-04-16 13:35:54	2025-04-16 13:35:54
366	25	Laramie	2025-04-16 13:35:54	2025-04-16 13:35:54
367	28	Leganza	2025-04-16 13:35:54	2025-04-16 13:35:54
368	22	Logan	2025-04-16 13:35:54	2025-04-16 13:35:54
369	22	Logan MCV	2025-04-16 13:35:54	2025-04-16 13:35:54
370	25	Magnum	2025-04-16 13:35:54	2025-04-16 13:35:54
371	28	Matiz	2025-04-16 13:35:54	2025-04-16 13:35:54
372	24	Mira	2025-04-16 13:35:54	2025-04-16 13:35:54
373	28	Musso	2025-04-16 13:35:54	2025-04-16 13:35:54
374	25	Neon	2025-04-16 13:35:54	2025-04-16 13:35:54
375	28	Nova	2025-04-16 13:35:54	2025-04-16 13:35:54
376	28	Nubira	2025-04-16 13:35:54	2025-04-16 13:35:54
377	28	Racer	2025-04-16 13:35:54	2025-04-16 13:35:54
378	25	Ram	2025-04-16 13:35:54	2025-04-16 13:35:54
379	28	Rexton	2025-04-16 13:35:54	2025-04-16 13:35:54
380	28	Rezzo	2025-04-16 13:35:54	2025-04-16 13:35:54
381	24	Rocky	2025-04-16 13:35:54	2025-04-16 13:35:54
382	30	S30	2025-04-16 13:35:54	2025-04-16 13:35:54
383	22	Sandero	2025-04-16 13:35:54	2025-04-16 13:35:54
384	26	SuperAmerica	2025-04-16 13:35:54	2025-04-16 13:35:54
385	28	Tacuma	2025-04-16 13:35:54	2025-04-16 13:35:54
386	24	Trevis	2025-04-16 13:35:54	2025-04-16 13:35:54
387	25	Viper	2025-04-16 13:35:54	2025-04-16 13:35:54
388	24	YRV	2025-04-16 13:35:54	2025-04-16 13:35:54
389	27	LINEA	2025-04-16 13:35:54	2025-04-16 13:35:54
390	31	Eco Sport	2025-04-16 13:35:54	2025-04-16 13:35:54
391	31	Edge	2025-04-16 13:35:54	2025-04-16 13:35:54
392	31	Escape	2025-04-16 13:35:54	2025-04-16 13:35:54
393	31	Expedition	2025-04-16 13:35:54	2025-04-16 13:35:54
394	31	Explorer	2025-04-16 13:35:54	2025-04-16 13:35:54
395	31	F150	2025-04-16 13:35:54	2025-04-16 13:35:54
396	31	Fiesta	2025-04-16 13:35:54	2025-04-16 13:35:54
397	31	Figo	2025-04-16 13:35:54	2025-04-16 13:35:54
398	31	Flex	2025-04-16 13:35:54	2025-04-16 13:35:54
399	31	Focus	2025-04-16 13:35:54	2025-04-16 13:35:54
400	31	Fusion	2025-04-16 13:35:54	2025-04-16 13:35:54
401	31	Mustang	2025-04-16 13:35:54	2025-04-16 13:35:54
402	31	Ranger	2025-04-16 13:35:54	2025-04-16 13:35:54
403	31	Taurus	2025-04-16 13:35:54	2025-04-16 13:35:54
404	32	Acadia	2025-04-16 13:35:54	2025-04-16 13:35:54
405	32	Sierra 1500	2025-04-16 13:35:54	2025-04-16 13:35:54
406	32	Yukon	2025-04-16 13:35:54	2025-04-16 13:35:54
407	31	B-Max	2025-04-16 13:35:54	2025-04-16 13:35:54
408	31	Bronco	2025-04-16 13:35:54	2025-04-16 13:35:54
409	32	Canyon	2025-04-16 13:35:54	2025-04-16 13:35:54
410	33	CK	2025-04-16 13:35:54	2025-04-16 13:35:54
411	31	C-Max	2025-04-16 13:35:54	2025-04-16 13:35:54
412	31	Contour	2025-04-16 13:35:54	2025-04-16 13:35:54
413	31	Crown Victoria	2025-04-16 13:35:54	2025-04-16 13:35:54
414	34	Deer	2025-04-16 13:35:54	2025-04-16 13:35:54
415	32	Denali	2025-04-16 13:35:54	2025-04-16 13:35:54
416	33	Emgrand 8	2025-04-16 13:35:54	2025-04-16 13:35:54
417	33	Emgrand X7	2025-04-16 13:35:54	2025-04-16 13:35:54
418	32	Envoy	2025-04-16 13:35:54	2025-04-16 13:35:54
419	31	Escort	2025-04-16 13:35:54	2025-04-16 13:35:54
420	31	Everest	2025-04-16 13:35:54	2025-04-16 13:35:54
421	31	Excursion	2025-04-16 13:35:54	2025-04-16 13:35:54
422	31	Expedition EL	2025-04-16 13:35:54	2025-04-16 13:35:54
423	31	Fairlane	2025-04-16 13:35:54	2025-04-16 13:35:54
424	31	Five Hundred	2025-04-16 13:35:54	2025-04-16 13:35:54
425	31	Focus C-Max	2025-04-16 13:35:54	2025-04-16 13:35:54
426	31	Focus Electric	2025-04-16 13:35:54	2025-04-16 13:35:54
427	31	Freestar	2025-04-16 13:35:54	2025-04-16 13:35:54
428	31	F-Series	2025-04-16 13:35:54	2025-04-16 13:35:54
429	35	GA3	2025-04-16 13:35:54	2025-04-16 13:35:54
430	35	GA5	2025-04-16 13:35:54	2025-04-16 13:35:54
431	31	Galaxy	2025-04-16 13:35:54	2025-04-16 13:35:54
432	33	GC2	2025-04-16 13:35:54	2025-04-16 13:35:54
433	33	GC6	2025-04-16 13:35:54	2025-04-16 13:35:54
434	33	GC7	2025-04-16 13:35:54	2025-04-16 13:35:54
435	31	Granada	2025-04-16 13:35:54	2025-04-16 13:35:54
436	35	GS5	2025-04-16 13:35:54	2025-04-16 13:35:54
437	33	GX2	2025-04-16 13:35:54	2025-04-16 13:35:54
438	27	IDEA	2025-04-16 13:35:54	2025-04-16 13:35:54
439	32	Jimmy	2025-04-16 13:35:54	2025-04-16 13:35:54
440	31	KA	2025-04-16 13:35:54	2025-04-16 13:35:54
441	36	Karma	2025-04-16 13:35:54	2025-04-16 13:35:54
442	31	Kuga	2025-04-16 13:35:54	2025-04-16 13:35:54
443	27	Marea	2025-04-16 13:35:54	2025-04-16 13:35:54
444	31	Maverick	2025-04-16 13:35:54	2025-04-16 13:35:54
445	31	Megastar	2025-04-16 13:35:54	2025-04-16 13:35:54
446	31	Monarch	2025-04-16 13:35:54	2025-04-16 13:35:54
447	31	Mondeo	2025-04-16 13:35:54	2025-04-16 13:35:54
448	27	Multipla	2025-04-16 13:35:54	2025-04-16 13:35:54
449	31	Mustang GT	2025-04-16 13:35:54	2025-04-16 13:35:54
450	31	Orion	2025-04-16 13:35:54	2025-04-16 13:35:54
451	27	Other	2025-04-16 13:35:54	2025-04-16 13:35:54
452	27	Palio	2025-04-16 13:35:54	2025-04-16 13:35:54
453	27	Panda	2025-04-16 13:35:54	2025-04-16 13:35:54
454	31	PickUp	2025-04-16 13:35:54	2025-04-16 13:35:54
455	31	Probe	2025-04-16 13:35:54	2025-04-16 13:35:54
456	27	Punto	2025-04-16 13:35:54	2025-04-16 13:35:54
457	27	Punto Evo	2025-04-16 13:35:54	2025-04-16 13:35:54
458	27	Qubo	2025-04-16 13:35:54	2025-04-16 13:35:54
459	27	Regata	2025-04-16 13:35:54	2025-04-16 13:35:54
460	27	Ritmo	2025-04-16 13:35:54	2025-04-16 13:35:54
461	32	Safari	2025-04-16 13:35:54	2025-04-16 13:35:54
462	32	Savana	2025-04-16 13:35:54	2025-04-16 13:35:54
463	27	Sedici	2025-04-16 13:35:54	2025-04-16 13:35:54
464	27	Seicento	2025-04-16 13:35:54	2025-04-16 13:35:54
465	27	Siena	2025-04-16 13:35:54	2025-04-16 13:35:54
466	32	Sierra	2025-04-16 13:35:54	2025-04-16 13:35:54
467	31	Sierra	2025-04-16 13:35:54	2025-04-16 13:35:54
468	31	S-Max	2025-04-16 13:35:54	2025-04-16 13:35:54
469	27	Stilo	2025-04-16 13:35:54	2025-04-16 13:35:54
470	31	Sport Trac	2025-04-16 13:35:54	2025-04-16 13:35:54
471	31	Streetka	2025-04-16 13:35:54	2025-04-16 13:35:54
472	37	SUP	2025-04-16 13:35:54	2025-04-16 13:35:54
473	32	Suburban	2025-04-16 13:35:54	2025-04-16 13:35:54
474	31	Tempo	2025-04-16 13:35:54	2025-04-16 13:35:54
475	27	Tempra	2025-04-16 13:35:54	2025-04-16 13:35:54
476	31	Thunderbird	2025-04-16 13:35:54	2025-04-16 13:35:54
477	31	Tourneo Connect	2025-04-16 13:35:54	2025-04-16 13:35:54
478	31	Tourneo Courier	2025-04-16 13:35:54	2025-04-16 13:35:54
479	31	Transit	2025-04-16 13:35:54	2025-04-16 13:35:54
480	37	Tunland	2025-04-16 13:35:54	2025-04-16 13:35:54
481	27	UNO	2025-04-16 13:35:54	2025-04-16 13:35:54
482	37	View C1 Minibus	2025-04-16 13:35:54	2025-04-16 13:35:54
483	31	Windstar	2025-04-16 13:35:54	2025-04-16 13:35:54
484	32	Yukon Xl	2025-04-16 13:35:54	2025-04-16 13:35:54
485	32	Terrain	2025-04-16 13:35:54	2025-04-16 13:35:54
486	38	Accord	2025-04-16 13:35:54	2025-04-16 13:35:54
487	38	CR-V	2025-04-16 13:35:54	2025-04-16 13:35:54
488	38	Jazz	2025-04-16 13:35:54	2025-04-16 13:35:54
489	38	Pilot	2025-04-16 13:35:54	2025-04-16 13:35:54
490	39	Accent	2025-04-16 13:35:54	2025-04-16 13:35:54
491	39	Azera	2025-04-16 13:35:54	2025-04-16 13:35:54
492	39	Centennial	2025-04-16 13:35:54	2025-04-16 13:35:54
493	39	Elantra	2025-04-16 13:35:54	2025-04-16 13:35:54
494	39	Genesis	2025-04-16 13:35:54	2025-04-16 13:35:54
495	39	Grand i10	2025-04-16 13:35:54	2025-04-16 13:35:54
496	39	Grand Santa Fe	2025-04-16 13:35:54	2025-04-16 13:35:54
497	39	i10	2025-04-16 13:35:54	2025-04-16 13:35:54
498	39	i30	2025-04-16 13:35:54	2025-04-16 13:35:54
499	39	i40	2025-04-16 13:35:54	2025-04-16 13:35:54
500	39	Santa Fe	2025-04-16 13:35:54	2025-04-16 13:35:54
501	39	Sonata	2025-04-16 13:35:54	2025-04-16 13:35:54
502	39	Tucson	2025-04-16 13:35:54	2025-04-16 13:35:54
503	40	FX35	2025-04-16 13:35:54	2025-04-16 13:35:54
504	40	FX37	2025-04-16 13:35:54	2025-04-16 13:35:54
505	40	FX50	2025-04-16 13:35:54	2025-04-16 13:35:54
506	40	G	2025-04-16 13:35:54	2025-04-16 13:35:54
507	40	Q30	2025-04-16 13:35:54	2025-04-16 13:35:54
508	40	Q50	2025-04-16 13:35:54	2025-04-16 13:35:54
509	40	Q60	2025-04-16 13:35:54	2025-04-16 13:35:54
510	40	Q70	2025-04-16 13:35:54	2025-04-16 13:35:54
511	40	QX50	2025-04-16 13:35:54	2025-04-16 13:35:54
512	40	QX56	2025-04-16 13:35:54	2025-04-16 13:35:54
513	40	QX60	2025-04-16 13:35:54	2025-04-16 13:35:54
514	40	QX70	2025-04-16 13:35:54	2025-04-16 13:35:54
515	40	QX80	2025-04-16 13:35:54	2025-04-16 13:35:54
516	39	Atos Prime	2025-04-16 13:35:54	2025-04-16 13:35:54
517	38	City	2025-04-16 13:35:54	2025-04-16 13:35:54
518	38	Civic Hybrid	2025-04-16 13:35:54	2025-04-16 13:35:54
519	38	Civic IMA	2025-04-16 13:35:54	2025-04-16 13:35:54
520	39	County	2025-04-16 13:35:54	2025-04-16 13:35:54
521	39	Coupe	2025-04-16 13:35:54	2025-04-16 13:35:54
522	38	CR-X	2025-04-16 13:35:54	2025-04-16 13:35:54
523	39	Crete	2025-04-16 13:35:54	2025-04-16 13:35:54
524	38	CR-Z	2025-04-16 13:35:54	2025-04-16 13:35:54
525	38	Crosstour	2025-04-16 13:35:54	2025-04-16 13:35:54
526	38	Element	2025-04-16 13:35:54	2025-04-16 13:35:54
527	40	EX	2025-04-16 13:35:54	2025-04-16 13:35:54
528	40	EX35	2025-04-16 13:35:54	2025-04-16 13:35:54
529	39	Excel	2025-04-16 13:35:54	2025-04-16 13:35:54
530	34	Florid	2025-04-16 13:35:54	2025-04-16 13:35:54
531	38	FR-V	2025-04-16 13:35:54	2025-04-16 13:35:54
532	40	FX	2025-04-16 13:35:54	2025-04-16 13:35:54
533	40	FX45	2025-04-16 13:35:54	2025-04-16 13:35:54
534	40	G35	2025-04-16 13:35:54	2025-04-16 13:35:54
535	40	G37	2025-04-16 13:35:54	2025-04-16 13:35:54
536	39	Galloper	2025-04-16 13:35:54	2025-04-16 13:35:54
537	39	Getz	2025-04-16 13:35:54	2025-04-16 13:35:54
538	39	Grandeur	2025-04-16 13:35:54	2025-04-16 13:35:54
539	40	G-Series	2025-04-16 13:35:54	2025-04-16 13:35:54
540	41	H1	2025-04-16 13:35:54	2025-04-16 13:35:54
541	41	H2	2025-04-16 13:35:54	2025-04-16 13:35:54
542	41	H3	2025-04-16 13:35:54	2025-04-16 13:35:54
543	41	H3T	2025-04-16 13:35:54	2025-04-16 13:35:54
544	41	HX	2025-04-16 13:35:54	2025-04-16 13:35:54
545	38	HRV	2025-04-16 13:35:54	2025-04-16 13:35:54
546	39	i20	2025-04-16 13:35:54	2025-04-16 13:35:54
547	40	i30	2025-04-16 13:35:54	2025-04-16 13:35:54
548	40	i35	2025-04-16 13:35:54	2025-04-16 13:35:54
549	38	Insight	2025-04-16 13:35:54	2025-04-16 13:35:54
550	39	iX20	2025-04-16 13:35:54	2025-04-16 13:35:54
551	39	iX35	2025-04-16 13:35:54	2025-04-16 13:35:54
552	39	iX55	2025-04-16 13:35:54	2025-04-16 13:35:54
553	40	J30	2025-04-16 13:35:54	2025-04-16 13:35:54
554	40	JX	2025-04-16 13:35:54	2025-04-16 13:35:54
555	38	Legend	2025-04-16 13:35:54	2025-04-16 13:35:54
556	40	M	2025-04-16 13:35:54	2025-04-16 13:35:54
557	39	Matrix	2025-04-16 13:35:54	2025-04-16 13:35:54
558	38	MR-V	2025-04-16 13:35:54	2025-04-16 13:35:54
559	38	NSX	2025-04-16 13:35:54	2025-04-16 13:35:54
560	38	Odyssey	2025-04-16 13:35:54	2025-04-16 13:35:54
561	38	Passport	2025-04-16 13:35:54	2025-04-16 13:35:54
562	39	Pony	2025-04-16 13:35:54	2025-04-16 13:35:54
563	38	Prelude	2025-04-16 13:35:54	2025-04-16 13:35:54
564	40	Q45	2025-04-16 13:35:54	2025-04-16 13:35:54
565	40	QX35	2025-04-16 13:35:54	2025-04-16 13:35:54
566	40	QX4	2025-04-16 13:35:54	2025-04-16 13:35:54
567	38	Ridgeline	2025-04-16 13:35:54	2025-04-16 13:35:54
568	38	S2000	2025-04-16 13:35:54	2025-04-16 13:35:54
569	38	Stream	2025-04-16 13:35:54	2025-04-16 13:35:54
570	38	S500	2025-04-16 13:35:54	2025-04-16 13:35:54
571	39	Terracan	2025-04-16 13:35:54	2025-04-16 13:35:54
572	39	Tiburon	2025-04-16 13:35:54	2025-04-16 13:35:54
573	39	Trajet	2025-04-16 13:35:54	2025-04-16 13:35:54
574	39	Veloster	2025-04-16 13:35:54	2025-04-16 13:35:54
575	39	Veracruz	2025-04-16 13:35:54	2025-04-16 13:35:54
576	39	Verna	2025-04-16 13:35:54	2025-04-16 13:35:54
577	38	Vezel	2025-04-16 13:35:54	2025-04-16 13:35:54
578	38	Vigor	2025-04-16 13:35:54	2025-04-16 13:35:54
579	34	Wingle	2025-04-16 13:35:54	2025-04-16 13:35:54
580	40	X35	2025-04-16 13:35:54	2025-04-16 13:35:54
581	39	XG 30	2025-04-16 13:35:54	2025-04-16 13:35:54
582	39	XG300	2025-04-16 13:35:54	2025-04-16 13:35:54
583	39	XG350	2025-04-16 13:35:54	2025-04-16 13:35:54
584	38	Z	2025-04-16 13:35:54	2025-04-16 13:35:54
585	42	F-Type	2025-04-16 13:35:54	2025-04-16 13:35:54
586	42	S-Type	2025-04-16 13:35:54	2025-04-16 13:35:54
587	42	XE	2025-04-16 13:35:54	2025-04-16 13:35:54
588	42	XF	2025-04-16 13:35:54	2025-04-16 13:35:54
589	42	XJ	2025-04-16 13:35:54	2025-04-16 13:35:54
590	43	Cherokee	2025-04-16 13:35:54	2025-04-16 13:35:54
591	43	Compass	2025-04-16 13:35:54	2025-04-16 13:35:54
592	43	Grand Cherokee	2025-04-16 13:35:54	2025-04-16 13:35:54
593	43	Renegade	2025-04-16 13:35:54	2025-04-16 13:35:54
594	43	Wrangler	2025-04-16 13:35:54	2025-04-16 13:35:54
595	44	Candenza	2025-04-16 13:35:54	2025-04-16 13:35:54
596	44	Carens	2025-04-16 13:35:54	2025-04-16 13:35:54
597	44	Carnival	2025-04-16 13:35:54	2025-04-16 13:35:54
598	44	Cerato	2025-04-16 13:35:54	2025-04-16 13:35:54
599	44	Clarus	2025-04-16 13:35:54	2025-04-16 13:35:54
600	44	Mohave	2025-04-16 13:35:54	2025-04-16 13:35:54
601	44	Optima	2025-04-16 13:35:54	2025-04-16 13:35:54
602	44	Picanto	2025-04-16 13:35:54	2025-04-16 13:35:54
603	44	Quoris	2025-04-16 13:35:54	2025-04-16 13:35:54
604	44	Rio	2025-04-16 13:35:54	2025-04-16 13:35:54
605	44	Sorento	2025-04-16 13:35:54	2025-04-16 13:35:54
606	44	Soul	2025-04-16 13:35:54	2025-04-16 13:35:54
607	45	111	2025-04-16 13:35:54	2025-04-16 13:35:54
608	45	1117	2025-04-16 13:35:54	2025-04-16 13:35:54
609	45	1118	2025-04-16 13:35:54	2025-04-16 13:35:54
610	45	1119	2025-04-16 13:35:54	2025-04-16 13:35:54
611	45	112	2025-04-16 13:35:54	2025-04-16 13:35:54
612	46	350	2025-04-16 13:35:54	2025-04-16 13:35:54
613	47	Agera	2025-04-16 13:35:54	2025-04-16 13:35:54
614	48	Amigo	2025-04-16 13:35:54	2025-04-16 13:35:54
615	48	Ascender	2025-04-16 13:35:54	2025-04-16 13:35:54
616	46	Aventador	2025-04-16 13:35:54	2025-04-16 13:35:54
617	48	Axiom	2025-04-16 13:35:54	2025-04-16 13:35:54
618	44	Borrego	2025-04-16 13:35:54	2025-04-16 13:35:54
619	44	Carnival II	2025-04-16 13:35:54	2025-04-16 13:35:54
620	47	CCX	2025-04-16 13:35:54	2025-04-16 13:35:54
621	44	Ceed	2025-04-16 13:35:55	2025-04-16 13:35:55
622	43	Commanche	2025-04-16 13:35:55	2025-04-16 13:35:55
623	43	Commander	2025-04-16 13:35:55	2025-04-16 13:35:55
624	46	Countach	2025-04-16 13:35:55	2025-04-16 13:35:55
625	49	Daily	2025-04-16 13:35:55	2025-04-16 13:35:55
626	48	D-Max	2025-04-16 13:35:55	2025-04-16 13:35:55
627	44	Forte	2025-04-16 13:35:55	2025-04-16 13:35:55
628	42	F-Pace	2025-04-16 13:35:55	2025-04-16 13:35:55
629	43	Grand Wagoneer	2025-04-16 13:35:55	2025-04-16 13:35:55
630	45	Granta	2025-04-16 13:35:55	2025-04-16 13:35:55
631	50	H2	2025-04-16 13:35:55	2025-04-16 13:35:55
632	48	i Mark	2025-04-16 13:35:55	2025-04-16 13:35:55
633	48	Impulse	2025-04-16 13:35:55	2025-04-16 13:35:55
634	51	J5	2025-04-16 13:35:55	2025-04-16 13:35:55
635	51	J4	2025-04-16 13:35:55	2025-04-16 13:35:55
636	51	J6	2025-04-16 13:35:55	2025-04-16 13:35:55
637	45	Kalina II	2025-04-16 13:35:55	2025-04-16 13:35:55
638	44	Koup	2025-04-16 13:35:55	2025-04-16 13:35:55
639	51	LCV	2025-04-16 13:35:55	2025-04-16 13:35:55
640	51	M1	2025-04-16 13:35:55	2025-04-16 13:35:55
641	51	M5	2025-04-16 13:35:55	2025-04-16 13:35:55
642	44	Magentis	2025-04-16 13:35:55	2025-04-16 13:35:55
643	49	Massif	2025-04-16 13:35:55	2025-04-16 13:35:55
644	52	Mini Van	2025-04-16 13:35:55	2025-04-16 13:35:55
645	53	MXT	2025-04-16 13:35:55	2025-04-16 13:35:55
646	45	Niva	2025-04-16 13:35:55	2025-04-16 13:35:55
647	48	NPR	2025-04-16 13:35:55	2025-04-16 13:35:55
648	48	Oasis	2025-04-16 13:35:55	2025-04-16 13:35:55
649	44	Opirus	2025-04-16 13:35:55	2025-04-16 13:35:55
650	43	Patriot	2025-04-16 13:35:55	2025-04-16 13:35:55
651	45	Priora	2025-04-16 13:35:55	2025-04-16 13:35:55
652	44	Pride	2025-04-16 13:35:55	2025-04-16 13:35:55
653	48	Reward-NP	2025-04-16 13:35:55	2025-04-16 13:35:55
654	48	Revert-NP	2025-04-16 13:35:55	2025-04-16 13:35:55
655	48	Rodeo	2025-04-16 13:35:55	2025-04-16 13:35:55
656	43	Rubicon	2025-04-16 13:35:55	2025-04-16 13:35:55
657	51	S3	2025-04-16 13:35:55	2025-04-16 13:35:55
658	44	Sephia	2025-04-16 13:35:55	2025-04-16 13:35:55
659	44	Shuma II	2025-04-16 13:35:55	2025-04-16 13:35:55
660	44	Soul EV	2025-04-16 13:35:55	2025-04-16 13:35:55
661	42	Sovereign	2025-04-16 13:35:55	2025-04-16 13:35:55
662	44	Spectra	2025-04-16 13:35:55	2025-04-16 13:35:55
663	48	Stylus	2025-04-16 13:35:55	2025-04-16 13:35:55
664	44	Sportage	2025-04-16 13:35:55	2025-04-16 13:35:55
665	50	SY6483	2025-04-16 13:35:55	2025-04-16 13:35:55
666	45	Taiga	2025-04-16 13:35:55	2025-04-16 13:35:55
667	48	Trooper	2025-04-16 13:35:55	2025-04-16 13:35:55
668	44	Venga	2025-04-16 13:35:55	2025-04-16 13:35:55
669	43	Wagoneer	2025-04-16 13:35:55	2025-04-16 13:35:55
670	43	Wrangler Unlimited	2025-04-16 13:35:55	2025-04-16 13:35:55
671	54	X-BOW	2025-04-16 13:35:55	2025-04-16 13:35:55
672	42	XFR	2025-04-16 13:35:55	2025-04-16 13:35:55
673	42	XFR-S	2025-04-16 13:35:55	2025-04-16 13:35:55
674	42	XF-Type	2025-04-16 13:35:55	2025-04-16 13:35:55
675	42	XJR	2025-04-16 13:35:55	2025-04-16 13:35:55
676	42	XJ-Type	2025-04-16 13:35:55	2025-04-16 13:35:55
677	42	XK	2025-04-16 13:35:55	2025-04-16 13:35:55
678	42	XKR	2025-04-16 13:35:55	2025-04-16 13:35:55
679	42	XKR-S	2025-04-16 13:35:55	2025-04-16 13:35:55
680	42	XK-Type	2025-04-16 13:35:55	2025-04-16 13:35:55
681	42	X - Type	2025-04-16 13:35:55	2025-04-16 13:35:55
682	42	X-Type	2025-04-16 13:35:55	2025-04-16 13:35:55
683	55	Range Rover	2025-04-16 13:35:55	2025-04-16 13:35:55
684	55	Range Rover Evoque	2025-04-16 13:35:55	2025-04-16 13:35:55
685	55	Range Rover Sport	2025-04-16 13:35:55	2025-04-16 13:35:55
686	56	ES	2025-04-16 13:35:55	2025-04-16 13:35:55
687	56	IS	2025-04-16 13:35:55	2025-04-16 13:35:55
688	56	LS	2025-04-16 13:35:55	2025-04-16 13:35:55
689	56	LX	2025-04-16 13:35:55	2025-04-16 13:35:55
690	56	RX	2025-04-16 13:35:55	2025-04-16 13:35:55
691	57	Continential	2025-04-16 13:35:55	2025-04-16 13:35:55
692	57	MKC	2025-04-16 13:35:55	2025-04-16 13:35:55
693	57	MKX	2025-04-16 13:35:55	2025-04-16 13:35:55
694	57	MKZ	2025-04-16 13:35:55	2025-04-16 13:35:55
695	57	Navigator	2025-04-16 13:35:55	2025-04-16 13:35:55
696	58	Granturismo	2025-04-16 13:35:55	2025-04-16 13:35:55
697	58	Quattroporte	2025-04-16 13:35:55	2025-04-16 13:35:55
698	59	2	2025-04-16 13:35:55	2025-04-16 13:35:55
699	59	3	2025-04-16 13:35:55	2025-04-16 13:35:55
700	59	6	2025-04-16 13:35:55	2025-04-16 13:35:55
701	59	CX-3	2025-04-16 13:35:55	2025-04-16 13:35:55
702	59	CX-5	2025-04-16 13:35:55	2025-04-16 13:35:55
703	59	CX-9	2025-04-16 13:35:55	2025-04-16 13:35:55
704	60	57	2025-04-16 13:35:55	2025-04-16 13:35:55
705	60	62	2025-04-16 13:35:55	2025-04-16 13:35:55
706	59	626	2025-04-16 13:35:55	2025-04-16 13:35:55
707	59	6 Ultra	2025-04-16 13:35:55	2025-04-16 13:35:55
708	61	7	2025-04-16 13:35:55	2025-04-16 13:35:55
709	59	929	2025-04-16 13:35:55	2025-04-16 13:35:55
710	62	Armada	2025-04-16 13:35:55	2025-04-16 13:35:55
711	57	Avaitor	2025-04-16 13:35:55	2025-04-16 13:35:55
712	59	B-Series	2025-04-16 13:35:55	2025-04-16 13:35:55
713	59	BT-50	2025-04-16 13:35:55	2025-04-16 13:35:55
714	58	Coupe	2025-04-16 13:35:55	2025-04-16 13:35:55
715	58	Coupe / Spyder	2025-04-16 13:35:55	2025-04-16 13:35:55
716	56	CT	2025-04-16 13:35:55	2025-04-16 13:35:55
717	56	CT 200H	2025-04-16 13:35:55	2025-04-16 13:35:55
718	63	CV-9	2025-04-16 13:35:55	2025-04-16 13:35:55
719	59	CX-7	2025-04-16 13:35:55	2025-04-16 13:35:55
720	55	Defender	2025-04-16 13:35:55	2025-04-16 13:35:55
721	64	Delta	2025-04-16 13:35:55	2025-04-16 13:35:55
722	59	Demio	2025-04-16 13:35:55	2025-04-16 13:35:55
723	46	Diablo	2025-04-16 13:35:55	2025-04-16 13:35:55
724	55	Discovery Sport	2025-04-16 13:35:55	2025-04-16 13:35:55
725	59	E2000	2025-04-16 13:35:55	2025-04-16 13:35:55
726	65	Elan	2025-04-16 13:35:55	2025-04-16 13:35:55
727	65	Elise	2025-04-16 13:35:55	2025-04-16 13:35:55
728	65	Esprit	2025-04-16 13:35:55	2025-04-16 13:35:55
729	65	Europa	2025-04-16 13:35:55	2025-04-16 13:35:55
730	65	Evora	2025-04-16 13:35:55	2025-04-16 13:35:55
731	65	Exige	2025-04-16 13:35:55	2025-04-16 13:35:55
732	64	Flavia	2025-04-16 13:35:55	2025-04-16 13:35:55
733	55	Freelander	2025-04-16 13:35:55	2025-04-16 13:35:55
734	55	Freelander V6	2025-04-16 13:35:55	2025-04-16 13:35:55
735	64	FX-Series	2025-04-16 13:35:55	2025-04-16 13:35:55
736	46	Gallardo	2025-04-16 13:35:55	2025-04-16 13:35:55
737	58	Grancabrio	2025-04-16 13:35:55	2025-04-16 13:35:55
738	58	Ghibli	2025-04-16 13:35:55	2025-04-16 13:35:55
739	58	Gransport	2025-04-16 13:35:55	2025-04-16 13:35:55
740	56	GS	2025-04-16 13:35:55	2025-04-16 13:35:55
741	46	Huracan	2025-04-16 13:35:55	2025-04-16 13:35:55
742	55	HSE V8	2025-04-16 13:35:55	2025-04-16 13:35:55
743	56	IS-C	2025-04-16 13:35:55	2025-04-16 13:35:55
744	56	IS-F	2025-04-16 13:35:55	2025-04-16 13:35:55
745	56	LFA	2025-04-16 13:35:55	2025-04-16 13:35:55
746	46	LM	2025-04-16 13:35:55	2025-04-16 13:35:55
747	55	LR2	2025-04-16 13:35:55	2025-04-16 13:35:55
748	55	LR3	2025-04-16 13:35:55	2025-04-16 13:35:55
749	55	LR4	2025-04-16 13:35:55	2025-04-16 13:35:55
750	64	Lybra	2025-04-16 13:35:55	2025-04-16 13:35:55
751	57	LS	2025-04-16 13:35:55	2025-04-16 13:35:55
752	58	MC12	2025-04-16 13:35:55	2025-04-16 13:35:55
753	59	Miata	2025-04-16 13:35:55	2025-04-16 13:35:55
754	46	Miura	2025-04-16 13:35:55	2025-04-16 13:35:55
755	57	MKS	2025-04-16 13:35:55	2025-04-16 13:35:55
756	57	MKT	2025-04-16 13:35:55	2025-04-16 13:35:55
757	57	MK-T	2025-04-16 13:35:55	2025-04-16 13:35:55
758	46	Murcielago	2025-04-16 13:35:55	2025-04-16 13:35:55
759	59	MPV	2025-04-16 13:35:55	2025-04-16 13:35:55
760	64	Musa	2025-04-16 13:35:55	2025-04-16 13:35:55
761	59	MX-3	2025-04-16 13:35:55	2025-04-16 13:35:55
762	59	MX-5	2025-04-16 13:35:55	2025-04-16 13:35:55
763	59	MX-6	2025-04-16 13:35:55	2025-04-16 13:35:55
764	59	Navajo	2025-04-16 13:35:55	2025-04-16 13:35:55
765	56	NX	2025-04-16 13:35:55	2025-04-16 13:35:55
766	64	Phedra	2025-04-16 13:35:55	2025-04-16 13:35:55
767	59	Premacy	2025-04-16 13:35:55	2025-04-16 13:35:55
768	56	RC	2025-04-16 13:35:55	2025-04-16 13:35:55
769	56	RC F	2025-04-16 13:35:55	2025-04-16 13:35:55
770	63	S	2025-04-16 13:35:55	2025-04-16 13:35:55
771	61	S5	2025-04-16 13:35:55	2025-04-16 13:35:55
772	56	SC	2025-04-16 13:35:55	2025-04-16 13:35:55
773	62	Scorpio	2025-04-16 13:35:55	2025-04-16 13:35:55
774	58	Spyder	2025-04-16 13:35:55	2025-04-16 13:35:55
775	64	Thema	2025-04-16 13:35:55	2025-04-16 13:35:55
776	64	Thesis	2025-04-16 13:35:55	2025-04-16 13:35:55
777	57	Town Car	2025-04-16 13:35:55	2025-04-16 13:35:55
778	61	U6	2025-04-16 13:35:55	2025-04-16 13:35:55
779	64	Voyager	2025-04-16 13:35:55	2025-04-16 13:35:55
780	64	Y	2025-04-16 13:35:55	2025-04-16 13:35:55
781	66	C 63 AMG	2025-04-16 13:35:55	2025-04-16 13:35:55
782	66	C-Class	2025-04-16 13:35:55	2025-04-16 13:35:55
783	66	E 63 AMG	2025-04-16 13:35:55	2025-04-16 13:35:55
784	66	E-Class	2025-04-16 13:35:55	2025-04-16 13:35:55
785	66	G-Class	2025-04-16 13:35:55	2025-04-16 13:35:55
786	66	GL-Class	2025-04-16 13:35:55	2025-04-16 13:35:55
787	66	ML 63 AMG	2025-04-16 13:35:55	2025-04-16 13:35:55
788	66	S 63 AMG	2025-04-16 13:35:55	2025-04-16 13:35:55
789	66	S-Class	2025-04-16 13:35:55	2025-04-16 13:35:55
790	66	Sl-Class	2025-04-16 13:35:55	2025-04-16 13:35:55
791	67	Cooper	2025-04-16 13:35:55	2025-04-16 13:35:55
792	67	Cooper Clubman	2025-04-16 13:35:55	2025-04-16 13:35:55
793	67	Cooper Countryman	2025-04-16 13:35:55	2025-04-16 13:35:55
794	66	190	2025-04-16 13:35:55	2025-04-16 13:35:55
795	66	240/260/280	2025-04-16 13:35:55	2025-04-16 13:35:55
796	68	3	2025-04-16 13:35:55	2025-04-16 13:35:55
797	66	300/350/380	2025-04-16 13:35:55	2025-04-16 13:35:55
798	68	350	2025-04-16 13:35:55	2025-04-16 13:35:55
799	66	400/420	2025-04-16 13:35:55	2025-04-16 13:35:55
800	68	5	2025-04-16 13:35:55	2025-04-16 13:35:55
801	66	500/560	2025-04-16 13:35:55	2025-04-16 13:35:55
802	69	540C	2025-04-16 13:35:55	2025-04-16 13:35:55
803	69	570S	2025-04-16 13:35:55	2025-04-16 13:35:55
804	69	650S	2025-04-16 13:35:55	2025-04-16 13:35:55
805	68	6	2025-04-16 13:35:55	2025-04-16 13:35:55
806	69	675LT	2025-04-16 13:35:55	2025-04-16 13:35:55
807	68	750	2025-04-16 13:35:55	2025-04-16 13:35:55
808	66	A 45 AMG	2025-04-16 13:35:55	2025-04-16 13:35:55
809	66	A-Class	2025-04-16 13:35:55	2025-04-16 13:35:55
810	66	B-Klasse Electric Drive	2025-04-16 13:35:55	2025-04-16 13:35:55
811	66	CLA-Klasse	2025-04-16 13:35:55	2025-04-16 13:35:55
812	66	CLC-Class	2025-04-16 13:35:55	2025-04-16 13:35:55
813	66	CL-Class	2025-04-16 13:35:55	2025-04-16 13:35:55
814	66	CLK-Class	2025-04-16 13:35:55	2025-04-16 13:35:55
815	66	CLS 63 AMG	2025-04-16 13:35:55	2025-04-16 13:35:55
816	66	CLS-Class	2025-04-16 13:35:55	2025-04-16 13:35:55
817	66	CLS Shooting Brake	2025-04-16 13:35:55	2025-04-16 13:35:55
818	67	Cooper S	2025-04-16 13:35:55	2025-04-16 13:35:55
819	70	Cougar	2025-04-16 13:35:55	2025-04-16 13:35:55
820	67	Coupe	2025-04-16 13:35:55	2025-04-16 13:35:55
821	66	E-Series	2025-04-16 13:35:55	2025-04-16 13:35:55
822	69	F1	2025-04-16 13:35:55	2025-04-16 13:35:55
823	66	G 63 AMG	2025-04-16 13:35:55	2025-04-16 13:35:55
824	66	G 65 AMG	2025-04-16 13:35:55	2025-04-16 13:35:55
825	66	GLA-Class	2025-04-16 13:35:55	2025-04-16 13:35:55
826	66	GLA-Klasse	2025-04-16 13:35:55	2025-04-16 13:35:55
827	66	GLC-Class	2025-04-16 13:35:55	2025-04-16 13:35:55
828	66	GLE	2025-04-16 13:35:55	2025-04-16 13:35:55
829	66	GLE 63 AMG	2025-04-16 13:35:55	2025-04-16 13:35:55
830	66	GLE-Class	2025-04-16 13:35:55	2025-04-16 13:35:55
831	66	GLE-Coupe	2025-04-16 13:35:55	2025-04-16 13:35:55
832	66	GLK-Class	2025-04-16 13:35:55	2025-04-16 13:35:55
833	70	Grand Marquis	2025-04-16 13:35:55	2025-04-16 13:35:55
834	68	GS	2025-04-16 13:35:55	2025-04-16 13:35:55
835	66	G-Series	2025-04-16 13:35:55	2025-04-16 13:35:55
836	70	Marauder	2025-04-16 13:35:55	2025-04-16 13:35:55
837	70	Marquis	2025-04-16 13:35:55	2025-04-16 13:35:55
838	70	Mariner	2025-04-16 13:35:55	2025-04-16 13:35:55
839	66	M-Class	2025-04-16 13:35:55	2025-04-16 13:35:55
840	68	MG TF	2025-04-16 13:35:55	2025-04-16 13:35:55
841	68	MG ZR	2025-04-16 13:35:55	2025-04-16 13:35:55
842	68	MG ZS	2025-04-16 13:35:55	2025-04-16 13:35:55
843	68	Midget	2025-04-16 13:35:55	2025-04-16 13:35:55
844	70	Milan	2025-04-16 13:35:55	2025-04-16 13:35:55
845	70	Montego	2025-04-16 13:35:55	2025-04-16 13:35:55
846	70	Mountaineer	2025-04-16 13:35:55	2025-04-16 13:35:55
847	69	MP4-12C	2025-04-16 13:35:55	2025-04-16 13:35:55
848	69	P1	2025-04-16 13:35:55	2025-04-16 13:35:55
849	67	Paceman	2025-04-16 13:35:55	2025-04-16 13:35:55
850	59	Protege	2025-04-16 13:35:55	2025-04-16 13:35:55
851	66	R-Class	2025-04-16 13:35:55	2025-04-16 13:35:55
852	67	Roadster	2025-04-16 13:35:55	2025-04-16 13:35:55
853	59	RX-6	2025-04-16 13:35:55	2025-04-16 13:35:55
854	59	RX-7	2025-04-16 13:35:55	2025-04-16 13:35:55
855	59	RX-8	2025-04-16 13:35:55	2025-04-16 13:35:55
856	66	S 65 AMG	2025-04-16 13:35:55	2025-04-16 13:35:55
857	70	Sable	2025-04-16 13:35:55	2025-04-16 13:35:55
858	66	S-Class Maybach	2025-04-16 13:35:55	2025-04-16 13:35:55
859	69	SLR	2025-04-16 13:35:55	2025-04-16 13:35:55
860	66	SL 65 AMG	2025-04-16 13:35:55	2025-04-16 13:35:55
861	66	SLR	2025-04-16 13:35:55	2025-04-16 13:35:55
862	66	SLR McLaren	2025-04-16 13:35:55	2025-04-16 13:35:55
863	66	SLS	2025-04-16 13:35:55	2025-04-16 13:35:55
864	66	SLS AMG	2025-04-16 13:35:55	2025-04-16 13:35:55
865	66	SLS AMG Elektro	2025-04-16 13:35:55	2025-04-16 13:35:55
866	66	SLS AMG Roadster	2025-04-16 13:35:55	2025-04-16 13:35:55
867	66	Sprinter	2025-04-16 13:35:55	2025-04-16 13:35:55
868	59	T 3500	2025-04-16 13:35:55	2025-04-16 13:35:55
869	59	Tribute	2025-04-16 13:35:55	2025-04-16 13:35:55
870	66	Vaneo	2025-04-16 13:35:55	2025-04-16 13:35:55
871	66	Viano	2025-04-16 13:35:55	2025-04-16 13:35:55
872	66	Vito	2025-04-16 13:35:55	2025-04-16 13:35:55
873	66	V-Klasse	2025-04-16 13:35:55	2025-04-16 13:35:55
874	59	Xedos	2025-04-16 13:35:55	2025-04-16 13:35:55
875	59	Xedos 9	2025-04-16 13:35:55	2025-04-16 13:35:55
876	70	Zephyr	2025-04-16 13:35:55	2025-04-16 13:35:55
877	71	ASX	2025-04-16 13:35:55	2025-04-16 13:35:55
878	71	Lancer	2025-04-16 13:35:55	2025-04-16 13:35:55
879	71	Lancer EX	2025-04-16 13:35:55	2025-04-16 13:35:55
880	71	Outlander	2025-04-16 13:35:55	2025-04-16 13:35:55
881	71	Pajero	2025-04-16 13:35:55	2025-04-16 13:35:55
882	72	Altima	2025-04-16 13:35:55	2025-04-16 13:35:55
883	72	Patrol	2025-04-16 13:35:55	2025-04-16 13:35:55
884	72	Juke	2025-04-16 13:35:55	2025-04-16 13:35:55
885	72	370Z	2025-04-16 13:35:55	2025-04-16 13:35:55
886	72	Armada	2025-04-16 13:35:55	2025-04-16 13:35:55
887	72	GT-R	2025-04-16 13:35:55	2025-04-16 13:35:55
888	72	Maxima	2025-04-16 13:35:55	2025-04-16 13:35:55
889	72	Murano	2025-04-16 13:35:55	2025-04-16 13:35:55
890	72	Pathfinder	2025-04-16 13:35:55	2025-04-16 13:35:55
891	72	Patrol Safari	2025-04-16 13:35:55	2025-04-16 13:35:55
892	72	Sentra	2025-04-16 13:35:55	2025-04-16 13:35:55
893	72	Sunny	2025-04-16 13:35:55	2025-04-16 13:35:55
894	72	Tiida	2025-04-16 13:35:55	2025-04-16 13:35:55
895	72	Xterra	2025-04-16 13:35:55	2025-04-16 13:35:55
896	72	Xtrail	2025-04-16 13:35:55	2025-04-16 13:35:55
897	72	300Z	2025-04-16 13:35:55	2025-04-16 13:35:55
898	72	350Z	2025-04-16 13:35:55	2025-04-16 13:35:55
899	73	3-Wheeler	2025-04-16 13:35:55	2025-04-16 13:35:55
900	73	4-Apr	2025-04-16 13:35:55	2025-04-16 13:35:55
901	73	Aero 8	2025-04-16 13:35:55	2025-04-16 13:35:55
902	73	Aero Coupe	2025-04-16 13:35:55	2025-04-16 13:35:55
903	72	Almera	2025-04-16 13:35:55	2025-04-16 13:35:55
904	72	Almera Tino	2025-04-16 13:35:55	2025-04-16 13:35:55
905	71	Attrage	2025-04-16 13:35:55	2025-04-16 13:35:55
906	72	Atleon 140	2025-04-16 13:35:55	2025-04-16 13:35:55
907	72	Bluebird	2025-04-16 13:35:55	2025-04-16 13:35:55
908	72	Cabstar	2025-04-16 13:35:55	2025-04-16 13:35:55
909	71	Canter	2025-04-16 13:35:55	2025-04-16 13:35:55
910	71	Carisma	2025-04-16 13:35:55	2025-04-16 13:35:55
911	72	Cedric	2025-04-16 13:35:55	2025-04-16 13:35:55
912	71	Celeste	2025-04-16 13:35:55	2025-04-16 13:35:55
913	72	Civilian	2025-04-16 13:35:55	2025-04-16 13:35:55
914	71	Colt	2025-04-16 13:35:55	2025-04-16 13:35:55
915	71	Colt Neu	2025-04-16 13:35:55	2025-04-16 13:35:55
916	71	Cordia	2025-04-16 13:35:55	2025-04-16 13:35:55
917	74	Countryman	2025-04-16 13:35:55	2025-04-16 13:35:55
918	72	Cube	2025-04-16 13:35:55	2025-04-16 13:35:55
919	75	Cutlass	2025-04-16 13:35:55	2025-04-16 13:35:55
920	71	Delica	2025-04-16 13:35:55	2025-04-16 13:35:55
921	71	Eclipse	2025-04-16 13:35:55	2025-04-16 13:35:55
922	71	Electric Vehicle	2025-04-16 13:35:55	2025-04-16 13:35:55
923	71	Endeavor	2025-04-16 13:35:55	2025-04-16 13:35:55
924	71	Evolution	2025-04-16 13:35:55	2025-04-16 13:35:55
925	71	Fortis	2025-04-16 13:35:55	2025-04-16 13:35:55
926	71	Galant	2025-04-16 13:35:55	2025-04-16 13:35:55
927	72	Gloria	2025-04-16 13:35:55	2025-04-16 13:35:55
928	71	Grandis	2025-04-16 13:35:55	2025-04-16 13:35:55
929	71	I-Miev	2025-04-16 13:35:55	2025-04-16 13:35:55
930	71	L200	2025-04-16 13:35:55	2025-04-16 13:35:55
931	71	L300	2025-04-16 13:35:55	2025-04-16 13:35:55
932	71	Lancer Evolution	2025-04-16 13:35:55	2025-04-16 13:35:55
933	71	Lancer Fortis	2025-04-16 13:35:55	2025-04-16 13:35:55
934	72	LEAF	2025-04-16 13:35:55	2025-04-16 13:35:55
935	76	M400	2025-04-16 13:35:55	2025-04-16 13:35:55
936	76	M600	2025-04-16 13:35:55	2025-04-16 13:35:55
937	71	Magna	2025-04-16 13:35:55	2025-04-16 13:35:55
938	72	Micra	2025-04-16 13:35:55	2025-04-16 13:35:55
939	74	Mini II	2025-04-16 13:35:55	2025-04-16 13:35:55
940	72	Minivan	2025-04-16 13:35:55	2025-04-16 13:35:55
941	71	Minivan	2025-04-16 13:35:55	2025-04-16 13:35:55
942	71	Mirage	2025-04-16 13:35:55	2025-04-16 13:35:55
943	71	Nativa	2025-04-16 13:35:55	2025-04-16 13:35:55
944	72	Navara	2025-04-16 13:35:55	2025-04-16 13:35:55
945	72	Note	2025-04-16 13:35:55	2025-04-16 13:35:55
946	74	Paceman	2025-04-16 13:35:55	2025-04-16 13:35:55
947	71	Pajero Pinin	2025-04-16 13:35:55	2025-04-16 13:35:55
948	72	Pathfinder Classic	2025-04-16 13:35:55	2025-04-16 13:35:55
949	72	Patrol GR	2025-04-16 13:35:55	2025-04-16 13:35:55
950	72	Pickup	2025-04-16 13:35:55	2025-04-16 13:35:55
951	71	PickUp	2025-04-16 13:35:55	2025-04-16 13:35:55
952	72	Pixo	2025-04-16 13:35:55	2025-04-16 13:35:55
953	73	Plus 4	2025-04-16 13:35:55	2025-04-16 13:35:55
954	73	Plus 8	2025-04-16 13:35:55	2025-04-16 13:35:55
955	72	Primera	2025-04-16 13:35:55	2025-04-16 13:35:55
956	72	Pulsar	2025-04-16 13:35:55	2025-04-16 13:35:55
957	72	Qashqai	2025-04-16 13:35:55	2025-04-16 13:35:55
958	72	Quest	2025-04-16 13:35:55	2025-04-16 13:35:55
959	71	Rosa	2025-04-16 13:35:55	2025-04-16 13:35:55
960	72	S130	2025-04-16 13:35:55	2025-04-16 13:35:55
961	71	Sapporo	2025-04-16 13:35:55	2025-04-16 13:35:55
962	75	Silhouette	2025-04-16 13:35:55	2025-04-16 13:35:55
963	72	Skyline	2025-04-16 13:35:55	2025-04-16 13:35:55
964	71	Space Star	2025-04-16 13:35:55	2025-04-16 13:35:55
965	71	SpaceWagon	2025-04-16 13:35:55	2025-04-16 13:35:55
966	71	Space Wagon	2025-04-16 13:35:55	2025-04-16 13:35:55
967	72	TEANA	2025-04-16 13:35:55	2025-04-16 13:35:55
968	72	Terrano	2025-04-16 13:35:55	2025-04-16 13:35:55
969	75	Toronado	2025-04-16 13:35:55	2025-04-16 13:35:55
970	72	Titan	2025-04-16 13:35:55	2025-04-16 13:35:55
971	72	UD	2025-04-16 13:35:55	2025-04-16 13:35:55
972	72	Urvan	2025-04-16 13:35:55	2025-04-16 13:35:55
973	72	Versa	2025-04-16 13:35:55	2025-04-16 13:35:55
974	77	2008	2025-04-16 13:35:55	2025-04-16 13:35:55
975	77	208	2025-04-16 13:35:55	2025-04-16 13:35:55
976	77	3008	2025-04-16 13:35:55	2025-04-16 13:35:55
977	77	301	2025-04-16 13:35:55	2025-04-16 13:35:55
978	77	308	2025-04-16 13:35:55	2025-04-16 13:35:55
979	77	5008	2025-04-16 13:35:55	2025-04-16 13:35:55
980	77	508	2025-04-16 13:35:55	2025-04-16 13:35:55
981	77	RCZ	2025-04-16 13:35:55	2025-04-16 13:35:55
982	78	Boxster	2025-04-16 13:35:55	2025-04-16 13:35:55
983	78	Cayenne	2025-04-16 13:35:55	2025-04-16 13:35:55
984	78	Cayman	2025-04-16 13:35:55	2025-04-16 13:35:55
985	78	Panamera	2025-04-16 13:35:55	2025-04-16 13:35:55
986	77	106	2025-04-16 13:35:55	2025-04-16 13:35:55
987	77	107	2025-04-16 13:35:55	2025-04-16 13:35:55
988	77	108	2025-04-16 13:35:55	2025-04-16 13:35:55
989	79	1500	2025-04-16 13:35:55	2025-04-16 13:35:55
990	77	205	2025-04-16 13:35:55	2025-04-16 13:35:55
991	77	206	2025-04-16 13:35:55	2025-04-16 13:35:55
992	77	207	2025-04-16 13:35:55	2025-04-16 13:35:55
993	77	306	2025-04-16 13:35:55	2025-04-16 13:35:55
994	77	307	2025-04-16 13:35:55	2025-04-16 13:35:55
995	77	4007	2025-04-16 13:35:55	2025-04-16 13:35:55
996	77	4008	2025-04-16 13:35:55	2025-04-16 13:35:55
997	77	406	2025-04-16 13:35:55	2025-04-16 13:35:55
998	77	407	2025-04-16 13:35:55	2025-04-16 13:35:55
999	77	408	2025-04-16 13:35:55	2025-04-16 13:35:55
1000	77	504	2025-04-16 13:35:55	2025-04-16 13:35:55
1001	77	505	2025-04-16 13:35:55	2025-04-16 13:35:55
1002	77	604	2025-04-16 13:35:55	2025-04-16 13:35:55
1003	77	605	2025-04-16 13:35:55	2025-04-16 13:35:55
1004	77	607	2025-04-16 13:35:55	2025-04-16 13:35:55
1005	77	807	2025-04-16 13:35:55	2025-04-16 13:35:55
1006	78	911 Carrera	2025-04-16 13:35:55	2025-04-16 13:35:55
1007	78	911 Carrera 4	2025-04-16 13:35:55	2025-04-16 13:35:55
1008	78	911 Carrera 4 GTS	2025-04-16 13:35:55	2025-04-16 13:35:55
1009	78	911 Carrera 4S	2025-04-16 13:35:55	2025-04-16 13:35:55
1010	78	911 Carrera GTS	2025-04-16 13:35:55	2025-04-16 13:35:55
1011	78	911 Carrera S	2025-04-16 13:35:55	2025-04-16 13:35:55
1012	78	911 GT2	2025-04-16 13:35:55	2025-04-16 13:35:55
1013	78	911 GT3	2025-04-16 13:35:55	2025-04-16 13:35:55
1014	78	911 GT3 RS	2025-04-16 13:35:55	2025-04-16 13:35:55
1015	78	911 Speedster	2025-04-16 13:35:55	2025-04-16 13:35:55
1016	78	911 Targa 4	2025-04-16 13:35:55	2025-04-16 13:35:55
1017	78	911 Targa 4S	2025-04-16 13:35:55	2025-04-16 13:35:55
1018	78	911 Targa GTS	2025-04-16 13:35:55	2025-04-16 13:35:55
1019	78	911 Turbo	2025-04-16 13:35:55	2025-04-16 13:35:55
1020	78	911 Turbo S	2025-04-16 13:35:55	2025-04-16 13:35:55
1021	78	918	2025-04-16 13:35:55	2025-04-16 13:35:55
1022	78	928	2025-04-16 13:35:55	2025-04-16 13:35:55
1023	78	944	2025-04-16 13:35:55	2025-04-16 13:35:55
1024	78	968	2025-04-16 13:35:55	2025-04-16 13:35:55
1025	78	9FF	2025-04-16 13:35:55	2025-04-16 13:35:55
1026	80	Adam	2025-04-16 13:35:55	2025-04-16 13:35:55
1027	80	Agila	2025-04-16 13:35:55	2025-04-16 13:35:55
1028	80	Ampera	2025-04-16 13:35:55	2025-04-16 13:35:55
1029	80	Antara	2025-04-16 13:35:55	2025-04-16 13:35:55
1030	80	Astra OPC	2025-04-16 13:35:56	2025-04-16 13:35:56
1031	80	Astra	2025-04-16 13:35:56	2025-04-16 13:35:56
1032	77	Bipper	2025-04-16 13:35:56	2025-04-16 13:35:56
1033	77	Boxer	2025-04-16 13:35:56	2025-04-16 13:35:56
1034	80	Cascada	2025-04-16 13:35:56	2025-04-16 13:35:56
1035	80	Combo	2025-04-16 13:35:56	2025-04-16 13:35:56
1036	80	Corsa	2025-04-16 13:35:56	2025-04-16 13:35:56
1037	77	Expert	2025-04-16 13:35:56	2025-04-16 13:35:56
1038	80	Frontera	2025-04-16 13:35:56	2025-04-16 13:35:56
1039	81	Gen-2	2025-04-16 13:35:56	2025-04-16 13:35:56
1040	82	Grand AM	2025-04-16 13:35:56	2025-04-16 13:35:56
1041	80	GT	2025-04-16 13:35:56	2025-04-16 13:35:56
1042	82	GTO	2025-04-16 13:35:56	2025-04-16 13:35:56
1043	83	Huayra	2025-04-16 13:35:56	2025-04-16 13:35:56
1044	80	Insignia	2025-04-16 13:35:56	2025-04-16 13:35:56
1045	80	Insignia Country Tourer	2025-04-16 13:35:56	2025-04-16 13:35:56
1046	77	Ion	2025-04-16 13:35:56	2025-04-16 13:35:56
1047	80	Kadett	2025-04-16 13:35:56	2025-04-16 13:35:56
1048	80	Karl	2025-04-16 13:35:56	2025-04-16 13:35:56
1049	78	Macan	2025-04-16 13:35:56	2025-04-16 13:35:56
1050	80	Meriva	2025-04-16 13:35:56	2025-04-16 13:35:56
1051	80	Mokka	2025-04-16 13:35:56	2025-04-16 13:35:56
1052	80	Omega	2025-04-16 13:35:56	2025-04-16 13:35:56
1053	77	Partner	2025-04-16 13:35:56	2025-04-16 13:35:56
1054	77	RC7	2025-04-16 13:35:56	2025-04-16 13:35:56
1055	81	Savvy	2025-04-16 13:35:56	2025-04-16 13:35:56
1056	80	Signum	2025-04-16 13:35:56	2025-04-16 13:35:56
1057	82	Solstice	2025-04-16 13:35:56	2025-04-16 13:35:56
1058	84	Speedster	2025-04-16 13:35:56	2025-04-16 13:35:56
1059	80	Speedster	2025-04-16 13:35:56	2025-04-16 13:35:56
1060	85	Spirra	2025-04-16 13:35:56	2025-04-16 13:35:56
1061	80	Tigra	2025-04-16 13:35:56	2025-04-16 13:35:56
1062	80	Tigra Twin Top	2025-04-16 13:35:56	2025-04-16 13:35:56
1063	80	Vectra	2025-04-16 13:35:56	2025-04-16 13:35:56
1064	80	Vita	2025-04-16 13:35:56	2025-04-16 13:35:56
1065	81	Waja	2025-04-16 13:35:56	2025-04-16 13:35:56
1066	82	Wave	2025-04-16 13:35:56	2025-04-16 13:35:56
1067	81	Wira	2025-04-16 13:35:56	2025-04-16 13:35:56
1068	77	X Line	2025-04-16 13:35:56	2025-04-16 13:35:56
1069	80	Zafira	2025-04-16 13:35:56	2025-04-16 13:35:56
1070	83	Zonda	2025-04-16 13:35:56	2025-04-16 13:35:56
1071	86	Captur	2025-04-16 13:35:56	2025-04-16 13:35:56
1072	86	Duster	2025-04-16 13:35:56	2025-04-16 13:35:56
1073	86	Koleos	2025-04-16 13:35:56	2025-04-16 13:35:56
1074	86	Megane	2025-04-16 13:35:56	2025-04-16 13:35:56
1075	86	Symbol	2025-04-16 13:35:56	2025-04-16 13:35:56
1076	87	Ghost	2025-04-16 13:35:56	2025-04-16 13:35:56
1077	87	Phantom	2025-04-16 13:35:56	2025-04-16 13:35:56
1078	87	Wraith	2025-04-16 13:35:56	2025-04-16 13:35:56
1079	88	900	2025-04-16 13:35:56	2025-04-16 13:35:56
1080	88	9000	2025-04-16 13:35:56	2025-04-16 13:35:56
1081	88	3-Sep	2025-04-16 13:35:56	2025-04-16 13:35:56
1082	88	5-Sep	2025-04-16 13:35:56	2025-04-16 13:35:56
1083	88	9-7X	2025-04-16 13:35:56	2025-04-16 13:35:56
1084	89	Actyon	2025-04-16 13:35:56	2025-04-16 13:35:56
1085	90	Alhambra	2025-04-16 13:35:56	2025-04-16 13:35:56
1086	90	Altea	2025-04-16 13:35:56	2025-04-16 13:35:56
1087	90	Arosa	2025-04-16 13:35:56	2025-04-16 13:35:56
1088	91	B9 Tribeca	2025-04-16 13:35:56	2025-04-16 13:35:56
1089	91	BRZ	2025-04-16 13:35:56	2025-04-16 13:35:56
1090	92	C8	2025-04-16 13:35:56	2025-04-16 13:35:56
1091	93	Citigo	2025-04-16 13:35:56	2025-04-16 13:35:56
1092	86	Clio	2025-04-16 13:35:56	2025-04-16 13:35:56
1093	86	Clio RS	2025-04-16 13:35:56	2025-04-16 13:35:56
1094	90	Cordoba	2025-04-16 13:35:56	2025-04-16 13:35:56
1095	87	Corniche	2025-04-16 13:35:56	2025-04-16 13:35:56
1096	92	D12	2025-04-16 13:35:56	2025-04-16 13:35:56
1097	86	Dokker	2025-04-16 13:35:56	2025-04-16 13:35:56
1098	87	Drophead	2025-04-16 13:35:56	2025-04-16 13:35:56
1099	86	Espace	2025-04-16 13:35:56	2025-04-16 13:35:56
1100	90	Exeo	2025-04-16 13:35:56	2025-04-16 13:35:56
1101	93	Fabia	2025-04-16 13:35:56	2025-04-16 13:35:56
1102	93	Felicia	2025-04-16 13:35:56	2025-04-16 13:35:56
1103	86	Fluence	2025-04-16 13:35:56	2025-04-16 13:35:56
1104	86	Fluence Elektro	2025-04-16 13:35:56	2025-04-16 13:35:56
1105	91	Forester	2025-04-16 13:35:56	2025-04-16 13:35:56
1106	94	Forfour	2025-04-16 13:35:56	2025-04-16 13:35:56
1107	94	Fortwo	2025-04-16 13:35:56	2025-04-16 13:35:56
1108	90	Ibiza	2025-04-16 13:35:56	2025-04-16 13:35:56
1109	91	Impreza	2025-04-16 13:35:56	2025-04-16 13:35:56
1110	90	Inca	2025-04-16 13:35:56	2025-04-16 13:35:56
1111	91	Justy	2025-04-16 13:35:56	2025-04-16 13:35:56
1112	91	Justy G3X	2025-04-16 13:35:56	2025-04-16 13:35:56
1113	86	Kadjar	2025-04-16 13:35:56	2025-04-16 13:35:56
1114	89	Korando	2025-04-16 13:35:56	2025-04-16 13:35:56
1115	89	Kyron	2025-04-16 13:35:56	2025-04-16 13:35:56
1116	86	Kangoo	2025-04-16 13:35:56	2025-04-16 13:35:56
1117	86	Laguna	2025-04-16 13:35:56	2025-04-16 13:35:56
1118	86	Latitude	2025-04-16 13:35:56	2025-04-16 13:35:56
1119	95	Land	2025-04-16 13:35:56	2025-04-16 13:35:56
1120	91	Legacy	2025-04-16 13:35:56	2025-04-16 13:35:56
1121	90	Leon	2025-04-16 13:35:56	2025-04-16 13:35:56
1122	86	Logan	2025-04-16 13:35:56	2025-04-16 13:35:56
1123	86	Master	2025-04-16 13:35:56	2025-04-16 13:35:56
1124	90	Mii	2025-04-16 13:35:56	2025-04-16 13:35:56
1125	86	Modus	2025-04-16 13:35:56	2025-04-16 13:35:56
1126	89	Musso	2025-04-16 13:35:56	2025-04-16 13:35:56
1127	93	Octavia	2025-04-16 13:35:56	2025-04-16 13:35:56
1128	87	Park Ward	2025-04-16 13:35:56	2025-04-16 13:35:56
1129	87	Phantom Series II	2025-04-16 13:35:56	2025-04-16 13:35:56
1130	86	R12	2025-04-16 13:35:56	2025-04-16 13:35:56
1131	86	R19	2025-04-16 13:35:56	2025-04-16 13:35:56
1132	86	R9	2025-04-16 13:35:56	2025-04-16 13:35:56
1133	93	Rapid	2025-04-16 13:35:56	2025-04-16 13:35:56
1134	89	Rexton	2025-04-16 13:35:56	2025-04-16 13:35:56
1135	89	Rodius	2025-04-16 13:35:56	2025-04-16 13:35:56
1136	93	Roomster	2025-04-16 13:35:56	2025-04-16 13:35:56
1137	95	Rover 25	2025-04-16 13:35:56	2025-04-16 13:35:56
1138	95	Rover 45	2025-04-16 13:35:56	2025-04-16 13:35:56
1139	95	Rover 75	2025-04-16 13:35:56	2025-04-16 13:35:56
1140	95	Rover Streetwise	2025-04-16 13:35:56	2025-04-16 13:35:56
1141	88	Saab 9-3 X	2025-04-16 13:35:56	2025-04-16 13:35:56
1142	88	Saab 9-4X	2025-04-16 13:35:56	2025-04-16 13:35:56
1143	86	Safrane	2025-04-16 13:35:56	2025-04-16 13:35:56
1144	86	Sandero	2025-04-16 13:35:56	2025-04-16 13:35:56
1145	86	Scenic	2025-04-16 13:35:56	2025-04-16 13:35:56
1146	87	Silver Cloud	2025-04-16 13:35:56	2025-04-16 13:35:56
1147	87	Silver Race	2025-04-16 13:35:56	2025-04-16 13:35:56
1148	87	Silver Seraph	2025-04-16 13:35:56	2025-04-16 13:35:56
1149	87	Silver Shadow II	2025-04-16 13:35:56	2025-04-16 13:35:56
1150	87	Silver Shadow One	2025-04-16 13:35:56	2025-04-16 13:35:56
1151	87	Silver Spur	2025-04-16 13:35:56	2025-04-16 13:35:56
1152	87	Silver Spur II	2025-04-16 13:35:56	2025-04-16 13:35:56
1153	87	Silver Wraith	2025-04-16 13:35:56	2025-04-16 13:35:56
1154	94	Smart Fortwo Elektro	2025-04-16 13:35:56	2025-04-16 13:35:56
1155	94	Smart roadster	2025-04-16 13:35:56	2025-04-16 13:35:56
1156	93	Superb	2025-04-16 13:35:56	2025-04-16 13:35:56
1157	89	Tivoli	2025-04-16 13:35:56	2025-04-16 13:35:56
1158	90	Toledo	2025-04-16 13:35:56	2025-04-16 13:35:56
1159	86	Trafic	2025-04-16 13:35:56	2025-04-16 13:35:56
1160	91	Trezia	2025-04-16 13:35:56	2025-04-16 13:35:56
1161	86	Twingo	2025-04-16 13:35:56	2025-04-16 13:35:56
1162	86	Twizy	2025-04-16 13:35:56	2025-04-16 13:35:56
1163	95	VL 75	2025-04-16 13:35:56	2025-04-16 13:35:56
1164	86	Wind	2025-04-16 13:35:56	2025-04-16 13:35:56
1165	93	Yeti	2025-04-16 13:35:56	2025-04-16 13:35:56
1166	86	ZOE	2025-04-16 13:35:56	2025-04-16 13:35:56
1167	86	ZOE	2025-04-16 13:35:56	2025-04-16 13:35:56
1168	96	APV	2025-04-16 13:35:56	2025-04-16 13:35:56
1169	96	Carry	2025-04-16 13:35:56	2025-04-16 13:35:56
1170	96	Celerio	2025-04-16 13:35:56	2025-04-16 13:35:56
1171	96	Ertiga	2025-04-16 13:35:56	2025-04-16 13:35:56
1172	96	Grand Vitara	2025-04-16 13:35:56	2025-04-16 13:35:56
1173	96	Jimny	2025-04-16 13:35:56	2025-04-16 13:35:56
1174	96	Kizashi	2025-04-16 13:35:56	2025-04-16 13:35:56
1175	97	86	2025-04-16 13:35:56	2025-04-16 13:35:56
1176	97	Avalon	2025-04-16 13:35:56	2025-04-16 13:35:56
1177	97	Camry	2025-04-16 13:35:56	2025-04-16 13:35:56
1178	97	Corolla	2025-04-16 13:35:56	2025-04-16 13:35:56
1179	97	FJ Cruiser	2025-04-16 13:35:56	2025-04-16 13:35:56
1180	97	Fortuner	2025-04-16 13:35:56	2025-04-16 13:35:56
1181	97	Innova	2025-04-16 13:35:56	2025-04-16 13:35:56
1182	97	Land Cruiser	2025-04-16 13:35:56	2025-04-16 13:35:56
1183	97	Prado	2025-04-16 13:35:56	2025-04-16 13:35:56
1184	97	Previa	2025-04-16 13:35:56	2025-04-16 13:35:56
1185	97	Prius	2025-04-16 13:35:56	2025-04-16 13:35:56
1186	97	RAV4	2025-04-16 13:35:56	2025-04-16 13:35:56
1187	97	Yaris	2025-04-16 13:35:56	2025-04-16 13:35:56
1188	98	Beetle	2025-04-16 13:35:56	2025-04-16 13:35:56
1189	98	Golf	2025-04-16 13:35:56	2025-04-16 13:35:56
1190	98	Golf R	2025-04-16 13:35:56	2025-04-16 13:35:56
1191	98	Jetta	2025-04-16 13:35:56	2025-04-16 13:35:56
1192	99	1618	2025-04-16 13:35:56	2025-04-16 13:35:56
1193	97	4Runner	2025-04-16 13:35:56	2025-04-16 13:35:56
1194	96	Alto	2025-04-16 13:35:56	2025-04-16 13:35:56
1195	96	APV Van	2025-04-16 13:35:56	2025-04-16 13:35:56
1196	98	Amarok	2025-04-16 13:35:56	2025-04-16 13:35:56
1197	97	Aurion	2025-04-16 13:35:56	2025-04-16 13:35:56
1198	97	Auris	2025-04-16 13:35:56	2025-04-16 13:35:56
1199	97	Avanza	2025-04-16 13:35:56	2025-04-16 13:35:56
1200	97	Avensis	2025-04-16 13:35:56	2025-04-16 13:35:56
1201	97	Avensis Verso	2025-04-16 13:35:56	2025-04-16 13:35:56
1202	97	Aygo	2025-04-16 13:35:56	2025-04-16 13:35:56
1203	96	Baleno	2025-04-16 13:35:56	2025-04-16 13:35:56
1204	98	Bora	2025-04-16 13:35:56	2025-04-16 13:35:56
1205	98	Cabrio	2025-04-16 13:35:56	2025-04-16 13:35:56
1206	98	Caddy	2025-04-16 13:35:56	2025-04-16 13:35:56
1207	97	Carina	2025-04-16 13:35:56	2025-04-16 13:35:56
1208	98	CC	2025-04-16 13:35:56	2025-04-16 13:35:56
1209	97	Celica	2025-04-16 13:35:56	2025-04-16 13:35:56
1210	96	Ciaz	2025-04-16 13:35:56	2025-04-16 13:35:56
1211	97	Coaster	2025-04-16 13:35:56	2025-04-16 13:35:56
1212	97	Corolla Verso	2025-04-16 13:35:56	2025-04-16 13:35:56
1213	97	Corona	2025-04-16 13:35:56	2025-04-16 13:35:56
1214	98	Crafter	2025-04-16 13:35:56	2025-04-16 13:35:56
1215	97	Cressida	2025-04-16 13:35:56	2025-04-16 13:35:56
1216	97	Crown	2025-04-16 13:35:56	2025-04-16 13:35:56
1217	97	Echo	2025-04-16 13:35:56	2025-04-16 13:35:56
1218	98	EOS	2025-04-16 13:35:56	2025-04-16 13:35:56
1219	98	Eurovan	2025-04-16 13:35:56	2025-04-16 13:35:56
1220	98	Golf Plus	2025-04-16 13:35:56	2025-04-16 13:35:56
1221	98	Golf R32	2025-04-16 13:35:56	2025-04-16 13:35:56
1222	97	GT86	2025-04-16 13:35:56	2025-04-16 13:35:56
1223	98	GTI	2025-04-16 13:35:56	2025-04-16 13:35:56
1224	97	Hiace	2025-04-16 13:35:56	2025-04-16 13:35:56
1225	97	Hilux	2025-04-16 13:35:56	2025-04-16 13:35:56
1226	96	Ignis	2025-04-16 13:35:56	2025-04-16 13:35:56
1227	99	Indica	2025-04-16 13:35:56	2025-04-16 13:35:56
1228	97	IQ	2025-04-16 13:35:56	2025-04-16 13:35:56
1229	97	Land Cruiser 70	2025-04-16 13:35:56	2025-04-16 13:35:56
1230	97	Land Cruiser V8	2025-04-16 13:35:56	2025-04-16 13:35:56
1231	96	Liana	2025-04-16 13:35:56	2025-04-16 13:35:56
1232	99	Manza	2025-04-16 13:35:56	2025-04-16 13:35:56
1233	97	MR2	2025-04-16 13:35:56	2025-04-16 13:35:56
1234	97	MR 2	2025-04-16 13:35:56	2025-04-16 13:35:56
1235	97	Prius+	2025-04-16 13:35:56	2025-04-16 13:35:56
1236	99	Safari	2025-04-16 13:35:56	2025-04-16 13:35:56
1237	97	Scion	2025-04-16 13:35:56	2025-04-16 13:35:56
1238	97	Sequoia	2025-04-16 13:35:56	2025-04-16 13:35:56
1239	97	Sienna	2025-04-16 13:35:56	2025-04-16 13:35:56
1240	97	Solara	2025-04-16 13:35:56	2025-04-16 13:35:56
1241	96	Splash	2025-04-16 13:35:56	2025-04-16 13:35:56
1242	97	Starlet	2025-04-16 13:35:56	2025-04-16 13:35:56
1243	97	Supra	2025-04-16 13:35:56	2025-04-16 13:35:56
1244	96	SX4	2025-04-16 13:35:56	2025-04-16 13:35:56
1245	96	Swift	2025-04-16 13:35:56	2025-04-16 13:35:56
1246	96	SX4 S-Cross	2025-04-16 13:35:56	2025-04-16 13:35:56
1247	99	Telcoline	2025-04-16 13:35:56	2025-04-16 13:35:56
1248	97	Tacoma	2025-04-16 13:35:56	2025-04-16 13:35:56
1249	97	Tercel	2025-04-16 13:35:56	2025-04-16 13:35:56
1250	100	Tigr	2025-04-16 13:35:56	2025-04-16 13:35:56
1251	91	Tribeca	2025-04-16 13:35:56	2025-04-16 13:35:56
1252	97	Tundra	2025-04-16 13:35:56	2025-04-16 13:35:56
1253	97	Urban Cruiser	2025-04-16 13:35:56	2025-04-16 13:35:56
1254	97	Venza	2025-04-16 13:35:56	2025-04-16 13:35:56
1255	96	Verona	2025-04-16 13:35:56	2025-04-16 13:35:56
1256	97	Verso	2025-04-16 13:35:56	2025-04-16 13:35:56
1257	97	Verso S	2025-04-16 13:35:56	2025-04-16 13:35:56
1258	96	Vitara	2025-04-16 13:35:56	2025-04-16 13:35:56
1259	96	Wagon R+	2025-04-16 13:35:56	2025-04-16 13:35:56
1260	91	WRX	2025-04-16 13:35:56	2025-04-16 13:35:56
1261	91	WRX STI	2025-04-16 13:35:56	2025-04-16 13:35:56
1262	97	XA	2025-04-16 13:35:56	2025-04-16 13:35:56
1263	99	Xenon	2025-04-16 13:35:56	2025-04-16 13:35:56
1264	96	XL7	2025-04-16 13:35:56	2025-04-16 13:35:56
1265	91	XV	2025-04-16 13:35:56	2025-04-16 13:35:56
1266	97	Zalas	2025-04-16 13:35:56	2025-04-16 13:35:56
1267	98	Passat	2025-04-16 13:35:56	2025-04-16 13:35:56
1268	98	Scirocco	2025-04-16 13:35:56	2025-04-16 13:35:56
1269	98	Tiguan	2025-04-16 13:35:56	2025-04-16 13:35:56
1270	98	Touareg	2025-04-16 13:35:56	2025-04-16 13:35:56
1271	101	960	2025-04-16 13:35:56	2025-04-16 13:35:56
1272	101	S90	2025-04-16 13:35:56	2025-04-16 13:35:56
1273	101	V90	2025-04-16 13:35:56	2025-04-16 13:35:56
1274	101	XC60	2025-04-16 13:35:56	2025-04-16 13:35:56
1275	101	XC90	2025-04-16 13:35:56	2025-04-16 13:35:56
1276	2	A4	2025-04-16 13:35:56	2025-04-16 13:35:56
1277	8	tst	2025-04-16 13:35:56	2025-04-16 13:35:56
1278	9	dfadsfdfd	2025-04-16 13:35:56	2025-04-16 13:35:56
1279	7	ewetet	2025-04-16 13:35:56	2025-04-16 13:35:56
1280	102	GT	2025-04-16 13:35:56	2025-04-16 13:35:56
1281	5	145	2025-04-16 13:35:56	2025-04-16 13:35:56
1282	7	test	2025-04-16 13:35:56	2025-04-16 13:35:56
1283	7	test	2025-04-16 13:35:56	2025-04-16 13:35:56
1284	1	DB11	2025-04-16 13:35:56	2025-04-16 13:35:56
1285	1	DB11 Volante	2025-04-16 13:35:56	2025-04-16 13:35:56
1286	57	Continental	2025-04-16 13:35:56	2025-04-16 13:35:56
1287	1	DB9 Volante	2025-04-16 13:35:56	2025-04-16 13:35:56
1288	2	A5 Sportback	2025-04-16 13:35:56	2025-04-16 13:35:56
1289	3	Bentayga	2025-04-16 13:35:56	2025-04-16 13:35:56
1290	40	G	2025-04-16 13:35:56	2025-04-16 13:35:56
1291	4	4-Series Convertible	2025-04-16 13:35:56	2025-04-16 13:35:56
1292	4	M4 Convertible	2025-04-16 13:35:56	2025-04-16 13:35:56
1293	10	ATS Coupe	2025-04-16 13:35:56	2025-04-16 13:35:56
1294	10	ATS V Coupe	2025-04-16 13:35:56	2025-04-16 13:35:56
1295	10	CT6	2025-04-16 13:35:56	2025-04-16 13:35:56
1296	66	ML 350	2025-04-16 13:35:56	2025-04-16 13:35:56
1297	10	XT5	2025-04-16 13:35:56	2025-04-16 13:35:56
1298	10	XTS V	2025-04-16 13:35:56	2025-04-16 13:35:56
1299	26	812	2025-04-16 13:35:56	2025-04-16 13:35:56
1300	26	GTC4	2025-04-16 13:35:56	2025-04-16 13:35:56
1301	26	PORTIFINO	2025-04-16 13:35:56	2025-04-16 13:35:56
1302	66	ML 500	2025-04-16 13:35:56	2025-04-16 13:35:56
1303	86	Talisman	2025-04-16 13:35:56	2025-04-16 13:35:56
1304	98	Scirocco r	2025-04-16 13:35:56	2025-04-16 13:35:56
1305	98	Touran	2025-04-16 13:35:56	2025-04-16 13:35:56
1306	32	Terrain	2025-04-16 13:35:56	2025-04-16 13:35:56
1307	101	V940	2025-04-16 13:35:56	2025-04-16 13:35:56
1308	77	1007	2025-04-16 13:35:56	2025-04-16 13:35:56
1309	45	110	2025-04-16 13:35:56	2025-04-16 13:35:56
1310	26	125	2025-04-16 13:35:56	2025-04-16 13:35:56
1311	27	128	2025-04-16 13:35:56	2025-04-16 13:35:56
1312	69	12C	2025-04-16 13:35:56	2025-04-16 13:35:56
1313	5	159	2025-04-16 13:35:56	2025-04-16 13:35:56
1314	95	200	2025-04-16 13:35:56	2025-04-16 13:35:56
1315	4	2er Active Tourer	2025-04-16 13:35:56	2025-04-16 13:35:56
1316	19	300	2025-04-16 13:35:56	2025-04-16 13:35:56
1317	71	3000GT	2025-04-16 13:35:56	2025-04-16 13:35:56
1318	101	745	2025-04-16 13:35:56	2025-04-16 13:35:56
1319	101	850	2025-04-16 13:35:56	2025-04-16 13:35:56
1320	101	C30	2025-04-16 13:35:56	2025-04-16 13:35:56
1321	101	C70	2025-04-16 13:35:56	2025-04-16 13:35:56
1322	10	ATS V Coupe	2025-04-16 13:35:56	2025-04-16 13:35:56
1323	99	Indigo	2025-04-16 13:35:56	2025-04-16 13:35:56
1324	98	LT	2025-04-16 13:35:56	2025-04-16 13:35:56
1325	98	Lupo	2025-04-16 13:35:56	2025-04-16 13:35:56
1326	102	MF3	2025-04-16 13:35:56	2025-04-16 13:35:56
1327	102	MF4	2025-04-16 13:35:56	2025-04-16 13:35:56
1328	102	MF5	2025-04-16 13:35:56	2025-04-16 13:35:56
1329	103	Model S	2025-04-16 13:35:56	2025-04-16 13:35:56
1330	103	Model X	2025-04-16 13:35:56	2025-04-16 13:35:56
1331	98	Multivan	2025-04-16 13:35:56	2025-04-16 13:35:56
1332	104	Oting	2025-04-16 13:35:56	2025-04-16 13:35:56
1333	98	Passat Variant	2025-04-16 13:35:56	2025-04-16 13:35:56
1334	98	Phaeton	2025-04-16 13:35:56	2025-04-16 13:35:56
1335	98	Polo	2025-04-16 13:35:56	2025-04-16 13:35:56
1336	98	Rabbit	2025-04-16 13:35:56	2025-04-16 13:35:56
1337	104	Rich	2025-04-16 13:35:56	2025-04-16 13:35:56
1338	101	S40	2025-04-16 13:35:56	2025-04-16 13:35:56
1339	101	S60	2025-04-16 13:35:56	2025-04-16 13:35:56
1340	101	S70	2025-04-16 13:35:56	2025-04-16 13:35:56
1341	101	S80	2025-04-16 13:35:56	2025-04-16 13:35:56
1342	98	Santana	2025-04-16 13:35:56	2025-04-16 13:35:56
1343	98	Sharan	2025-04-16 13:35:56	2025-04-16 13:35:56
1344	31	Shelby GT500	2025-04-16 13:35:56	2025-04-16 13:35:56
1345	98	SpaceFox	2025-04-16 13:35:56	2025-04-16 13:35:56
1346	32	Terrain	2025-04-16 13:35:56	2025-04-16 13:35:56
1347	98	Transporter	2025-04-16 13:35:56	2025-04-16 13:35:56
1348	101	V40	2025-04-16 13:35:56	2025-04-16 13:35:56
1349	101	V 40 (2012)	2025-04-16 13:35:56	2025-04-16 13:35:56
1350	101	V 40 Cross Country	2025-04-16 13:35:56	2025-04-16 13:35:56
1351	101	V50	2025-04-16 13:35:56	2025-04-16 13:35:56
1352	101	V60	2025-04-16 13:35:56	2025-04-16 13:35:56
1353	101	V 60 Cross Country	2025-04-16 13:35:56	2025-04-16 13:35:56
1354	101	V70	2025-04-16 13:35:56	2025-04-16 13:35:56
1355	98	Vento	2025-04-16 13:35:56	2025-04-16 13:35:56
1356	101	XC70	2025-04-16 13:35:56	2025-04-16 13:35:56
1357	101	XC90 (2014)	2025-04-16 13:35:56	2025-04-16 13:35:56
1358	104	Yumsun	2025-04-16 13:35:56	2025-04-16 13:35:56
1359	32	Terrain	2025-04-16 13:35:56	2025-04-16 13:35:56
1360	59	323	2025-04-16 13:35:56	2025-04-16 13:35:56
1361	77	405	2025-04-16 13:35:56	2025-04-16 13:35:56
1362	59	5	2025-04-16 13:35:56	2025-04-16 13:35:56
1363	27	500X	2025-04-16 13:35:56	2025-04-16 13:35:56
1364	68	550	2025-04-16 13:35:56	2025-04-16 13:35:56
1365	101	740	2025-04-16 13:35:56	2025-04-16 13:35:56
1366	78	911 GT2 RS	2025-04-16 13:35:56	2025-04-16 13:35:56
1367	73	Aero Coupe	2025-04-16 13:35:56	2025-04-16 13:35:56
1368	31	Aerostar	2025-04-16 13:35:56	2025-04-16 13:35:56
1369	2	All Road Quattro	2025-04-16 13:35:56	2025-04-16 13:35:56
1370	39	Atos	2025-04-16 13:35:56	2025-04-16 13:35:56
1371	86	Avantime	2025-04-16 13:35:56	2025-04-16 13:35:56
1372	12	B11 Oriental Son	2025-04-16 13:35:56	2025-04-16 13:35:56
1373	44	Bongo III	2025-04-16 13:35:56	2025-04-16 13:35:56
1374	20	C8	2025-04-16 13:35:56	2025-04-16 13:35:56
1375	98	Cabriolet	2025-04-16 13:35:56	2025-04-16 13:35:56
1376	84	Cevennes	2025-04-16 13:35:56	2025-04-16 13:35:56
1377	38	Civic	2025-04-16 13:35:56	2025-04-16 13:35:56
1378	24	Delta	2025-04-16 13:35:56	2025-04-16 13:35:56
1379	71	Diamante	2025-04-16 13:35:56	2025-04-16 13:35:56
1380	55	Discovery	2025-04-16 13:35:56	2025-04-16 13:35:56
1381	22	Duster	2025-04-16 13:35:56	2025-04-16 13:35:56
1382	66	E 55 AMG	2025-04-16 13:35:56	2025-04-16 13:35:56
1383	33	Emgrand 7	2025-04-16 13:35:56	2025-04-16 13:35:56
1384	10	Fleetwood	2025-04-16 13:35:56	2025-04-16 13:35:56
1385	90	FR Series	2025-04-16 13:35:56	2025-04-16 13:35:56
1386	27	Freemont	2025-04-16 13:35:56	2025-04-16 13:35:56
1387	5	Giulietta	2025-04-16 13:35:56	2025-04-16 13:35:56
1388	58	Gransport Spyder	2025-04-16 13:35:56	2025-04-16 13:35:56
1389	31	GT	2025-04-16 13:35:56	2025-04-16 13:35:56
1390	39	H1	2025-04-16 13:35:56	2025-04-16 13:35:56
1391	97	Highlander	2025-04-16 13:35:56	2025-04-16 13:35:56
1392	40	G	2025-04-16 13:35:56	2025-04-16 13:35:56
1393	43	Liberty	2025-04-16 13:35:56	2025-04-16 13:35:56
1394	68	MG ZT	2025-04-16 13:35:56	2025-04-16 13:35:56
1395	71	Montero	2025-04-16 13:35:56	2025-04-16 13:35:56
1396	31	Mustang Shelby GT500	2025-04-16 13:35:56	2025-04-16 13:35:56
1397	19	New Yorker	2025-04-16 13:35:56	2025-04-16 13:35:56
1398	25	Nitro	2025-04-16 13:35:56	2025-04-16 13:35:56
1399	38	Odyssey J	2025-04-16 13:35:56	2025-04-16 13:35:56
1400	91	Outback	2025-04-16 13:35:56	2025-04-16 13:35:56
1401	59	Persona	2025-04-16 13:35:56	2025-04-16 13:35:56
1402	73	Roadster	2025-04-16 13:35:56	2025-04-16 13:35:56
1403	101	S 60 Cross Country	2025-04-16 13:35:56	2025-04-16 13:35:56
1404	81	Saga	2025-04-16 13:35:56	2025-04-16 13:35:56
1405	44	Sedona	2025-04-16 13:35:56	2025-04-16 13:35:56
1406	87	Seraph	2025-04-16 13:35:56	2025-04-16 13:35:56
1407	66	SL 63 AMG	2025-04-16 13:35:56	2025-04-16 13:35:56
1408	10	SRX	2025-04-16 13:35:56	2025-04-16 13:35:56
1409	96	Swift Dzire	2025-04-16 13:35:56	2025-04-16 13:35:56
1410	11	Trail Blazer	2025-04-16 13:35:56	2025-04-16 13:35:56
1411	27	Ulysse	2025-04-16 13:35:56	2025-04-16 13:35:56
1412	1	Vanquish My 2014	2025-04-16 13:35:56	2025-04-16 13:35:56
1413	86	Vel Satis	2025-04-16 13:35:56	2025-04-16 13:35:56
1414	34	Wingle 3	2025-04-16 13:35:56	2025-04-16 13:35:56
1415	42	XJS	2025-04-16 13:35:56	2025-04-16 13:35:56
1416	64	Ypsilon	2025-04-16 13:35:56	2025-04-16 13:35:56
1417	80	Zafira Tourer	2025-04-16 13:35:56	2025-04-16 13:35:56
1418	103	Model S	2025-04-16 13:35:56	2025-04-16 13:35:56
\.


--
-- Data for Name: nationalities; Type: TABLE DATA; Schema: public; Owner: postgres
--

COPY public.nationalities (id, name, name_ar, status, created_at, updated_at, country_code) FROM stdin;
18	Bahrain	البحرين	1	2025-05-23 14:15:00	2025-05-23 14:15:00	BH
4	Algeria	الجزائر	0	2025-05-23 14:15:00	2025-08-19 07:03:43	DZ
11	Argentina	الأرجنتين	0	2025-05-23 14:15:00	2025-08-19 07:03:46	AR
16	Azerbaijan	أذربيجان	0	2025-05-23 14:15:00	2025-08-19 07:03:50	AZ
15	Austria	النمسا	0	2025-05-23 14:15:00	2025-08-19 07:03:53	AT
14	Australia	أستراليا	0	2025-05-23 14:15:00	2025-08-19 07:03:56	AU
19	Bangladesh	بنغلاديش	0	2025-05-23 14:15:00	2025-08-19 07:04:02	BD
28	Bosnia and Herzegovina	البوسنة والهرسك	0	2025-05-23 14:15:00	2025-08-19 07:04:06	BA
37	Burundi	بوروندي	0	2025-05-23 14:15:00	2025-08-19 07:04:10	BI
38	Cabo Verde	كابو فيردي	0	2025-05-23 14:15:00	2025-08-19 07:04:12	CV
48	Christmas Island	جزيرة الكريسماس	0	2025-05-23 14:15:00	2025-08-19 07:04:24	CX
49	Cocos (Keeling) Islands	جزر كوكوس	0	2025-05-23 14:15:00	2025-08-19 07:04:26	CC
50	Colombia	كولومبيا	0	2025-05-23 14:15:00	2025-08-19 07:04:29	CO
51	Comoros	جزر القمر	0	2025-05-23 14:15:00	2025-08-19 07:04:32	KM
52	Congo Republic	جمهورية الكونغو	0	2025-05-23 14:15:00	2025-08-19 07:04:35	CG
53	Cook Islands	جزر كوك	0	2025-05-23 14:15:00	2025-08-19 07:04:38	CK
54	Costa Rica	كوستاريكا	0	2025-05-23 14:15:00	2025-08-19 07:04:41	CR
55	Croatia	كرواتيا	0	2025-05-23 14:15:00	2025-08-19 07:04:43	HR
56	Cuba	كوبا	0	2025-05-23 14:15:00	2025-08-19 07:04:46	CU
57	Curaçao	كوراساو	0	2025-05-23 14:15:00	2025-08-19 07:04:49	CW
68	Equatorial Guinea	غينيا الاستوائية	0	2025-05-23 14:15:00	2025-08-19 07:04:58	GQ
69	Eritrea	إريتريا	0	2025-05-23 14:15:00	2025-08-19 07:05:02	ER
70	Estonia	إستونيا	0	2025-05-23 14:15:00	2025-08-19 07:05:04	EE
71	Eswatini	إسواتيني	0	2025-05-23 14:15:00	2025-08-19 07:05:07	SZ
72	Ethiopia	إثيوبيا	0	2025-05-23 14:15:00	2025-08-19 07:05:09	ET
73	Falkland Islands	جزر فوكلاند	0	2025-05-23 14:15:00	2025-08-19 07:05:12	FK
74	Faroe Islands	جزر فارو	0	2025-05-23 14:15:00	2025-08-19 07:05:14	FO
75	Fiji	فيجي	0	2025-05-23 14:15:00	2025-08-19 07:05:19	FJ
76	Finland	فنلندا	0	2025-05-23 14:15:00	2025-08-19 07:05:21	FI
77	France	فرنسا	0	2025-05-23 14:15:00	2025-08-19 07:05:24	FR
39	Cambodia	كمبوديا	0	2025-05-23 14:15:00	2025-08-19 07:05:46	KH
40	Cameroon	الكاميرون	0	2025-05-23 14:15:00	2025-08-19 07:05:50	CM
41	Canada	كندا	0	2025-05-23 14:15:00	2025-08-19 07:05:52	CA
42	Caribbean Netherlands	الجزر الكاريبية الهولندية	0	2025-05-23 14:15:00	2025-08-19 07:05:55	BQ
43	Cayman Islands	جزر كايمان	0	2025-05-23 14:15:00	2025-08-19 07:05:58	KY
44	Central African Republic	جمهورية أفريقيا الوسطى	0	2025-05-23 14:15:00	2025-08-19 07:06:01	CF
45	Chad	تشاد	0	2025-05-23 14:15:00	2025-08-19 07:06:03	TD
46	Chile	تشيلي	0	2025-05-23 14:15:00	2025-08-19 07:06:06	CL
47	China	الصين	0	2025-05-23 14:15:00	2025-08-19 07:06:09	CN
58	Cyprus	قبرص	0	2025-05-23 14:15:00	2025-08-19 07:06:20	CY
59	Czechia	التشيك	0	2025-05-23 14:15:00	2025-08-19 07:06:23	CZ
60	Denmark	الدنمارك	0	2025-05-23 14:15:00	2025-08-19 07:06:26	DK
61	Djibouti	جيبوتي	0	2025-05-23 14:15:00	2025-08-19 07:06:28	DJ
62	Dominica	دومينيكا	0	2025-05-23 14:15:00	2025-08-19 07:06:30	DM
63	Dominican Republic	جمهورية الدومينيكان	0	2025-05-23 14:15:00	2025-08-19 07:06:33	DO
64	DR Congo	جمهورية الكونغو الديمقراطية	0	2025-05-23 14:15:00	2025-08-19 07:06:35	CD
65	Ecuador	الاكوادور	0	2025-05-23 14:15:00	2025-08-19 07:06:37	EC
66	Egypt	مصر	0	2025-05-23 14:15:00	2025-08-19 07:06:40	EG
67	El Salvador	السلفادور	0	2025-05-23 14:15:00	2025-08-19 07:06:50	SV
78	French Guiana	غويانا الفرنسية	0	2025-05-23 14:15:00	2025-08-19 07:06:53	GF
79	French Polynesia	بولينزيا الفرنسية	0	2025-05-23 14:15:00	2025-08-19 07:06:55	PF
80	French Southern Territories	أراض فرنسية جنوبية	0	2025-05-23 14:15:00	2025-08-19 07:06:58	TF
81	Gabon	الجابون	0	2025-05-23 14:15:00	2025-08-19 07:07:00	GA
82	Gambia	غامبيا	0	2025-05-23 14:15:00	2025-08-19 07:07:03	GM
83	Georgia	‫جورجيا	0	2025-05-23 14:15:00	2025-08-19 07:07:07	GE
119	Kuwait	الكويت	1	2025-05-23 14:15:00	2025-05-23 14:15:00	KW
168	Oman	سلطنة عمان	1	2025-05-23 14:15:00	2025-05-23 14:15:00	OM
85	Ghana	غانا	0	2025-05-23 14:15:00	2025-08-19 07:07:36	GH
86	Gibraltar	جبل طارق	0	2025-05-23 14:15:00	2025-08-19 07:07:40	GI
87	Greece	اليونان	0	2025-05-23 14:15:00	2025-08-19 07:07:43	GR
88	Greenland	جرينلاند	0	2025-05-23 14:15:00	2025-08-19 07:07:46	GL
101	Hungary	هنجاريا	0	2025-05-23 14:15:00	2025-08-19 07:07:59	HU
100	Hong Kong	هونج كونج	0	2025-05-23 14:15:00	2025-08-19 07:08:01	HK
99	Honduras	هندوراس	0	2025-05-23 14:15:00	2025-08-19 07:08:04	HN
98	Heard Island and McDonald Islands	جزيرة هيرد وجزر ماكدونالد	0	2025-05-23 14:15:00	2025-08-19 07:08:07	HM
97	Haiti	هايتي	0	2025-05-23 14:15:00	2025-08-19 07:08:09	HT
96	Guyana	غيانا	0	2025-05-23 14:15:00	2025-08-19 07:08:11	GY
95	Guinea-Bissau	غينيا بيساو	0	2025-05-23 14:15:00	2025-08-19 07:08:15	GW
94	Guinea	غينيا	0	2025-05-23 14:15:00	2025-08-19 07:08:18	GN
114	Jordan	الأردن	0	2025-05-23 14:15:00	2025-08-19 07:08:36	JO
115	Kazakhstan	كازاخستان	0	2025-05-23 14:15:00	2025-08-19 07:08:38	KZ
116	Kenya	كينيا	0	2025-05-23 14:15:00	2025-08-19 07:08:42	KE
117	Kiribati	كيريباتي	0	2025-05-23 14:15:00	2025-08-19 07:08:44	KI
118	Kosovo	كوسوفو	0	2025-05-23 14:15:00	2025-08-19 07:08:47	XK
120	Kyrgyzstan	قيرغيزستان	0	2025-05-23 14:15:00	2025-08-19 07:08:52	KG
121	Laos	لاوس	0	2025-05-23 14:15:00	2025-08-19 07:08:56	LA
122	Latvia	لاتفيا	0	2025-05-23 14:15:00	2025-08-19 07:08:59	LV
123	Lebanon	لبنان	0	2025-05-23 14:15:00	2025-08-19 07:09:02	LB
142	Mexico	المكسيك	0	2025-05-23 14:15:00	2025-08-19 07:09:11	MX
133	Malaysia	ماليزيا	0	2025-05-23 14:15:00	2025-08-19 07:09:13	MY
134	Maldives	المالديف	0	2025-05-23 14:15:00	2025-08-19 07:09:15	MV
135	Mali	مالي	0	2025-05-23 14:15:00	2025-08-19 07:09:18	ML
136	Malta	مالطا	0	2025-05-23 14:15:00	2025-08-19 07:09:20	MT
138	Martinique	مارتينيك	0	2025-05-23 14:15:00	2025-08-19 07:09:26	MQ
139	Mauritania	موريتانيا	0	2025-05-23 14:15:00	2025-08-19 07:09:29	MR
140	Mauritius	موريشيوس	0	2025-05-23 14:15:00	2025-08-19 07:09:32	MU
141	Mayotte	مايوت	0	2025-05-23 14:15:00	2025-08-19 07:09:35	YT
162	Niue	نييوي	0	2025-05-23 14:15:00	2025-08-19 07:09:42	NU
161	Nigeria	نيجيريا	0	2025-05-23 14:15:00	2025-08-19 07:09:45	NG
160	Niger	النيجر	0	2025-05-23 14:15:00	2025-08-19 07:09:47	NE
159	Nicaragua	نيكاراغوا	0	2025-05-23 14:15:00	2025-08-19 07:09:50	NI
158	New Zealand	نيوزيلندا	0	2025-05-23 14:15:00	2025-08-19 07:09:52	NZ
157	New Caledonia	كاليدونيا الجديدة	0	2025-05-23 14:15:00	2025-08-19 07:09:54	NC
156	Netherlands Antilles	جزر الأنتيل الهولندية	0	2025-05-23 14:15:00	2025-08-19 07:09:57	AN
155	Netherlands	هولندا	0	2025-05-23 14:15:00	2025-08-19 07:09:59	NL
154	Nepal	نيبال	0	2025-05-23 14:15:00	2025-08-19 07:10:02	NP
153	Nauru	ناورو	0	2025-05-23 14:15:00	2025-08-19 07:10:04	NR
89	Grenada	غرينادا	0	2025-05-23 14:15:00	2025-08-19 07:13:33	GD
90	Guadeloupe	غوادلوب	0	2025-05-23 14:15:00	2025-08-19 07:13:36	GP
91	Guam	غوام	0	2025-05-23 14:15:00	2025-08-19 07:13:38	GU
92	Guatemala	غواتيمالا	0	2025-05-23 14:15:00	2025-08-19 07:13:41	GT
93	Guernsey	غيرنزي	0	2025-05-23 14:15:00	2025-08-19 07:13:44	GG
109	Italy	إيطاليا	0	2025-05-23 14:15:00	2025-08-19 07:13:50	IT
110	Ivory Coast	ساحل العاج	0	2025-05-23 14:15:00	2025-08-19 07:13:53	CI
111	Jamaica	جامايكا	0	2025-05-23 14:15:00	2025-08-19 07:13:56	JM
112	Japan	اليابان	0	2025-05-23 14:15:00	2025-08-19 07:13:59	JP
113	Jersey	جيرسي	0	2025-05-23 14:15:00	2025-08-19 07:14:02	JE
124	Lesotho	ليسوتو	0	2025-05-23 14:15:00	2025-08-19 07:14:05	LS
125	Liberia	ليبيريا	0	2025-05-23 14:15:00	2025-08-19 07:14:09	LR
126	Libya	ليبيا	0	2025-05-23 14:15:00	2025-08-19 07:14:12	LY
147	Montenegro	مونتينيغرو	0	2025-05-23 14:15:00	2025-08-19 07:14:20	ME
148	Montserrat	مونتسرات	0	2025-05-23 14:15:00	2025-08-19 07:14:24	MS
149	Morocco	المغرب	0	2025-05-23 14:15:00	2025-08-19 07:14:26	MA
150	Mozambique	موزمبيق	0	2025-05-23 14:15:00	2025-08-19 07:14:29	MZ
151	Myanmar	ميانمار	0	2025-05-23 14:15:00	2025-08-19 07:14:32	MM
152	Namibia	ناميبيا	0	2025-05-23 14:15:00	2025-08-19 07:14:35	NA
163	Norfolk Island	جزيرة نورفولك	0	2025-05-23 14:15:00	2025-08-19 07:14:38	NF
164	North Korea	كوريا الشمالية	0	2025-05-23 14:15:00	2025-08-19 07:14:40	KP
165	North Macedonia	مقدونيا الشمالية	0	2025-05-23 14:15:00	2025-08-19 07:14:43	MK
166	Northern Mariana Islands	جزر ماريانا الشمالية	0	2025-05-23 14:15:00	2025-08-19 07:14:46	MP
104	Indonesia	أندونيسيا	0	2025-05-23 14:15:00	2025-08-19 07:16:34	ID
105	Iran	إيران	0	2025-05-23 14:15:00	2025-08-19 07:16:39	IR
106	Iraq	العراق	0	2025-05-23 14:15:00	2025-08-19 07:16:42	IQ
107	Ireland	أيرلندا	0	2025-05-23 14:15:00	2025-08-19 07:16:45	IE
108	Isle of Man	جزيرة مان	0	2025-05-23 14:15:00	2025-08-19 07:16:47	IM
103	India	الهند	1	2025-05-23 14:15:00	2026-01-08 08:08:15	IN
170	Palau	بالاو	0	2025-05-23 14:15:00	2025-08-19 07:16:58	PW
132	Malawi	مالاوي	0	2025-05-23 14:15:00	2025-08-19 07:17:01	MW
144	Moldova	مولدوفا	0	2025-05-23 14:15:00	2025-08-19 07:17:07	MD
145	Monaco	موناكو	0	2025-05-23 14:15:00	2025-08-19 07:17:09	MC
146	Mongolia	منغوليا	0	2025-05-23 14:15:00	2025-08-19 07:17:12	MN
167	Norway	النرويج	0	2025-05-23 14:15:00	2025-08-19 07:17:15	NO
128	Lithuania	ليتوانيا	0	2025-05-23 14:15:00	2025-08-19 07:17:32	LT
129	Luxembourg	لوكسمبورغ	0	2025-05-23 14:15:00	2025-08-19 07:17:35	LU
130	Macao	ماكاو	0	2025-05-23 14:15:00	2025-08-19 07:17:39	MO
131	Madagascar	مدغشقر	0	2025-05-23 14:15:00	2025-08-19 07:17:42	MG
169	Pakistan	باكستان	1	2025-05-23 14:15:00	2026-01-08 08:08:08	PK
181	Qatar	قطر	1	2025-05-23 14:15:00	2025-05-23 14:15:00	QA
196	Saudi Arabia	السعودية	1	2025-05-23 14:15:00	2025-05-23 14:15:00	SA
237	United Arab Emirates	الإمارات العربية المتحدة	1	2025-05-23 14:15:00	2025-05-23 14:15:00	AE
84	Germany	ألمانيا	0	2025-05-23 14:15:00	2025-08-19 07:07:34	DE
182	Réunion	ريونيون	0	2025-05-23 14:15:00	2025-08-19 07:10:29	RE
180	Puerto Rico	بورتوريكو	0	2025-05-23 14:15:00	2025-08-19 07:10:32	PR
179	Portugal	البرتغال	0	2025-05-23 14:15:00	2025-08-19 07:10:35	PT
178	Poland	بولندا	0	2025-05-23 14:15:00	2025-08-19 07:10:37	PL
177	Pitcairn Islands	جزر بيتكيرن	0	2025-05-23 14:15:00	2025-08-19 07:10:40	PN
176	Philippines	الفلبين	0	2025-05-23 14:15:00	2025-08-19 07:10:42	PH
175	Peru	بيرو	0	2025-05-23 14:15:00	2025-08-19 07:10:45	PE
174	Paraguay	باراغواي	0	2025-05-23 14:15:00	2025-08-19 07:10:47	PY
201	Singapore	سنغافورة	0	2025-05-23 14:15:00	2025-08-19 07:10:57	SG
200	Sierra Leone	سيراليون	0	2025-05-23 14:15:00	2025-08-19 07:11:00	SL
199	Seychelles	سيشل	0	2025-05-23 14:15:00	2025-08-19 07:11:02	SC
198	Serbia	صربيا	0	2025-05-23 14:15:00	2025-08-19 07:11:05	RS
197	Senegal	السنغال	0	2025-05-23 14:15:00	2025-08-19 07:11:08	SN
195	São Tomé and Príncipe	ساو تومي وبرينسيب	0	2025-05-23 14:15:00	2025-08-19 07:11:12	ST
194	San Marino	سان مارينو	0	2025-05-23 14:15:00	2025-08-19 07:11:15	SM
193	Samoa	ساموا	0	2025-05-23 14:15:00	2025-08-19 07:11:18	WS
192	Saint Vincent and the Grenadines	سانت فينسنت والغرينادين	0	2025-05-23 14:15:00	2025-08-19 07:11:21	VC
211	Spain	إسبانيا	0	2025-05-23 14:15:00	2025-08-19 07:11:34	ES
212	Sri Lanka	سريلانكا	0	2025-05-23 14:15:00	2025-08-19 07:11:54	LK
213	Sudan	السودان	0	2025-05-23 14:15:00	2025-08-19 07:12:01	SD
214	Suriname	سورينام	0	2025-05-23 14:15:00	2025-08-19 07:12:03	SR
215	Svalbard and Jan Mayen	سفالبارد ويان ماين	0	2025-05-23 14:15:00	2025-08-19 07:12:06	SJ
216	Sweden	السويد	0	2025-05-23 14:15:00	2025-08-19 07:12:09	SE
217	Switzerland	سويسرا	0	2025-05-23 14:15:00	2025-08-19 07:12:11	CH
218	Syria	سوريا	0	2025-05-23 14:15:00	2025-08-19 07:12:13	SY
219	Taiwan	تايوان	0	2025-05-23 14:15:00	2025-08-19 07:12:15	TW
220	Tajikistan	طاجيكستان	0	2025-05-23 14:15:00	2025-08-19 07:12:18	TJ
240	Uruguay	أوروغواي	0	2025-05-23 14:15:00	2025-08-19 07:12:34	UY
239	United States of America	الولايات المتحدة الأمريكية	0	2025-05-23 14:15:00	2025-08-19 07:12:36	US
238	United Kingdom	المملكة المتحدة	0	2025-05-23 14:15:00	2025-08-19 07:12:39	GB
236	Ukraine	أوكرانيا	0	2025-05-23 14:15:00	2025-08-19 07:12:43	UA
235	Uganda	أوغندا	0	2025-05-23 14:15:00	2025-08-19 07:12:46	UG
234	U.S. Virgin Islands	جزر العذراء الأمريكية	0	2025-05-23 14:15:00	2025-08-19 07:12:49	VI
232	Tuvalu	توفالو	0	2025-05-23 14:15:00	2025-08-19 07:12:54	TV
231	Turks and Caicos Islands	جزر توركس وكايكوس	0	2025-05-23 14:15:00	2025-08-19 07:12:57	TC
250	Zimbabwe	زيمبابوي	0	2025-05-23 14:15:00	2025-08-19 07:13:04	ZW
172	Panama	بنما	0	2025-05-23 14:15:00	2025-08-19 07:15:04	PA
202	Sint Maarten	سانت مارتن	0	2025-05-23 14:15:00	2025-08-19 07:15:12	SX
191	Saint Pierre and Miquelon	سان بيير وميكلون	0	2025-05-23 14:15:00	2025-08-19 07:15:16	PM
190	Saint Martin	سانت مارتن	0	2025-05-23 14:15:00	2025-08-19 07:15:19	MF
189	Saint Lucia	سانت لوسيا	0	2025-05-23 14:15:00	2025-08-19 07:15:22	LC
188	Saint Kitts and Nevis	سانت كيتس ونيفيس	0	2025-05-23 14:15:00	2025-08-19 07:15:25	KN
187	Saint Helena	سانت هيلينا	0	2025-05-23 14:15:00	2025-08-19 07:15:27	SH
186	Saint Barthélemy	سان بارتيلمي	0	2025-05-23 14:15:00	2025-08-19 07:15:30	BL
185	Rwanda	رواندا	0	2025-05-23 14:15:00	2025-08-19 07:15:33	RW
184	Russia	روسيا	0	2025-05-23 14:15:00	2025-08-19 07:15:36	RU
230	Turkmenistan	تركمانستان	0	2025-05-23 14:15:00	2025-08-19 07:15:43	TM
222	Thailand	تايلاند	0	2025-05-23 14:15:00	2025-08-19 07:15:46	TH
223	Timor-Leste	تيمور الشرقية	0	2025-05-23 14:15:00	2025-08-19 07:15:49	TL
224	Togo	توجو	0	2025-05-23 14:15:00	2025-08-19 07:15:52	TG
225	Tokelau	توكيلاو	0	2025-05-23 14:15:00	2025-08-19 07:15:55	TK
226	Tonga	تونغا	0	2025-05-23 14:15:00	2025-08-19 07:15:57	TO
227	Trinidad and Tobago	ترينيداد وتوباغو	0	2025-05-23 14:15:00	2025-08-19 07:16:00	TT
228	Tunisia	تونس	0	2025-05-23 14:15:00	2025-08-19 07:16:03	TN
229	Turkey	تركيا	0	2025-05-23 14:15:00	2025-08-19 07:16:06	TR
183	Romania	رومانيا	0	2025-05-23 14:15:00	2025-08-19 07:18:00	RO
204	Slovenia	سلوفينيا	0	2025-05-23 14:15:00	2025-08-19 07:18:07	SI
241	Uzbekistan	أوزبكستان	0	2025-05-23 14:15:00	2025-08-19 07:18:11	UZ
221	Tanzania	تنزانيا	0	2025-05-23 14:15:00	2025-08-19 07:18:15	TZ
210	South Sudan	جنوب السودان	0	2025-05-23 14:15:00	2025-08-19 07:18:18	SS
209	South Korea	كوريا الجنوبية	0	2025-05-23 14:15:00	2025-08-19 07:18:22	KR
207	South Africa	جنوب أفريقيا	0	2025-05-23 14:15:00	2025-08-19 07:18:27	ZA
206	Somalia	الصومال	0	2025-05-23 14:15:00	2025-08-19 07:18:30	SO
205	Solomon Islands	جزر سليمان	0	2025-05-23 14:15:00	2025-08-19 07:18:32	SB
203	Slovakia	سلوفاكيا	0	2025-05-23 14:15:00	2025-08-19 07:19:07	SK
242	Vanuatu	فانواتو	0	2025-05-23 14:15:00	2025-08-19 07:19:37	VU
243	Vatican City	مدينة الفاتيكان	0	2025-05-23 14:15:00	2025-08-19 07:19:30	VA
244	Venezuela	فنزويلا	0	2025-05-23 14:15:00	2025-08-19 07:19:40	VE
245	Vietnam	فيتنام	0	2025-05-23 14:15:00	2025-08-19 07:19:44	VN
246	Wallis and Futuna	واليس وفوتونا	0	2025-05-23 14:15:00	2025-08-19 07:19:47	WF
247	Western Sahara	الصحراء الغربية	0	2025-05-23 14:15:00	2025-08-19 07:19:50	EH
248	Yemen	اليمن	0	2025-05-23 14:15:00	2025-08-19 07:19:53	YE
249	Zambia	زامبيا	0	2025-05-23 14:15:00	2025-08-19 07:19:56	ZM
102	Iceland	آيسلندا	0	2025-05-23 14:15:00	2025-08-19 07:07:56	IS
137	Marshall Islands	جزر مارشال	0	2025-05-23 14:15:00	2025-08-19 07:09:22	MH
171	Palestine	فلسطين	0	2025-05-23 14:15:00	2025-08-19 07:10:20	PS
173	Papua New Guinea	بابوا غينيا الجديدة	0	2025-05-23 14:15:00	2025-08-19 07:10:50	PG
233	U.S. Minor Outlying Islands	جزر الولايات المتحدة الصغيرة النائية	0	2025-05-23 14:15:00	2025-08-19 07:12:52	UM
127	Liechtenstein	ليختنشتاين	0	2025-05-23 14:15:00	2025-08-19 07:14:15	LI
143	Micronesia	ولايات ميكرونيسيا المتحدة	0	2025-05-23 14:15:00	2025-08-19 07:17:04	FM
208	South Georgia and South Sandwich Islands	جورجيا الجنوبية وجزر ساندويتش الجنوبية	0	2025-05-23 14:15:00	2025-08-19 07:18:24	GS
\.


--
-- Data for Name: notification_settings; Type: TABLE DATA; Schema: public; Owner: postgres
--

COPY public.notification_settings (id, user_id, slug, value, created_at, updated_at) FROM stdin;
1	50	all	f	2025-05-22 07:12:37	2025-05-22 07:12:47
2	50	requested	f	2025-05-22 07:12:55	2025-05-22 07:12:55
74	244	all	t	2025-06-10 09:19:28	2025-06-10 09:19:28
75	244	request	t	2025-06-10 09:19:28	2025-06-10 09:19:28
76	244	promotion	t	2025-06-10 09:19:28	2025-06-10 09:19:28
77	244	message	t	2025-06-10 09:19:28	2025-06-10 09:19:28
78	244	alert	t	2025-06-10 09:19:28	2025-06-10 09:19:28
90	247	request	t	2025-06-23 21:05:53	2025-06-27 14:23:40
91	247	promotion	t	2025-06-23 21:05:53	2025-06-27 14:23:40
92	247	message	t	2025-06-23 21:05:53	2025-06-27 14:23:40
93	247	alert	t	2025-06-23 21:05:53	2025-06-27 14:23:40
94	248	all	t	2025-06-27 14:51:05	2025-06-27 14:51:05
13	215	all	t	2025-06-05 09:38:14	2025-06-10 13:16:20
14	215	request	t	2025-06-05 09:38:14	2025-06-10 13:16:20
15	215	promotion	t	2025-06-05 09:38:14	2025-06-10 13:16:20
16	215	message	t	2025-06-05 09:38:14	2025-06-10 13:16:20
17	215	alert	t	2025-06-05 09:38:14	2025-06-10 13:16:20
8	233	all	t	2025-06-05 09:25:05	2025-06-06 08:24:32
9	233	request	t	2025-06-05 09:25:05	2025-06-06 08:24:32
10	233	promotion	t	2025-06-05 09:25:05	2025-06-06 08:24:32
11	233	message	t	2025-06-05 09:25:05	2025-06-06 08:24:33
12	233	alert	t	2025-06-05 09:25:05	2025-06-06 08:24:33
54	240	all	t	2025-06-06 11:35:23	2025-06-06 11:35:23
95	248	request	t	2025-06-27 14:51:05	2025-06-27 14:51:05
96	248	promotion	t	2025-06-27 14:51:05	2025-06-27 14:51:05
97	248	message	t	2025-06-27 14:51:05	2025-06-27 14:51:05
99	195	all	t	2025-06-28 08:10:29	2025-06-28 08:10:29
100	195	request	t	2025-06-28 08:10:29	2025-06-28 08:10:29
19	236	all	t	2025-06-05 10:21:01	2025-06-05 10:21:01
20	236	request	t	2025-06-05 10:21:01	2025-06-05 10:21:01
21	236	promotion	t	2025-06-05 10:21:01	2025-06-05 10:21:01
22	236	message	t	2025-06-05 10:21:01	2025-06-05 10:21:01
23	236	alert	t	2025-06-05 10:21:01	2025-06-05 10:21:01
24	235	all	t	2025-06-05 10:30:24	2025-06-05 10:30:24
25	235	request	t	2025-06-05 10:30:24	2025-06-05 10:30:24
26	235	promotion	t	2025-06-05 10:30:24	2025-06-05 10:30:24
27	235	message	t	2025-06-05 10:30:24	2025-06-05 10:30:24
28	235	alert	t	2025-06-05 10:30:24	2025-06-05 10:30:24
29	192	all	t	2025-06-05 11:52:32	2025-06-05 11:52:32
30	192	request	t	2025-06-05 11:52:32	2025-06-05 11:52:32
31	192	promotion	t	2025-06-05 11:52:32	2025-06-05 11:52:32
32	192	message	t	2025-06-05 11:52:32	2025-06-05 11:52:32
33	192	alert	t	2025-06-05 11:52:32	2025-06-05 11:52:32
34	237	all	t	2025-06-05 12:01:21	2025-06-05 12:01:21
35	237	request	t	2025-06-05 12:01:21	2025-06-05 12:01:21
3	227	all	f	2025-06-04 17:35:13	2025-06-05 06:36:12
4	227	request	f	2025-06-05 06:27:01	2025-06-05 06:36:12
5	227	promotion	t	2025-06-05 06:27:01	2025-06-05 06:36:12
6	227	message	t	2025-06-05 06:27:01	2025-06-05 06:36:12
7	227	alert	t	2025-06-05 06:27:01	2025-06-05 06:36:12
36	237	promotion	t	2025-06-05 12:01:21	2025-06-05 12:01:21
37	237	message	t	2025-06-05 12:01:21	2025-06-05 12:01:21
38	237	alert	t	2025-06-05 12:01:21	2025-06-05 12:01:21
39	238	all	t	2025-06-05 12:56:26	2025-06-05 12:56:26
40	238	request	t	2025-06-05 12:56:26	2025-06-05 12:56:26
41	238	promotion	t	2025-06-05 12:56:26	2025-06-05 12:56:26
42	238	message	t	2025-06-05 12:56:26	2025-06-05 12:56:26
43	238	alert	t	2025-06-05 12:56:26	2025-06-05 12:56:26
55	240	request	t	2025-06-06 11:35:23	2025-06-06 11:35:23
44	239	all	t	2025-06-06 03:32:30	2025-06-06 12:56:57
45	239	request	t	2025-06-06 03:32:30	2025-06-06 12:56:57
46	239	promotion	t	2025-06-06 03:32:30	2025-06-06 12:56:57
47	239	message	t	2025-06-06 03:32:30	2025-06-06 12:56:57
56	240	promotion	t	2025-06-06 11:35:23	2025-06-06 11:35:23
50	211	request	t	2025-06-06 06:11:29	2025-06-29 09:13:25
51	211	promotion	t	2025-06-06 06:11:29	2025-06-29 09:13:25
52	211	message	t	2025-06-06 06:11:29	2025-06-29 09:13:25
53	211	alert	t	2025-06-06 06:11:29	2025-06-29 09:13:25
109	250	all	t	2025-07-09 07:16:57	2025-07-09 07:16:57
57	240	message	t	2025-06-06 11:35:23	2025-06-06 11:35:23
58	240	alert	t	2025-06-06 11:35:23	2025-06-06 11:35:23
48	239	alert	f	2025-06-06 03:32:30	2025-06-06 12:56:57
59	241	all	t	2025-06-06 13:57:11	2025-06-06 13:57:11
60	241	request	t	2025-06-06 13:57:11	2025-06-06 13:57:11
61	241	promotion	t	2025-06-06 13:57:11	2025-06-06 13:57:11
62	241	message	t	2025-06-06 13:57:11	2025-06-06 13:57:11
63	241	alert	t	2025-06-06 13:57:11	2025-06-06 13:57:11
64	242	all	t	2025-06-07 12:04:36	2025-06-07 12:04:36
65	242	request	t	2025-06-07 12:04:36	2025-06-07 12:04:36
66	242	promotion	t	2025-06-07 12:04:36	2025-06-07 12:04:36
84	246	all	t	2025-06-11 09:55:34	2025-06-11 09:55:34
85	246	request	t	2025-06-11 09:55:34	2025-06-11 09:55:34
86	246	promotion	t	2025-06-11 09:55:34	2025-06-11 09:55:34
87	246	message	t	2025-06-11 09:55:34	2025-06-11 09:55:34
88	246	alert	t	2025-06-11 09:55:34	2025-06-11 09:55:34
67	242	message	t	2025-06-07 12:04:36	2025-06-07 12:04:36
68	242	alert	t	2025-06-07 12:04:36	2025-06-07 12:04:36
69	243	all	t	2025-06-09 09:13:24	2025-06-09 09:13:24
70	243	request	t	2025-06-09 09:13:24	2025-06-09 09:13:24
71	243	promotion	t	2025-06-09 09:13:24	2025-06-09 09:13:24
72	243	message	t	2025-06-09 09:13:24	2025-06-09 09:13:24
73	243	alert	t	2025-06-09 09:13:24	2025-06-09 09:13:24
101	195	promotion	t	2025-06-28 08:10:29	2025-06-28 08:10:29
102	195	message	t	2025-06-28 08:10:29	2025-06-28 08:10:29
89	247	all	t	2025-06-23 21:05:53	2025-06-27 14:23:40
98	248	alert	t	2025-06-27 14:51:05	2025-06-27 14:51:05
103	195	alert	t	2025-06-28 08:10:29	2025-06-28 08:10:29
104	249	all	t	2025-06-28 13:01:59	2025-06-28 13:01:59
105	249	request	t	2025-06-28 13:01:59	2025-06-28 13:01:59
106	249	promotion	t	2025-06-28 13:01:59	2025-06-28 13:01:59
107	249	message	t	2025-06-28 13:01:59	2025-06-28 13:01:59
108	249	alert	t	2025-06-28 13:01:59	2025-06-28 13:01:59
49	211	all	t	2025-06-06 06:11:29	2025-06-29 09:13:25
110	250	request	t	2025-07-09 07:16:57	2025-07-09 07:16:57
111	250	promotion	t	2025-07-09 07:16:57	2025-07-09 07:16:57
81	245	promotion	t	2025-06-11 09:55:14	2025-07-13 02:16:55
82	245	message	t	2025-06-11 09:55:14	2025-07-13 02:16:55
83	245	alert	t	2025-06-11 09:55:14	2025-07-13 02:16:55
80	245	request	t	2025-06-11 09:55:14	2025-07-13 02:16:55
112	250	message	t	2025-07-09 07:16:57	2025-07-09 07:16:57
113	250	alert	t	2025-07-09 07:16:57	2025-07-09 07:16:57
114	251	all	t	2025-07-09 10:44:36	2025-07-09 10:44:36
115	251	request	t	2025-07-09 10:44:36	2025-07-09 10:44:36
116	251	promotion	t	2025-07-09 10:44:36	2025-07-09 10:44:36
117	251	message	t	2025-07-09 10:44:36	2025-07-09 10:44:36
118	251	alert	t	2025-07-09 10:44:36	2025-07-09 10:44:36
119	252	all	t	2025-07-10 06:19:03	2025-07-10 06:19:03
120	252	request	t	2025-07-10 06:19:03	2025-07-10 06:19:03
121	252	promotion	t	2025-07-10 06:19:03	2025-07-10 06:19:03
122	252	message	t	2025-07-10 06:19:03	2025-07-10 06:19:03
123	252	alert	t	2025-07-10 06:19:03	2025-07-10 06:19:03
124	224	all	t	2025-07-10 12:09:08	2025-07-10 12:09:08
125	224	request	t	2025-07-10 12:09:08	2025-07-10 12:09:08
126	224	promotion	t	2025-07-10 12:09:08	2025-07-10 12:09:08
127	224	message	t	2025-07-10 12:09:08	2025-07-10 12:09:08
128	224	alert	t	2025-07-10 12:09:08	2025-07-10 12:09:08
184	216	all	t	2025-07-12 06:43:16	2025-07-12 06:43:16
185	216	request	t	2025-07-12 06:43:16	2025-07-12 06:43:16
186	216	promotion	t	2025-07-12 06:43:16	2025-07-12 06:43:16
187	216	message	t	2025-07-12 06:43:16	2025-07-12 06:43:16
188	216	alert	t	2025-07-12 06:43:16	2025-07-12 06:43:16
129	253	all	t	2025-07-10 14:34:32	2025-07-10 16:37:17
130	253	request	t	2025-07-10 14:34:32	2025-07-10 16:37:17
131	253	promotion	t	2025-07-10 14:34:32	2025-07-10 16:37:17
132	253	message	t	2025-07-10 14:34:32	2025-07-10 16:37:17
133	253	alert	t	2025-07-10 14:34:32	2025-07-10 16:37:17
134	254	all	t	2025-07-11 11:23:07	2025-07-11 11:23:07
135	254	request	t	2025-07-11 11:23:07	2025-07-11 11:23:07
136	254	promotion	t	2025-07-11 11:23:07	2025-07-11 11:23:07
137	254	message	t	2025-07-11 11:23:07	2025-07-11 11:23:07
138	254	alert	t	2025-07-11 11:23:07	2025-07-11 11:23:07
144	256	all	t	2025-07-11 12:03:07	2025-07-11 12:03:07
145	256	request	t	2025-07-11 12:03:07	2025-07-11 12:03:07
146	256	promotion	t	2025-07-11 12:03:07	2025-07-11 12:03:07
147	256	message	t	2025-07-11 12:03:07	2025-07-11 12:03:07
148	256	alert	t	2025-07-11 12:03:07	2025-07-11 12:03:07
149	257	all	t	2025-07-11 13:37:02	2025-07-11 13:37:02
150	257	request	t	2025-07-11 13:37:02	2025-07-11 13:37:02
151	257	promotion	t	2025-07-11 13:37:02	2025-07-11 13:37:02
152	257	message	t	2025-07-11 13:37:02	2025-07-11 13:37:02
153	257	alert	t	2025-07-11 13:37:02	2025-07-11 13:37:02
79	245	all	t	2025-06-11 09:55:14	2025-07-13 02:16:55
204	266	all	t	2025-07-13 07:26:29	2025-07-13 07:26:29
205	266	request	t	2025-07-13 07:26:29	2025-07-13 07:26:29
206	266	promotion	t	2025-07-13 07:26:29	2025-07-13 07:26:29
154	258	all	t	2025-07-11 14:43:04	2025-07-12 07:30:00
155	258	request	t	2025-07-11 14:43:04	2025-07-12 07:30:00
156	258	promotion	t	2025-07-11 14:43:04	2025-07-12 07:30:00
157	258	message	t	2025-07-11 14:43:04	2025-07-12 07:30:00
158	258	alert	t	2025-07-11 14:43:04	2025-07-12 07:30:00
189	263	all	t	2025-07-12 08:26:56	2025-07-12 08:26:56
190	263	request	t	2025-07-12 08:26:56	2025-07-12 08:26:56
191	263	promotion	t	2025-07-12 08:26:56	2025-07-12 08:26:56
192	263	message	t	2025-07-12 08:26:57	2025-07-12 08:26:57
193	263	alert	t	2025-07-12 08:26:57	2025-07-12 08:26:57
139	255	all	t	2025-07-11 11:44:15	2025-07-11 14:36:22
140	255	request	t	2025-07-11 11:44:15	2025-07-11 14:36:22
141	255	promotion	t	2025-07-11 11:44:15	2025-07-11 14:36:22
142	255	message	t	2025-07-11 11:44:15	2025-07-11 14:36:22
143	255	alert	t	2025-07-11 11:44:15	2025-07-11 14:36:22
159	259	all	t	2025-07-11 15:06:09	2025-07-11 15:06:09
160	259	request	t	2025-07-11 15:06:09	2025-07-11 15:06:09
161	259	promotion	t	2025-07-11 15:06:09	2025-07-11 15:06:09
162	259	message	t	2025-07-11 15:06:09	2025-07-11 15:06:09
163	259	alert	t	2025-07-11 15:06:09	2025-07-11 15:06:09
164	260	all	t	2025-07-11 15:09:28	2025-07-11 15:09:28
165	260	request	t	2025-07-11 15:09:28	2025-07-11 15:09:28
166	260	promotion	t	2025-07-11 15:09:28	2025-07-11 15:09:28
167	260	message	t	2025-07-11 15:09:28	2025-07-11 15:09:28
168	260	alert	t	2025-07-11 15:09:28	2025-07-11 15:09:28
169	260	all	t	2025-07-11 15:09:28	2025-07-11 15:09:28
170	260	request	t	2025-07-11 15:09:28	2025-07-11 15:09:28
171	260	promotion	t	2025-07-11 15:09:28	2025-07-11 15:09:28
172	260	message	t	2025-07-11 15:09:28	2025-07-11 15:09:28
173	260	alert	t	2025-07-11 15:09:28	2025-07-11 15:09:28
174	261	all	t	2025-07-11 15:11:30	2025-07-11 15:11:30
175	261	request	t	2025-07-11 15:11:30	2025-07-11 15:11:30
176	261	promotion	t	2025-07-11 15:11:30	2025-07-11 15:11:30
177	261	message	t	2025-07-11 15:11:30	2025-07-11 15:11:30
178	261	alert	t	2025-07-11 15:11:30	2025-07-11 15:11:30
179	262	all	t	2025-07-12 05:30:57	2025-07-12 05:30:57
180	262	request	t	2025-07-12 05:30:57	2025-07-12 05:30:57
181	262	promotion	t	2025-07-12 05:30:57	2025-07-12 05:30:57
182	262	message	t	2025-07-12 05:30:57	2025-07-12 05:30:57
183	262	alert	t	2025-07-12 05:30:57	2025-07-12 05:30:57
194	264	all	t	2025-07-12 08:54:57	2025-07-12 08:54:57
195	264	request	t	2025-07-12 08:54:57	2025-07-12 08:54:57
196	264	promotion	t	2025-07-12 08:54:57	2025-07-12 08:54:57
197	264	message	t	2025-07-12 08:54:57	2025-07-12 08:54:57
198	264	alert	t	2025-07-12 08:54:57	2025-07-12 08:54:57
199	265	all	t	2025-07-12 08:55:36	2025-07-12 08:55:36
200	265	request	t	2025-07-12 08:55:36	2025-07-12 08:55:36
201	265	promotion	t	2025-07-12 08:55:36	2025-07-12 08:55:36
202	265	message	t	2025-07-12 08:55:36	2025-07-12 08:55:36
203	265	alert	t	2025-07-12 08:55:36	2025-07-12 08:55:36
207	266	message	t	2025-07-13 07:26:29	2025-07-13 07:26:29
208	266	alert	t	2025-07-13 07:26:29	2025-07-13 07:26:29
209	267	all	t	2025-07-13 07:55:42	2025-07-13 07:55:42
210	267	request	t	2025-07-13 07:55:42	2025-07-13 07:55:42
211	267	promotion	t	2025-07-13 07:55:42	2025-07-13 07:55:42
212	267	message	t	2025-07-13 07:55:42	2025-07-13 07:55:42
213	267	alert	t	2025-07-13 07:55:42	2025-07-13 07:55:42
214	268	all	t	2025-07-13 11:10:11	2025-07-13 11:10:11
215	268	request	t	2025-07-13 11:10:11	2025-07-13 11:10:11
216	268	promotion	t	2025-07-13 11:10:11	2025-07-13 11:10:11
217	268	message	t	2025-07-13 11:10:11	2025-07-13 11:10:11
218	268	alert	t	2025-07-13 11:10:11	2025-07-13 11:10:11
219	269	all	t	2025-07-13 13:59:36	2025-07-13 13:59:36
220	269	request	t	2025-07-13 13:59:36	2025-07-13 13:59:36
221	269	promotion	t	2025-07-13 13:59:36	2025-07-13 13:59:36
222	269	message	t	2025-07-13 13:59:36	2025-07-13 13:59:36
223	269	alert	t	2025-07-13 13:59:37	2025-07-13 13:59:37
224	270	all	t	2025-07-13 15:22:32	2025-07-13 15:22:32
225	270	request	t	2025-07-13 15:22:32	2025-07-13 15:22:32
226	270	promotion	t	2025-07-13 15:22:32	2025-07-13 15:22:32
227	270	message	t	2025-07-13 15:22:32	2025-07-13 15:22:32
228	270	alert	t	2025-07-13 15:22:32	2025-07-13 15:22:32
229	271	all	t	2025-07-13 20:16:01	2025-07-13 20:16:01
230	271	request	t	2025-07-13 20:16:01	2025-07-13 20:16:01
231	271	promotion	t	2025-07-13 20:16:01	2025-07-13 20:16:01
232	271	message	t	2025-07-13 20:16:01	2025-07-13 20:16:01
233	271	alert	t	2025-07-13 20:16:01	2025-07-13 20:16:01
234	272	all	t	2025-07-13 21:01:37	2025-07-13 21:01:37
235	272	request	t	2025-07-13 21:01:37	2025-07-13 21:01:37
236	272	promotion	t	2025-07-13 21:01:37	2025-07-13 21:01:37
237	272	message	t	2025-07-13 21:01:37	2025-07-13 21:01:37
238	272	alert	t	2025-07-13 21:01:37	2025-07-13 21:01:37
239	273	all	t	2025-07-16 07:15:59	2025-07-16 07:15:59
240	273	request	t	2025-07-16 07:15:59	2025-07-16 07:15:59
241	273	promotion	t	2025-07-16 07:15:59	2025-07-16 07:15:59
242	273	message	t	2025-07-16 07:15:59	2025-07-16 07:15:59
243	273	alert	t	2025-07-16 07:15:59	2025-07-16 07:15:59
244	274	all	t	2025-07-16 07:33:30	2025-07-16 07:33:30
245	274	request	t	2025-07-16 07:33:30	2025-07-16 07:33:30
246	274	promotion	t	2025-07-16 07:33:30	2025-07-16 07:33:30
247	274	message	t	2025-07-16 07:33:30	2025-07-16 07:33:30
248	274	alert	t	2025-07-16 07:33:30	2025-07-16 07:33:30
249	275	all	t	2025-07-16 09:02:22	2025-07-16 09:02:22
250	275	request	t	2025-07-16 09:02:22	2025-07-16 09:02:22
251	275	promotion	t	2025-07-16 09:02:22	2025-07-16 09:02:22
252	275	message	t	2025-07-16 09:02:22	2025-07-16 09:02:22
253	275	alert	t	2025-07-16 09:02:22	2025-07-16 09:02:22
254	276	all	t	2025-07-16 15:07:13	2025-07-16 15:07:13
255	276	request	t	2025-07-16 15:07:13	2025-07-16 15:07:13
256	276	promotion	t	2025-07-16 15:07:13	2025-07-16 15:07:13
257	276	message	t	2025-07-16 15:07:13	2025-07-16 15:07:13
258	276	alert	t	2025-07-16 15:07:13	2025-07-16 15:07:13
259	277	all	t	2025-07-17 07:57:53	2025-07-17 07:57:53
260	277	request	t	2025-07-17 07:57:53	2025-07-17 07:57:53
261	277	promotion	t	2025-07-17 07:57:53	2025-07-17 07:57:53
262	277	message	t	2025-07-17 07:57:53	2025-07-17 07:57:53
263	277	alert	t	2025-07-17 07:57:53	2025-07-17 07:57:53
264	278	all	t	2025-07-19 08:27:48	2025-07-19 08:27:48
265	278	request	t	2025-07-19 08:27:48	2025-07-19 08:27:48
266	278	promotion	t	2025-07-19 08:27:48	2025-07-19 08:27:48
267	278	message	t	2025-07-19 08:27:48	2025-07-19 08:27:48
268	278	alert	t	2025-07-19 08:27:48	2025-07-19 08:27:48
269	279	all	t	2025-07-21 07:03:39	2025-07-21 07:03:39
270	279	request	t	2025-07-21 07:03:39	2025-07-21 07:03:39
271	279	promotion	t	2025-07-21 07:03:39	2025-07-21 07:03:39
272	279	message	t	2025-07-21 07:03:39	2025-07-21 07:03:39
273	279	alert	t	2025-07-21 07:03:39	2025-07-21 07:03:39
274	280	all	t	2025-08-13 13:55:14	2025-08-13 13:55:14
275	280	request	t	2025-08-13 13:55:14	2025-08-13 13:55:14
276	280	promotion	t	2025-08-13 13:55:14	2025-08-13 13:55:14
277	280	message	t	2025-08-13 13:55:14	2025-08-13 13:55:14
278	280	alert	t	2025-08-13 13:55:14	2025-08-13 13:55:14
279	281	all	t	2025-08-14 10:41:14	2025-08-14 10:41:14
280	281	request	t	2025-08-14 10:41:14	2025-08-14 10:41:14
281	281	promotion	t	2025-08-14 10:41:14	2025-08-14 10:41:14
282	281	message	t	2025-08-14 10:41:14	2025-08-14 10:41:14
283	281	alert	t	2025-08-14 10:41:14	2025-08-14 10:41:14
284	282	all	t	2025-08-14 12:36:49	2025-08-14 12:36:49
285	282	request	t	2025-08-14 12:36:49	2025-08-14 12:36:49
286	282	promotion	t	2025-08-14 12:36:49	2025-08-14 12:36:49
287	282	message	t	2025-08-14 12:36:49	2025-08-14 12:36:49
288	282	alert	t	2025-08-14 12:36:49	2025-08-14 12:36:49
289	283	all	t	2025-08-14 13:09:59	2025-08-14 13:09:59
290	283	request	t	2025-08-14 13:09:59	2025-08-14 13:09:59
291	283	promotion	t	2025-08-14 13:09:59	2025-08-14 13:09:59
292	283	message	t	2025-08-14 13:09:59	2025-08-14 13:09:59
293	283	alert	t	2025-08-14 13:09:59	2025-08-14 13:09:59
294	284	all	t	2025-08-17 13:15:49	2025-08-17 13:15:49
295	284	request	t	2025-08-17 13:15:49	2025-08-17 13:15:49
296	284	promotion	t	2025-08-17 13:15:49	2025-08-17 13:15:49
297	284	message	t	2025-08-17 13:15:49	2025-08-17 13:15:49
298	284	alert	t	2025-08-17 13:15:49	2025-08-17 13:15:49
299	285	all	t	2025-08-18 07:59:43	2025-08-18 07:59:43
300	285	request	t	2025-08-18 07:59:43	2025-08-18 07:59:43
301	285	promotion	t	2025-08-18 07:59:43	2025-08-18 07:59:43
302	285	message	t	2025-08-18 07:59:43	2025-08-18 07:59:43
303	285	alert	t	2025-08-18 07:59:43	2025-08-18 07:59:43
304	286	all	t	2025-08-18 11:29:00	2025-08-18 11:29:00
305	286	request	t	2025-08-18 11:29:00	2025-08-18 11:29:00
306	286	promotion	t	2025-08-18 11:29:00	2025-08-18 11:29:00
307	286	message	t	2025-08-18 11:29:00	2025-08-18 11:29:00
308	286	alert	t	2025-08-18 11:29:00	2025-08-18 11:29:00
309	287	all	t	2025-08-18 13:07:46	2025-08-18 13:07:46
310	287	request	t	2025-08-18 13:07:46	2025-08-18 13:07:46
311	287	promotion	t	2025-08-18 13:07:46	2025-08-18 13:07:46
312	287	message	t	2025-08-18 13:07:46	2025-08-18 13:07:46
313	287	alert	t	2025-08-18 13:07:46	2025-08-18 13:07:46
314	288	all	t	2025-08-19 07:24:53	2025-08-19 07:24:53
315	288	request	t	2025-08-19 07:24:53	2025-08-19 07:24:53
316	288	promotion	t	2025-08-19 07:24:53	2025-08-19 07:24:53
317	288	message	t	2025-08-19 07:24:53	2025-08-19 07:24:53
318	288	alert	t	2025-08-19 07:24:53	2025-08-19 07:24:53
319	289	all	t	2025-08-19 07:54:28	2025-08-19 07:54:28
320	289	request	t	2025-08-19 07:54:28	2025-08-19 07:54:28
321	289	promotion	t	2025-08-19 07:54:28	2025-08-19 07:54:28
322	289	message	t	2025-08-19 07:54:28	2025-08-19 07:54:28
323	289	alert	t	2025-08-19 07:54:28	2025-08-19 07:54:28
324	290	all	t	2025-08-25 17:06:59	2025-08-25 17:06:59
325	290	request	t	2025-08-25 17:06:59	2025-08-25 17:06:59
326	290	promotion	t	2025-08-25 17:06:59	2025-08-25 17:06:59
327	290	message	t	2025-08-25 17:06:59	2025-08-25 17:06:59
328	290	alert	t	2025-08-25 17:06:59	2025-08-25 17:06:59
329	291	all	t	2025-09-04 18:26:46	2025-09-04 18:26:46
330	291	request	t	2025-09-04 18:26:46	2025-09-04 18:26:46
331	291	promotion	t	2025-09-04 18:26:46	2025-09-04 18:26:46
332	291	message	t	2025-09-04 18:26:46	2025-09-04 18:26:46
333	291	alert	t	2025-09-04 18:26:46	2025-09-04 18:26:46
334	292	all	t	2025-09-23 12:56:47	2025-09-23 12:56:47
335	292	request	t	2025-09-23 12:56:47	2025-09-23 12:56:47
336	292	promotion	t	2025-09-23 12:56:47	2025-09-23 12:56:47
337	292	message	t	2025-09-23 12:56:47	2025-09-23 12:56:47
338	292	alert	t	2025-09-23 12:56:47	2025-09-23 12:56:47
339	293	all	t	2025-09-23 18:17:12	2025-09-23 18:17:12
340	293	request	t	2025-09-23 18:17:12	2025-09-23 18:17:12
341	293	promotion	t	2025-09-23 18:17:12	2025-09-23 18:17:12
342	293	message	t	2025-09-23 18:17:12	2025-09-23 18:17:12
343	293	alert	t	2025-09-23 18:17:12	2025-09-23 18:17:12
344	294	all	t	2025-09-24 07:47:54	2025-09-24 07:47:54
345	294	request	t	2025-09-24 07:47:54	2025-09-24 07:47:54
346	294	promotion	t	2025-09-24 07:47:54	2025-09-24 07:47:54
347	294	message	t	2025-09-24 07:47:54	2025-09-24 07:47:54
348	294	alert	t	2025-09-24 07:47:54	2025-09-24 07:47:54
349	295	all	t	2025-09-24 11:14:17	2025-09-24 11:14:17
350	295	request	t	2025-09-24 11:14:17	2025-09-24 11:14:17
351	295	promotion	t	2025-09-24 11:14:17	2025-09-24 11:14:17
352	295	message	t	2025-09-24 11:14:17	2025-09-24 11:14:17
353	295	alert	t	2025-09-24 11:14:17	2025-09-24 11:14:17
354	296	all	t	2025-09-24 14:24:01	2025-09-24 14:24:01
355	296	request	t	2025-09-24 14:24:01	2025-09-24 14:24:01
356	296	promotion	t	2025-09-24 14:24:01	2025-09-24 14:24:01
357	296	message	t	2025-09-24 14:24:01	2025-09-24 14:24:01
358	296	alert	t	2025-09-24 14:24:01	2025-09-24 14:24:01
359	297	all	t	2025-09-24 17:38:12	2025-09-24 17:38:12
360	297	request	t	2025-09-24 17:38:12	2025-09-24 17:38:12
361	297	promotion	t	2025-09-24 17:38:12	2025-09-24 17:38:12
362	297	message	t	2025-09-24 17:38:12	2025-09-24 17:38:12
363	297	alert	t	2025-09-24 17:38:12	2025-09-24 17:38:12
364	298	all	t	2025-09-25 05:57:17	2025-09-25 05:57:17
365	298	request	t	2025-09-25 05:57:17	2025-09-25 05:57:17
366	298	promotion	t	2025-09-25 05:57:17	2025-09-25 05:57:17
367	298	message	t	2025-09-25 05:57:17	2025-09-25 05:57:17
368	298	alert	t	2025-09-25 05:57:17	2025-09-25 05:57:17
369	299	all	t	2025-11-10 12:39:42	2025-11-10 12:39:42
370	299	request	t	2025-11-10 12:39:42	2025-11-10 12:39:42
371	299	promotion	t	2025-11-10 12:39:42	2025-11-10 12:39:42
372	299	message	t	2025-11-10 12:39:42	2025-11-10 12:39:42
373	299	alert	t	2025-11-10 12:39:42	2025-11-10 12:39:42
374	300	all	t	2025-11-11 05:48:30	2025-11-11 05:48:30
375	300	request	t	2025-11-11 05:48:30	2025-11-11 05:48:30
376	300	promotion	t	2025-11-11 05:48:30	2025-11-11 05:48:30
377	300	message	t	2025-11-11 05:48:30	2025-11-11 05:48:30
378	300	alert	t	2025-11-11 05:48:30	2025-11-11 05:48:30
379	301	all	t	2025-11-14 06:25:36	2025-11-14 06:25:36
380	301	request	t	2025-11-14 06:25:36	2025-11-14 06:25:36
381	301	promotion	t	2025-11-14 06:25:36	2025-11-14 06:25:36
382	301	message	t	2025-11-14 06:25:36	2025-11-14 06:25:36
383	301	alert	t	2025-11-14 06:25:36	2025-11-14 06:25:36
384	302	all	t	2025-11-14 07:46:19	2025-11-14 07:46:19
385	302	request	t	2025-11-14 07:46:19	2025-11-14 07:46:19
386	302	promotion	t	2025-11-14 07:46:19	2025-11-14 07:46:19
387	302	message	t	2025-11-14 07:46:19	2025-11-14 07:46:19
388	302	alert	t	2025-11-14 07:46:19	2025-11-14 07:46:19
389	303	all	t	2025-11-15 08:43:09	2025-11-15 08:43:09
390	303	request	t	2025-11-15 08:43:09	2025-11-15 08:43:09
391	303	promotion	t	2025-11-15 08:43:09	2025-11-15 08:43:09
392	303	message	t	2025-11-15 08:43:09	2025-11-15 08:43:09
393	303	alert	t	2025-11-15 08:43:09	2025-11-15 08:43:09
394	304	all	t	2025-11-15 11:51:06	2025-11-15 11:51:06
395	304	request	t	2025-11-15 11:51:06	2025-11-15 11:51:06
396	304	promotion	t	2025-11-15 11:51:06	2025-11-15 11:51:06
397	304	message	t	2025-11-15 11:51:06	2025-11-15 11:51:06
398	304	alert	t	2025-11-15 11:51:06	2025-11-15 11:51:06
399	210	all	t	2025-11-17 10:26:21	2025-11-17 10:26:21
400	210	request	t	2025-11-17 10:26:21	2025-11-17 10:26:21
401	210	promotion	t	2025-11-17 10:26:21	2025-11-17 10:26:21
402	210	message	t	2025-11-17 10:26:21	2025-11-17 10:26:21
403	210	alert	t	2025-11-17 10:26:21	2025-11-17 10:26:21
404	305	all	t	2025-11-17 14:06:23	2025-11-17 14:06:23
405	305	request	t	2025-11-17 14:06:24	2025-11-17 14:06:24
406	305	promotion	t	2025-11-17 14:06:24	2025-11-17 14:06:24
407	305	message	t	2025-11-17 14:06:24	2025-11-17 14:06:24
408	305	alert	t	2025-11-17 14:06:24	2025-11-17 14:06:24
409	306	all	t	2025-11-17 14:24:00	2025-11-17 14:24:00
410	306	request	t	2025-11-17 14:24:00	2025-11-17 14:24:00
411	306	promotion	t	2025-11-17 14:24:00	2025-11-17 14:24:00
412	306	message	t	2025-11-17 14:24:00	2025-11-17 14:24:00
413	306	alert	t	2025-11-17 14:24:00	2025-11-17 14:24:00
414	307	all	t	2025-11-18 06:06:58	2025-11-18 06:06:58
415	307	request	t	2025-11-18 06:06:58	2025-11-18 06:06:58
416	307	promotion	t	2025-11-18 06:06:58	2025-11-18 06:06:58
417	307	message	t	2025-11-18 06:06:58	2025-11-18 06:06:58
418	307	alert	t	2025-11-18 06:06:58	2025-11-18 06:06:58
419	308	all	t	2025-11-18 06:19:43	2025-11-18 06:19:43
420	308	request	t	2025-11-18 06:19:43	2025-11-18 06:19:43
421	308	promotion	t	2025-11-18 06:19:43	2025-11-18 06:19:43
422	308	message	t	2025-11-18 06:19:43	2025-11-18 06:19:43
423	308	alert	t	2025-11-18 06:19:43	2025-11-18 06:19:43
424	309	all	t	2025-11-18 06:22:51	2025-11-18 06:22:51
425	309	request	t	2025-11-18 06:22:51	2025-11-18 06:22:51
426	309	promotion	t	2025-11-18 06:22:51	2025-11-18 06:22:51
427	309	message	t	2025-11-18 06:22:51	2025-11-18 06:22:51
428	309	alert	t	2025-11-18 06:22:51	2025-11-18 06:22:51
429	310	all	t	2025-11-18 09:18:56	2025-11-18 09:18:56
430	310	request	t	2025-11-18 09:18:56	2025-11-18 09:18:56
431	310	promotion	t	2025-11-18 09:18:56	2025-11-18 09:18:56
432	310	message	t	2025-11-18 09:18:56	2025-11-18 09:18:56
433	310	alert	t	2025-11-18 09:18:56	2025-11-18 09:18:56
434	311	all	t	2025-11-18 09:32:24	2025-11-18 09:32:24
435	311	request	t	2025-11-18 09:32:24	2025-11-18 09:32:24
436	311	promotion	t	2025-11-18 09:32:24	2025-11-18 09:32:24
437	311	message	t	2025-11-18 09:32:24	2025-11-18 09:32:24
438	311	alert	t	2025-11-18 09:32:24	2025-11-18 09:32:24
439	312	all	t	2025-11-19 06:30:29	2025-11-19 06:30:29
440	312	request	t	2025-11-19 06:30:29	2025-11-19 06:30:29
441	312	promotion	t	2025-11-19 06:30:29	2025-11-19 06:30:29
442	312	message	t	2025-11-19 06:30:29	2025-11-19 06:30:29
443	312	alert	t	2025-11-19 06:30:29	2025-11-19 06:30:29
444	313	all	t	2025-11-24 11:11:41	2025-11-24 11:11:41
445	313	request	t	2025-11-24 11:11:41	2025-11-24 11:11:41
446	313	promotion	t	2025-11-24 11:11:41	2025-11-24 11:11:41
447	313	message	t	2025-11-24 11:11:41	2025-11-24 11:11:41
448	313	alert	t	2025-11-24 11:11:41	2025-11-24 11:11:41
449	314	all	t	2025-11-27 18:18:36	2025-11-27 18:18:36
450	314	request	t	2025-11-27 18:18:36	2025-11-27 18:18:36
451	314	promotion	t	2025-11-27 18:18:36	2025-11-27 18:18:36
452	314	message	t	2025-11-27 18:18:36	2025-11-27 18:18:36
453	314	alert	t	2025-11-27 18:18:36	2025-11-27 18:18:36
454	315	all	t	2025-11-27 18:24:24	2025-11-27 18:24:24
455	315	request	t	2025-11-27 18:24:24	2025-11-27 18:24:24
456	315	promotion	t	2025-11-27 18:24:24	2025-11-27 18:24:24
457	315	message	t	2025-11-27 18:24:24	2025-11-27 18:24:24
458	315	alert	t	2025-11-27 18:24:24	2025-11-27 18:24:24
459	316	all	t	2025-12-11 15:46:57	2025-12-11 15:46:57
460	316	request	t	2025-12-11 15:46:57	2025-12-11 15:46:57
461	316	promotion	t	2025-12-11 15:46:57	2025-12-11 15:46:57
462	316	message	t	2025-12-11 15:46:57	2025-12-11 15:46:57
463	316	alert	t	2025-12-11 15:46:57	2025-12-11 15:46:57
464	317	all	t	2025-12-11 15:56:21	2025-12-11 15:56:21
465	317	request	t	2025-12-11 15:56:21	2025-12-11 15:56:21
466	317	promotion	t	2025-12-11 15:56:21	2025-12-11 15:56:21
467	317	message	t	2025-12-11 15:56:21	2025-12-11 15:56:21
468	317	alert	t	2025-12-11 15:56:21	2025-12-11 15:56:21
469	318	all	t	2025-12-15 16:41:08	2025-12-15 16:41:08
470	318	request	t	2025-12-15 16:41:08	2025-12-15 16:41:08
471	318	promotion	t	2025-12-15 16:41:08	2025-12-15 16:41:08
472	318	message	t	2025-12-15 16:41:08	2025-12-15 16:41:08
473	318	alert	t	2025-12-15 16:41:08	2025-12-15 16:41:08
474	319	all	t	2025-12-15 17:11:03	2025-12-15 17:11:03
475	319	request	t	2025-12-15 17:11:03	2025-12-15 17:11:03
476	319	promotion	t	2025-12-15 17:11:03	2025-12-15 17:11:03
477	319	message	t	2025-12-15 17:11:03	2025-12-15 17:11:03
478	319	alert	t	2025-12-15 17:11:03	2025-12-15 17:11:03
479	320	all	t	2025-12-15 17:18:52	2025-12-15 17:18:52
480	320	request	t	2025-12-15 17:18:52	2025-12-15 17:18:52
481	320	promotion	t	2025-12-15 17:18:52	2025-12-15 17:18:52
482	320	message	t	2025-12-15 17:18:52	2025-12-15 17:18:52
483	320	alert	t	2025-12-15 17:18:52	2025-12-15 17:18:52
484	321	all	t	2025-12-15 17:51:21	2025-12-15 17:51:21
485	321	request	t	2025-12-15 17:51:21	2025-12-15 17:51:21
486	321	promotion	t	2025-12-15 17:51:21	2025-12-15 17:51:21
487	321	message	t	2025-12-15 17:51:21	2025-12-15 17:51:21
488	321	alert	t	2025-12-15 17:51:21	2025-12-15 17:51:21
489	322	all	t	2025-12-22 15:54:58	2025-12-22 15:54:58
490	322	request	t	2025-12-22 15:54:58	2025-12-22 15:54:58
491	322	promotion	t	2025-12-22 15:54:58	2025-12-22 15:54:58
492	322	message	t	2025-12-22 15:54:58	2025-12-22 15:54:58
493	322	alert	t	2025-12-22 15:54:58	2025-12-22 15:54:58
494	323	all	t	2025-12-22 16:04:50	2025-12-22 16:04:50
495	323	request	t	2025-12-22 16:04:50	2025-12-22 16:04:50
496	323	promotion	t	2025-12-22 16:04:50	2025-12-22 16:04:50
497	323	message	t	2025-12-22 16:04:50	2025-12-22 16:04:50
498	323	alert	t	2025-12-22 16:04:50	2025-12-22 16:04:50
499	324	all	t	2025-12-22 16:13:31	2025-12-22 16:13:31
500	324	request	t	2025-12-22 16:13:31	2025-12-22 16:13:31
501	324	promotion	t	2025-12-22 16:13:31	2025-12-22 16:13:31
502	324	message	t	2025-12-22 16:13:31	2025-12-22 16:13:31
503	324	alert	t	2025-12-22 16:13:31	2025-12-22 16:13:31
504	325	all	t	2025-12-22 17:11:20	2025-12-22 17:11:20
505	325	request	t	2025-12-22 17:11:20	2025-12-22 17:11:20
506	325	promotion	t	2025-12-22 17:11:20	2025-12-22 17:11:20
507	325	message	t	2025-12-22 17:11:20	2025-12-22 17:11:20
508	325	alert	t	2025-12-22 17:11:20	2025-12-22 17:11:20
509	326	all	t	2025-12-23 13:28:22	2025-12-23 13:28:22
510	326	request	t	2025-12-23 13:28:22	2025-12-23 13:28:22
511	326	promotion	t	2025-12-23 13:28:22	2025-12-23 13:28:22
512	326	message	t	2025-12-23 13:28:22	2025-12-23 13:28:22
513	326	alert	t	2025-12-23 13:28:22	2025-12-23 13:28:22
514	327	all	t	2025-12-26 11:46:40	2025-12-26 11:46:40
515	327	request	t	2025-12-26 11:46:40	2025-12-26 11:46:40
516	327	promotion	t	2025-12-26 11:46:40	2025-12-26 11:46:40
517	327	message	t	2025-12-26 11:46:40	2025-12-26 11:46:40
518	327	alert	t	2025-12-26 11:46:40	2025-12-26 11:46:40
519	328	all	t	2025-12-26 12:21:39	2025-12-26 12:21:39
520	328	request	t	2025-12-26 12:21:39	2025-12-26 12:21:39
521	328	promotion	t	2025-12-26 12:21:39	2025-12-26 12:21:39
522	328	message	t	2025-12-26 12:21:39	2025-12-26 12:21:39
523	328	alert	t	2025-12-26 12:21:39	2025-12-26 12:21:39
524	329	all	t	2025-12-29 10:29:40	2025-12-29 10:29:40
525	329	request	t	2025-12-29 10:29:40	2025-12-29 10:29:40
526	329	promotion	t	2025-12-29 10:29:40	2025-12-29 10:29:40
527	329	message	t	2025-12-29 10:29:40	2025-12-29 10:29:40
528	329	alert	t	2025-12-29 10:29:40	2025-12-29 10:29:40
529	330	all	t	2025-12-29 12:08:00	2025-12-29 12:08:00
530	330	request	t	2025-12-29 12:08:00	2025-12-29 12:08:00
531	330	promotion	t	2025-12-29 12:08:00	2025-12-29 12:08:00
532	330	message	t	2025-12-29 12:08:00	2025-12-29 12:08:00
533	330	alert	t	2025-12-29 12:08:00	2025-12-29 12:08:00
534	331	all	t	2025-12-29 12:16:45	2025-12-29 12:16:45
535	331	request	t	2025-12-29 12:16:45	2025-12-29 12:16:45
536	331	promotion	t	2025-12-29 12:16:45	2025-12-29 12:16:45
537	331	message	t	2025-12-29 12:16:45	2025-12-29 12:16:45
538	331	alert	t	2025-12-29 12:16:45	2025-12-29 12:16:45
539	332	all	t	2025-12-29 16:57:04	2025-12-29 16:57:04
540	332	request	t	2025-12-29 16:57:04	2025-12-29 16:57:04
541	332	promotion	t	2025-12-29 16:57:04	2025-12-29 16:57:04
542	332	message	t	2025-12-29 16:57:04	2025-12-29 16:57:04
543	332	alert	t	2025-12-29 16:57:04	2025-12-29 16:57:04
544	333	all	t	2025-12-30 07:30:25	2025-12-30 07:30:25
545	333	request	t	2025-12-30 07:30:25	2025-12-30 07:30:25
546	333	promotion	t	2025-12-30 07:30:25	2025-12-30 07:30:25
547	333	message	t	2025-12-30 07:30:25	2025-12-30 07:30:25
548	333	alert	t	2025-12-30 07:30:25	2025-12-30 07:30:25
549	334	all	t	2025-12-30 08:56:00	2025-12-30 08:56:00
550	334	request	t	2025-12-30 08:56:00	2025-12-30 08:56:00
551	334	promotion	t	2025-12-30 08:56:00	2025-12-30 08:56:00
552	334	message	t	2025-12-30 08:56:00	2025-12-30 08:56:00
553	334	alert	t	2025-12-30 08:56:00	2025-12-30 08:56:00
554	335	all	t	2025-12-30 10:14:49	2025-12-30 10:14:49
555	335	request	t	2025-12-30 10:14:49	2025-12-30 10:14:49
556	335	promotion	t	2025-12-30 10:14:49	2025-12-30 10:14:49
557	335	message	t	2025-12-30 10:14:49	2025-12-30 10:14:49
558	335	alert	t	2025-12-30 10:14:49	2025-12-30 10:14:49
559	336	all	t	2025-12-31 06:44:53	2025-12-31 06:44:53
560	336	request	t	2025-12-31 06:44:53	2025-12-31 06:44:53
561	336	promotion	t	2025-12-31 06:44:53	2025-12-31 06:44:53
562	336	message	t	2025-12-31 06:44:53	2025-12-31 06:44:53
563	336	alert	t	2025-12-31 06:44:53	2025-12-31 06:44:53
564	337	all	t	2025-12-31 07:07:11	2025-12-31 07:07:11
565	337	request	t	2025-12-31 07:07:11	2025-12-31 07:07:11
566	337	promotion	t	2025-12-31 07:07:11	2025-12-31 07:07:11
567	337	message	t	2025-12-31 07:07:11	2025-12-31 07:07:11
568	337	alert	t	2025-12-31 07:07:11	2025-12-31 07:07:11
569	338	all	t	2025-12-31 09:43:44	2025-12-31 09:43:44
570	338	request	t	2025-12-31 09:43:44	2025-12-31 09:43:44
571	338	promotion	t	2025-12-31 09:43:44	2025-12-31 09:43:44
572	338	message	t	2025-12-31 09:43:44	2025-12-31 09:43:44
573	338	alert	t	2025-12-31 09:43:44	2025-12-31 09:43:44
574	339	all	t	2026-01-01 06:26:45	2026-01-01 06:26:45
575	339	request	t	2026-01-01 06:26:45	2026-01-01 06:26:45
576	339	promotion	t	2026-01-01 06:26:45	2026-01-01 06:26:45
577	339	message	t	2026-01-01 06:26:45	2026-01-01 06:26:45
578	339	alert	t	2026-01-01 06:26:45	2026-01-01 06:26:45
579	340	all	t	2026-01-01 06:31:33	2026-01-01 06:31:33
580	340	request	t	2026-01-01 06:31:33	2026-01-01 06:31:33
581	340	promotion	t	2026-01-01 06:31:33	2026-01-01 06:31:33
582	340	message	t	2026-01-01 06:31:33	2026-01-01 06:31:33
583	340	alert	t	2026-01-01 06:31:33	2026-01-01 06:31:33
584	341	all	t	2026-01-06 15:29:18	2026-01-06 15:29:18
585	341	request	t	2026-01-06 15:29:18	2026-01-06 15:29:18
586	341	promotion	t	2026-01-06 15:29:18	2026-01-06 15:29:18
587	341	message	t	2026-01-06 15:29:18	2026-01-06 15:29:18
588	341	alert	t	2026-01-06 15:29:18	2026-01-06 15:29:18
589	342	all	t	2026-01-06 16:04:00	2026-01-06 16:04:00
590	342	request	t	2026-01-06 16:04:00	2026-01-06 16:04:00
591	342	promotion	t	2026-01-06 16:04:00	2026-01-06 16:04:00
592	342	message	t	2026-01-06 16:04:00	2026-01-06 16:04:00
593	342	alert	t	2026-01-06 16:04:00	2026-01-06 16:04:00
594	343	all	t	2026-01-06 16:15:49	2026-01-06 16:15:49
595	343	request	t	2026-01-06 16:15:49	2026-01-06 16:15:49
596	343	promotion	t	2026-01-06 16:15:49	2026-01-06 16:15:49
597	343	message	t	2026-01-06 16:15:49	2026-01-06 16:15:49
598	343	alert	t	2026-01-06 16:15:49	2026-01-06 16:15:49
599	344	all	t	2026-01-08 08:10:31	2026-01-08 08:10:31
600	344	request	t	2026-01-08 08:10:31	2026-01-08 08:10:31
601	344	promotion	t	2026-01-08 08:10:31	2026-01-08 08:10:31
602	344	message	t	2026-01-08 08:10:31	2026-01-08 08:10:31
603	344	alert	t	2026-01-08 08:10:31	2026-01-08 08:10:31
\.


--
-- Data for Name: notifications; Type: TABLE DATA; Schema: public; Owner: postgres
--

COPY public.notifications (id, title, content, user_id, generated_by, generated_to, is_read, image, status, created_at, updated_at, main_notification_id, title_ar, content_ar) FROM stdin;
1	hi	hkugkutkutkutkutku	233	1	\N	no	68416e05e0805_1749118469.png	1	2025-06-05 10:14:30	2025-06-05 10:14:30	\N	\N	\N
2	hello	Hi	185	1	\N	no	68417a271e699_1749121575.png	1	2025-06-05 11:06:15	2025-06-05 11:06:15	\N	\N	\N
3	hello	Hi	214	1	\N	no	68417a271e699_1749121575.png	1	2025-06-05 11:06:15	2025-06-05 11:06:15	\N	\N	\N
4	hello	Hi	224	1	\N	no	68417a271e699_1749121575.png	1	2025-06-05 11:06:16	2025-06-05 11:06:16	\N	\N	\N
5	hello	Hi	234	1	\N	no	68417a271e699_1749121575.png	1	2025-06-05 11:06:16	2025-06-05 11:06:16	\N	\N	\N
6	hello	Hi	180	1	\N	no	68417a271e699_1749121575.png	1	2025-06-05 11:06:17	2025-06-05 11:06:17	\N	\N	\N
7	hello	Hi	51	1	\N	no	68417a271e699_1749121575.png	1	2025-06-05 11:06:17	2025-06-05 11:06:17	\N	\N	\N
8	hello	Hi	197	1	\N	no	68417a271e699_1749121575.png	1	2025-06-05 11:06:17	2025-06-05 11:06:17	\N	\N	\N
9	hello	Hi	186	1	\N	no	68417a271e699_1749121575.png	1	2025-06-05 11:06:18	2025-06-05 11:06:18	\N	\N	\N
10	hello	Hi	193	1	\N	no	68417a271e699_1749121575.png	1	2025-06-05 11:06:18	2025-06-05 11:06:18	\N	\N	\N
11	hello	Hi	50	1	\N	no	68417a271e699_1749121575.png	1	2025-06-05 11:06:18	2025-06-05 11:06:18	\N	\N	\N
12	hello	Hi	174	1	\N	no	68417a271e699_1749121575.png	1	2025-06-05 11:06:18	2025-06-05 11:06:18	\N	\N	\N
13	hello	Hi	204	1	\N	no	68417a271e699_1749121575.png	1	2025-06-05 11:06:19	2025-06-05 11:06:19	\N	\N	\N
14	hello	Hi	53	1	\N	no	68417a271e699_1749121575.png	1	2025-06-05 11:06:19	2025-06-05 11:06:19	\N	\N	\N
15	hello	Hi	154	1	\N	no	68417a271e699_1749121575.png	1	2025-06-05 11:06:19	2025-06-05 11:06:19	\N	\N	\N
16	hello	Hi	52	1	\N	no	68417a271e699_1749121575.png	1	2025-06-05 11:06:19	2025-06-05 11:06:19	\N	\N	\N
17	hello	Hi	49	1	\N	no	68417a271e699_1749121575.png	1	2025-06-05 11:06:19	2025-06-05 11:06:19	\N	\N	\N
18	hello	Hi	164	1	\N	no	68417a271e699_1749121575.png	1	2025-06-05 11:06:20	2025-06-05 11:06:20	\N	\N	\N
19	hello	Hi	155	1	\N	no	68417a271e699_1749121575.png	1	2025-06-05 11:06:20	2025-06-05 11:06:20	\N	\N	\N
20	hello	Hi	198	1	\N	no	68417a271e699_1749121575.png	1	2025-06-05 11:06:20	2025-06-05 11:06:20	\N	\N	\N
21	hello	Hi	187	1	\N	no	68417a271e699_1749121575.png	1	2025-06-05 11:06:20	2025-06-05 11:06:20	\N	\N	\N
22	hello	Hi	181	1	\N	no	68417a271e699_1749121575.png	1	2025-06-05 11:06:21	2025-06-05 11:06:21	\N	\N	\N
23	hello	Hi	165	1	\N	no	68417a271e699_1749121575.png	1	2025-06-05 11:06:21	2025-06-05 11:06:21	\N	\N	\N
24	hello	Hi	194	1	\N	no	68417a271e699_1749121575.png	1	2025-06-05 11:06:21	2025-06-05 11:06:21	\N	\N	\N
25	hello	Hi	185	1	\N	no	68417a2dc953a_1749121581.png	1	2025-06-05 11:06:21	2025-06-05 11:06:21	\N	\N	\N
26	hello	Hi	175	1	\N	no	68417a271e699_1749121575.png	1	2025-06-05 11:06:22	2025-06-05 11:06:22	\N	\N	\N
27	hello	Hi	214	1	\N	no	68417a2dc953a_1749121581.png	1	2025-06-05 11:06:22	2025-06-05 11:06:22	\N	\N	\N
28	hello	Hi	215	1	\N	no	68417a271e699_1749121575.png	1	2025-06-05 11:06:22	2025-06-05 11:06:22	\N	\N	\N
29	hello	Hi	224	1	\N	no	68417a2dc953a_1749121581.png	1	2025-06-05 11:06:23	2025-06-05 11:06:23	\N	\N	\N
30	hello	Hi	225	1	\N	no	68417a271e699_1749121575.png	1	2025-06-05 11:06:23	2025-06-05 11:06:23	\N	\N	\N
31	hello	Hi	234	1	\N	no	68417a2dc953a_1749121581.png	1	2025-06-05 11:06:23	2025-06-05 11:06:23	\N	\N	\N
32	hello	Hi	205	1	\N	no	68417a271e699_1749121575.png	1	2025-06-05 11:06:23	2025-06-05 11:06:23	\N	\N	\N
33	hello	Hi	180	1	\N	no	68417a2dc953a_1749121581.png	1	2025-06-05 11:06:23	2025-06-05 11:06:23	\N	\N	\N
34	hello	Hi	51	1	\N	no	68417a2dc953a_1749121581.png	1	2025-06-05 11:06:24	2025-06-05 11:06:24	\N	\N	\N
35	hello	Hi	235	1	\N	no	68417a271e699_1749121575.png	1	2025-06-05 11:06:24	2025-06-05 11:06:24	\N	\N	\N
36	hello	Hi	197	1	\N	no	68417a2dc953a_1749121581.png	1	2025-06-05 11:06:24	2025-06-05 11:06:24	\N	\N	\N
37	hello	Hi	206	1	\N	no	68417a271e699_1749121575.png	1	2025-06-05 11:06:24	2025-06-05 11:06:24	\N	\N	\N
38	hello	Hi	186	1	\N	no	68417a2dc953a_1749121581.png	1	2025-06-05 11:06:24	2025-06-05 11:06:24	\N	\N	\N
39	hello	Hi	156	1	\N	no	68417a271e699_1749121575.png	1	2025-06-05 11:06:24	2025-06-05 11:06:24	\N	\N	\N
40	hello	Hi	193	1	\N	no	68417a2dc953a_1749121581.png	1	2025-06-05 11:06:24	2025-06-05 11:06:24	\N	\N	\N
41	hello	Hi	188	1	\N	no	68417a271e699_1749121575.png	1	2025-06-05 11:06:24	2025-06-05 11:06:24	\N	\N	\N
42	hello	Hi	166	1	\N	no	68417a271e699_1749121575.png	1	2025-06-05 11:06:25	2025-06-05 11:06:25	\N	\N	\N
43	hello	Hi	50	1	\N	no	68417a2dc953a_1749121581.png	1	2025-06-05 11:06:25	2025-06-05 11:06:25	\N	\N	\N
44	hello	Hi	174	1	\N	no	68417a2dc953a_1749121581.png	1	2025-06-05 11:06:25	2025-06-05 11:06:25	\N	\N	\N
45	hello	Hi	176	1	\N	no	68417a271e699_1749121575.png	1	2025-06-05 11:06:25	2025-06-05 11:06:25	\N	\N	\N
46	hello	Hi	204	1	\N	no	68417a2dc953a_1749121581.png	1	2025-06-05 11:06:25	2025-06-05 11:06:25	\N	\N	\N
47	hello	Hi	226	1	\N	no	68417a271e699_1749121575.png	1	2025-06-05 11:06:25	2025-06-05 11:06:25	\N	\N	\N
48	hello	Hi	53	1	\N	no	68417a2dc953a_1749121581.png	1	2025-06-05 11:06:26	2025-06-05 11:06:26	\N	\N	\N
49	hello	Hi	154	1	\N	no	68417a2dc953a_1749121581.png	1	2025-06-05 11:06:26	2025-06-05 11:06:26	\N	\N	\N
50	hello	Hi	52	1	\N	no	68417a2dc953a_1749121581.png	1	2025-06-05 11:06:26	2025-06-05 11:06:26	\N	\N	\N
51	hello	Hi	195	1	\N	no	68417a271e699_1749121575.png	1	2025-06-05 11:06:26	2025-06-05 11:06:26	\N	\N	\N
52	hello	Hi	49	1	\N	no	68417a2dc953a_1749121581.png	1	2025-06-05 11:06:26	2025-06-05 11:06:26	\N	\N	\N
53	hello	Hi	164	1	\N	no	68417a2dc953a_1749121581.png	1	2025-06-05 11:06:26	2025-06-05 11:06:26	\N	\N	\N
54	hello	Hi	155	1	\N	no	68417a2dc953a_1749121581.png	1	2025-06-05 11:06:26	2025-06-05 11:06:26	\N	\N	\N
55	hello	Hi	199	1	\N	no	68417a271e699_1749121575.png	1	2025-06-05 11:06:26	2025-06-05 11:06:26	\N	\N	\N
56	hello	Hi	198	1	\N	no	68417a2dc953a_1749121581.png	1	2025-06-05 11:06:26	2025-06-05 11:06:26	\N	\N	\N
57	hello	Hi	187	1	\N	no	68417a2dc953a_1749121581.png	1	2025-06-05 11:06:27	2025-06-05 11:06:27	\N	\N	\N
58	hello	Hi	236	1	\N	no	68417a271e699_1749121575.png	1	2025-06-05 11:06:27	2025-06-05 11:06:27	\N	\N	\N
59	hello	Hi	181	1	\N	no	68417a2dc953a_1749121581.png	1	2025-06-05 11:06:27	2025-06-05 11:06:27	\N	\N	\N
60	hello	Hi	216	1	\N	no	68417a271e699_1749121575.png	1	2025-06-05 11:06:27	2025-06-05 11:06:27	\N	\N	\N
61	hello	Hi	165	1	\N	no	68417a2dc953a_1749121581.png	1	2025-06-05 11:06:28	2025-06-05 11:06:28	\N	\N	\N
62	hello	Hi	157	1	\N	no	68417a271e699_1749121575.png	1	2025-06-05 11:06:28	2025-06-05 11:06:28	\N	\N	\N
63	hello	Hi	183	1	\N	no	68417a271e699_1749121575.png	1	2025-06-05 11:06:28	2025-06-05 11:06:28	\N	\N	\N
65	hello	Hi	177	1	\N	no	68417a271e699_1749121575.png	1	2025-06-05 11:06:28	2025-06-05 11:06:28	\N	\N	\N
68	hello	Hi	196	1	\N	no	68417a271e699_1749121575.png	1	2025-06-05 11:06:29	2025-06-05 11:06:29	\N	\N	\N
70	hello	Hi	189	1	\N	no	68417a271e699_1749121575.png	1	2025-06-05 11:06:29	2025-06-05 11:06:29	\N	\N	\N
72	hello	Hi	207	1	\N	no	68417a271e699_1749121575.png	1	2025-06-05 11:06:30	2025-06-05 11:06:30	\N	\N	\N
73	hello	Hi	217	1	\N	no	68417a271e699_1749121575.png	1	2025-06-05 11:06:30	2025-06-05 11:06:30	\N	\N	\N
75	hello	Hi	227	1	\N	no	68417a271e699_1749121575.png	1	2025-06-05 11:06:30	2025-06-05 11:06:30	\N	\N	\N
79	hello	Hi	208	1	\N	no	68417a271e699_1749121575.png	1	2025-06-05 11:06:31	2025-06-05 11:06:31	\N	\N	\N
81	hello	Hi	158	1	\N	no	68417a271e699_1749121575.png	1	2025-06-05 11:06:31	2025-06-05 11:06:31	\N	\N	\N
83	hello	Hi	190	1	\N	no	68417a271e699_1749121575.png	1	2025-06-05 11:06:32	2025-06-05 11:06:32	\N	\N	\N
85	hello	Hi	168	1	\N	no	68417a271e699_1749121575.png	1	2025-06-05 11:06:32	2025-06-05 11:06:32	\N	\N	\N
87	hello	Hi	184	1	\N	no	68417a271e699_1749121575.png	1	2025-06-05 11:06:33	2025-06-05 11:06:33	\N	\N	\N
88	hello	Hi	178	1	\N	no	68417a271e699_1749121575.png	1	2025-06-05 11:06:33	2025-06-05 11:06:33	\N	\N	\N
90	hello	Hi	228	1	\N	no	68417a271e699_1749121575.png	1	2025-06-05 11:06:33	2025-06-05 11:06:33	\N	\N	\N
93	hello	Hi	218	1	\N	no	68417a271e699_1749121575.png	1	2025-06-05 11:06:34	2025-06-05 11:06:34	\N	\N	\N
96	hello	Hi	179	1	\N	no	68417a271e699_1749121575.png	1	2025-06-05 11:06:35	2025-06-05 11:06:35	\N	\N	\N
98	hello	Hi	229	1	\N	no	68417a271e699_1749121575.png	1	2025-06-05 11:06:35	2025-06-05 11:06:35	\N	\N	\N
100	hello	Hi	169	1	\N	no	68417a271e699_1749121575.png	1	2025-06-05 11:06:36	2025-06-05 11:06:36	\N	\N	\N
102	hello	Hi	219	1	\N	no	68417a271e699_1749121575.png	1	2025-06-05 11:06:36	2025-06-05 11:06:36	\N	\N	\N
105	hello	Hi	209	1	\N	no	68417a271e699_1749121575.png	1	2025-06-05 11:06:37	2025-06-05 11:06:37	\N	\N	\N
107	hello	Hi	191	1	\N	no	68417a271e699_1749121575.png	1	2025-06-05 11:06:37	2025-06-05 11:06:37	\N	\N	\N
109	hello	Hi	202	1	\N	no	68417a271e699_1749121575.png	1	2025-06-05 11:06:38	2025-06-05 11:06:38	\N	\N	\N
112	hello	Hi	170	1	\N	no	68417a271e699_1749121575.png	1	2025-06-05 11:06:38	2025-06-05 11:06:38	\N	\N	\N
114	hello	Hi	230	1	\N	no	68417a271e699_1749121575.png	1	2025-06-05 11:06:39	2025-06-05 11:06:39	\N	\N	\N
116	hello	Hi	203	1	\N	no	68417a271e699_1749121575.png	1	2025-06-05 11:06:39	2025-06-05 11:06:39	\N	\N	\N
118	hello	Hi	210	1	\N	no	68417a271e699_1749121575.png	1	2025-06-05 11:06:40	2025-06-05 11:06:40	\N	\N	\N
120	hello	Hi	220	1	\N	no	68417a271e699_1749121575.png	1	2025-06-05 11:06:40	2025-06-05 11:06:40	\N	\N	\N
122	hello	Hi	192	1	\N	no	68417a271e699_1749121575.png	1	2025-06-05 11:06:41	2025-06-05 11:06:41	\N	\N	\N
124	hello	Hi	171	1	\N	no	68417a271e699_1749121575.png	1	2025-06-05 11:06:41	2025-06-05 11:06:41	\N	\N	\N
126	hello	Hi	161	1	\N	no	68417a271e699_1749121575.png	1	2025-06-05 11:06:42	2025-06-05 11:06:42	\N	\N	\N
127	hello	Hi	211	1	\N	no	68417a271e699_1749121575.png	1	2025-06-05 11:06:42	2025-06-05 11:06:42	\N	\N	\N
129	hello	Hi	231	1	\N	no	68417a271e699_1749121575.png	1	2025-06-05 11:06:43	2025-06-05 11:06:43	\N	\N	\N
131	hello	Hi	162	1	\N	no	68417a271e699_1749121575.png	1	2025-06-05 11:06:43	2025-06-05 11:06:43	\N	\N	\N
133	hello	Hi	172	1	\N	no	68417a271e699_1749121575.png	1	2025-06-05 11:06:43	2025-06-05 11:06:43	\N	\N	\N
135	hello	Hi	222	1	\N	no	68417a271e699_1749121575.png	1	2025-06-05 11:06:44	2025-06-05 11:06:44	\N	\N	\N
137	hello	Hi	212	1	\N	no	68417a271e699_1749121575.png	1	2025-06-05 11:06:44	2025-06-05 11:06:44	\N	\N	\N
139	hello	Hi	232	1	\N	no	68417a271e699_1749121575.png	1	2025-06-05 11:06:45	2025-06-05 11:06:45	\N	\N	\N
141	hello	Hi	213	1	\N	no	68417a271e699_1749121575.png	1	2025-06-05 11:06:46	2025-06-05 11:06:46	\N	\N	\N
144	hello	Hi	163	1	\N	no	68417a271e699_1749121575.png	1	2025-06-05 11:06:46	2025-06-05 11:06:46	\N	\N	\N
145	hello	Hi	223	1	\N	no	68417a271e699_1749121575.png	1	2025-06-05 11:06:47	2025-06-05 11:06:47	\N	\N	\N
147	hello	Hi	173	1	\N	no	68417a271e699_1749121575.png	1	2025-06-05 11:06:47	2025-06-05 11:06:47	\N	\N	\N
150	hello	Hi	233	1	\N	no	68417a271e699_1749121575.png	1	2025-06-05 11:06:48	2025-06-05 11:06:48	\N	\N	\N
64	hello	Hi	194	1	\N	no	68417a2dc953a_1749121581.png	1	2025-06-05 11:06:28	2025-06-05 11:06:28	\N	\N	\N
66	hello	Hi	175	1	\N	no	68417a2dc953a_1749121581.png	1	2025-06-05 11:06:28	2025-06-05 11:06:28	\N	\N	\N
67	hello	Hi	215	1	\N	no	68417a2dc953a_1749121581.png	1	2025-06-05 11:06:29	2025-06-05 11:06:29	\N	\N	\N
69	hello	Hi	225	1	\N	no	68417a2dc953a_1749121581.png	1	2025-06-05 11:06:29	2025-06-05 11:06:29	\N	\N	\N
71	hello	Hi	205	1	\N	no	68417a2dc953a_1749121581.png	1	2025-06-05 11:06:30	2025-06-05 11:06:30	\N	\N	\N
74	hello	Hi	235	1	\N	no	68417a2dc953a_1749121581.png	1	2025-06-05 11:06:30	2025-06-05 11:06:30	\N	\N	\N
76	hello	Hi	206	1	\N	no	68417a2dc953a_1749121581.png	1	2025-06-05 11:06:31	2025-06-05 11:06:31	\N	\N	\N
77	hello	Hi	156	1	\N	no	68417a2dc953a_1749121581.png	1	2025-06-05 11:06:31	2025-06-05 11:06:31	\N	\N	\N
78	hello	Hi	188	1	\N	no	68417a2dc953a_1749121581.png	1	2025-06-05 11:06:31	2025-06-05 11:06:31	\N	\N	\N
80	hello	Hi	166	1	\N	no	68417a2dc953a_1749121581.png	1	2025-06-05 11:06:31	2025-06-05 11:06:31	\N	\N	\N
82	hello	Hi	176	1	\N	no	68417a2dc953a_1749121581.png	1	2025-06-05 11:06:31	2025-06-05 11:06:31	\N	\N	\N
84	hello	Hi	226	1	\N	no	68417a2dc953a_1749121581.png	1	2025-06-05 11:06:32	2025-06-05 11:06:32	\N	\N	\N
86	hello	Hi	195	1	\N	no	68417a2dc953a_1749121581.png	1	2025-06-05 11:06:32	2025-06-05 11:06:32	\N	\N	\N
89	hello	Hi	199	1	\N	no	68417a2dc953a_1749121581.png	1	2025-06-05 11:06:33	2025-06-05 11:06:33	\N	\N	\N
91	hello	Hi	236	1	\N	no	68417a2dc953a_1749121581.png	1	2025-06-05 11:06:33	2025-06-05 11:06:33	\N	\N	\N
92	hello	Hi	216	1	\N	no	68417a2dc953a_1749121581.png	1	2025-06-05 11:06:34	2025-06-05 11:06:34	\N	\N	\N
94	hello	Hi	157	1	\N	no	68417a2dc953a_1749121581.png	1	2025-06-05 11:06:34	2025-06-05 11:06:34	\N	\N	\N
95	hello	Hi	183	1	\N	no	68417a2dc953a_1749121581.png	1	2025-06-05 11:06:34	2025-06-05 11:06:34	\N	\N	\N
97	hello	Hi	177	1	\N	no	68417a2dc953a_1749121581.png	1	2025-06-05 11:06:35	2025-06-05 11:06:35	\N	\N	\N
99	hello	Hi	196	1	\N	no	68417a2dc953a_1749121581.png	1	2025-06-05 11:06:36	2025-06-05 11:06:36	\N	\N	\N
101	hello	Hi	189	1	\N	no	68417a2dc953a_1749121581.png	1	2025-06-05 11:06:36	2025-06-05 11:06:36	\N	\N	\N
103	hello	Hi	207	1	\N	no	68417a2dc953a_1749121581.png	1	2025-06-05 11:06:37	2025-06-05 11:06:37	\N	\N	\N
104	hello	Hi	217	1	\N	no	68417a2dc953a_1749121581.png	1	2025-06-05 11:06:37	2025-06-05 11:06:37	\N	\N	\N
106	hello	Hi	227	1	\N	no	68417a2dc953a_1749121581.png	1	2025-06-05 11:06:37	2025-06-05 11:06:37	\N	\N	\N
108	hello	Hi	208	1	\N	no	68417a2dc953a_1749121581.png	1	2025-06-05 11:06:37	2025-06-05 11:06:37	\N	\N	\N
110	hello	Hi	158	1	\N	no	68417a2dc953a_1749121581.png	1	2025-06-05 11:06:38	2025-06-05 11:06:38	\N	\N	\N
111	hello	Hi	190	1	\N	no	68417a2dc953a_1749121581.png	1	2025-06-05 11:06:38	2025-06-05 11:06:38	\N	\N	\N
113	hello	Hi	168	1	\N	no	68417a2dc953a_1749121581.png	1	2025-06-05 11:06:39	2025-06-05 11:06:39	\N	\N	\N
115	hello	Hi	184	1	\N	no	68417a2dc953a_1749121581.png	1	2025-06-05 11:06:39	2025-06-05 11:06:39	\N	\N	\N
117	hello	Hi	178	1	\N	no	68417a2dc953a_1749121581.png	1	2025-06-05 11:06:39	2025-06-05 11:06:39	\N	\N	\N
119	hello	Hi	228	1	\N	no	68417a2dc953a_1749121581.png	1	2025-06-05 11:06:40	2025-06-05 11:06:40	\N	\N	\N
121	hello	Hi	218	1	\N	no	68417a2dc953a_1749121581.png	1	2025-06-05 11:06:41	2025-06-05 11:06:41	\N	\N	\N
123	hello	Hi	179	1	\N	no	68417a2dc953a_1749121581.png	1	2025-06-05 11:06:41	2025-06-05 11:06:41	\N	\N	\N
125	hello	Hi	229	1	\N	no	68417a2dc953a_1749121581.png	1	2025-06-05 11:06:41	2025-06-05 11:06:41	\N	\N	\N
128	hello	Hi	169	1	\N	no	68417a2dc953a_1749121581.png	1	2025-06-05 11:06:42	2025-06-05 11:06:42	\N	\N	\N
130	hello	Hi	219	1	\N	no	68417a2dc953a_1749121581.png	1	2025-06-05 11:06:43	2025-06-05 11:06:43	\N	\N	\N
132	hello	Hi	209	1	\N	no	68417a2dc953a_1749121581.png	1	2025-06-05 11:06:43	2025-06-05 11:06:43	\N	\N	\N
134	hello	Hi	191	1	\N	no	68417a2dc953a_1749121581.png	1	2025-06-05 11:06:44	2025-06-05 11:06:44	\N	\N	\N
136	hello	Hi	202	1	\N	no	68417a2dc953a_1749121581.png	1	2025-06-05 11:06:44	2025-06-05 11:06:44	\N	\N	\N
138	hello	Hi	170	1	\N	no	68417a2dc953a_1749121581.png	1	2025-06-05 11:06:45	2025-06-05 11:06:45	\N	\N	\N
140	hello	Hi	230	1	\N	no	68417a2dc953a_1749121581.png	1	2025-06-05 11:06:45	2025-06-05 11:06:45	\N	\N	\N
142	hello	Hi	203	1	\N	no	68417a2dc953a_1749121581.png	1	2025-06-05 11:06:46	2025-06-05 11:06:46	\N	\N	\N
143	hello	Hi	210	1	\N	no	68417a2dc953a_1749121581.png	1	2025-06-05 11:06:46	2025-06-05 11:06:46	\N	\N	\N
146	hello	Hi	220	1	\N	no	68417a2dc953a_1749121581.png	1	2025-06-05 11:06:47	2025-06-05 11:06:47	\N	\N	\N
148	hello	Hi	192	1	\N	no	68417a2dc953a_1749121581.png	1	2025-06-05 11:06:47	2025-06-05 11:06:47	\N	\N	\N
149	hello	Hi	171	1	\N	no	68417a2dc953a_1749121581.png	1	2025-06-05 11:06:48	2025-06-05 11:06:48	\N	\N	\N
151	hello	Hi	161	1	\N	no	68417a2dc953a_1749121581.png	1	2025-06-05 11:06:48	2025-06-05 11:06:48	\N	\N	\N
152	hello	Hi	211	1	\N	no	68417a2dc953a_1749121581.png	1	2025-06-05 11:06:48	2025-06-05 11:06:48	\N	\N	\N
153	hello	Hi	231	1	\N	no	68417a2dc953a_1749121581.png	1	2025-06-05 11:06:49	2025-06-05 11:06:49	\N	\N	\N
154	hello	Hi	162	1	\N	no	68417a2dc953a_1749121581.png	1	2025-06-05 11:06:50	2025-06-05 11:06:50	\N	\N	\N
155	hello	Hi	172	1	\N	no	68417a2dc953a_1749121581.png	1	2025-06-05 11:06:50	2025-06-05 11:06:50	\N	\N	\N
156	hello	Hi	222	1	\N	no	68417a2dc953a_1749121581.png	1	2025-06-05 11:06:50	2025-06-05 11:06:50	\N	\N	\N
157	hello	Hi	212	1	\N	no	68417a2dc953a_1749121581.png	1	2025-06-05 11:06:51	2025-06-05 11:06:51	\N	\N	\N
158	hello	Hi	232	1	\N	no	68417a2dc953a_1749121581.png	1	2025-06-05 11:06:51	2025-06-05 11:06:51	\N	\N	\N
159	hello	Hi	213	1	\N	no	68417a2dc953a_1749121581.png	1	2025-06-05 11:06:52	2025-06-05 11:06:52	\N	\N	\N
160	hello	Hi	163	1	\N	no	68417a2dc953a_1749121581.png	1	2025-06-05 11:06:53	2025-06-05 11:06:53	\N	\N	\N
161	hello	Hi	223	1	\N	no	68417a2dc953a_1749121581.png	1	2025-06-05 11:06:53	2025-06-05 11:06:53	\N	\N	\N
162	hello	Hi	173	1	\N	no	68417a2dc953a_1749121581.png	1	2025-06-05 11:06:53	2025-06-05 11:06:53	\N	\N	\N
163	hello	Hi	233	1	\N	no	68417a2dc953a_1749121581.png	1	2025-06-05 11:06:54	2025-06-05 11:06:54	\N	\N	\N
266	promooooo	pronmmo aail 69%off on new profile	185	1	\N	no	6846a31baccf6_1749459739.png	1	2025-06-09 09:02:20	2025-06-09 09:02:20	\N	\N	\N
267	promooooo	pronmmo aail 69%off on new profile	214	1	\N	no	6846a31baccf6_1749459739.png	1	2025-06-09 09:02:20	2025-06-09 09:02:20	\N	\N	\N
164	Unlock Exclusive Perks with Our Membership! 🎉	Unlock Exclusive Perks with Our Membership! 🎉\r\nHi Khalid,\r\nWe’re excited to let you know about our limited-time membership offer! Join now and enjoy:\r\n ✅ [Benefit 1, e.g., 20% off all purchases] ✅ [Benefit 2, e.g., free shipping on every order] ✅ [Benefit 3, e.g., early access to sales and new arrivals]\r\n\r\nFor a limited time, get [X months free/discounted rate] when you sign up!\r\n\r\n👉 [Click here] to join today and start saving!\r\nDon’t miss out—this offer ends on [date].\r\n\r\nCheers, Luqia	211	1	\N	no	68417ee6899ec_1749122790.png	1	2025-06-05 11:26:30	2025-06-05 11:26:30	\N	\N	\N
165	test	sdfsd	211	1	\N	no	684180f677cf6_1749123318.png	1	2025-06-05 11:35:18	2025-06-05 11:35:18	\N	\N	\N
166	Hamid	dsfsd	211	1	\N	no	684182ba75859_1749123770.png	1	2025-06-05 11:42:50	2025-06-05 11:42:50	\N	\N	\N
167	tes	defcsd	192	1	\N	no	6841868dc5ac2_1749124749.png	1	2025-06-05 11:59:09	2025-06-05 11:59:09	\N	\N	\N
168	sdufsdj	sdjvjsdjvsjd	192	1	\N	no	68418747e7e04_1749124935.png	1	2025-06-05 12:02:16	2025-06-05 12:02:16	\N	\N	\N
169	hellosdf	dsfsdfsd	192	1	\N	no	6841883864f7d_1749125176.png	1	2025-06-05 12:06:16	2025-06-05 12:06:16	\N	\N	\N
170	Notification test	sdfsd	192	1	\N	no	684189bd6f7bb_1749125565.png	1	2025-06-05 12:12:45	2025-06-05 12:12:45	\N	\N	\N
171	hi	yyykhjb bkhlkjb ihlh lhlkhlkh	239	1	\N	no	6842820952af6_1749189129.png	1	2025-06-06 05:52:09	2025-06-06 05:52:09	\N	\N	\N
172	hi	khulhlh	239	1	\N	no	6842829155e92_1749189265.png	1	2025-06-06 05:54:25	2025-06-06 05:54:25	\N	\N	\N
173	hi	iutuyotot	239	1	\N	no	6842a4cea8519_1749198030.png	1	2025-06-06 08:20:30	2025-06-06 08:20:30	\N	\N	\N
174	education	education education education education education	239	1	\N	no	6842a54ade7ae_1749198154.png	1	2025-06-06 08:22:35	2025-06-06 08:22:35	\N	\N	\N
175	jkkkkk	ljnnljnn	239	1	\N	no	6842dfd95ba36_1749213145.png	1	2025-06-06 12:32:25	2025-06-06 12:32:25	\N	\N	\N
176	jmbjbglhgljgh	nljnlj	239	1	\N	no	6842e048e75f5_1749213256.png	1	2025-06-06 12:34:17	2025-06-06 12:34:17	\N	\N	\N
177	This is my title	This is my content	239	1	\N	no	6842e2dd6166b_1749213917.png	1	2025-06-06 12:45:17	2025-06-06 12:45:17	\N	\N	\N
178	This is promotion	This is text	239	1	\N	no	6842e30603ab5_1749213958.png	1	2025-06-06 12:45:58	2025-06-06 12:45:58	\N	\N	\N
179	What is Lorem Ipsum	Lorem Ipsum is simply dummy text of the printing and typesetting industry. Lorem Ipsum has been the industry's standard dummy text ever since the 1500s, when an unknown printer took a galley of type and scrambled it to make a type specimen book. It has survived not only five centuries, but also the leap into electronic typesetting, remaining essentially unchanged. It was popularised in the 1960s with the release of Letraset sheets containing Lorem Ipsum passages	185	1	\N	no	68453094d15fe_1749364884.jpg	1	2025-06-08 06:41:25	2025-06-08 06:41:25	\N	\N	\N
180	What is Lorem Ipsum	Lorem Ipsum is simply dummy text of the printing and typesetting industry. Lorem Ipsum has been the industry's standard dummy text ever since the 1500s, when an unknown printer took a galley of type and scrambled it to make a type specimen book. It has survived not only five centuries, but also the leap into electronic typesetting, remaining essentially unchanged. It was popularised in the 1960s with the release of Letraset sheets containing Lorem Ipsum passages	214	1	\N	no	68453094d15fe_1749364884.jpg	1	2025-06-08 06:41:25	2025-06-08 06:41:25	\N	\N	\N
181	What is Lorem Ipsum	Lorem Ipsum is simply dummy text of the printing and typesetting industry. Lorem Ipsum has been the industry's standard dummy text ever since the 1500s, when an unknown printer took a galley of type and scrambled it to make a type specimen book. It has survived not only five centuries, but also the leap into electronic typesetting, remaining essentially unchanged. It was popularised in the 1960s with the release of Letraset sheets containing Lorem Ipsum passages	224	1	\N	no	68453094d15fe_1749364884.jpg	1	2025-06-08 06:41:25	2025-06-08 06:41:25	\N	\N	\N
182	What is Lorem Ipsum	Lorem Ipsum is simply dummy text of the printing and typesetting industry. Lorem Ipsum has been the industry's standard dummy text ever since the 1500s, when an unknown printer took a galley of type and scrambled it to make a type specimen book. It has survived not only five centuries, but also the leap into electronic typesetting, remaining essentially unchanged. It was popularised in the 1960s with the release of Letraset sheets containing Lorem Ipsum passages	234	1	\N	no	68453094d15fe_1749364884.jpg	1	2025-06-08 06:41:26	2025-06-08 06:41:26	\N	\N	\N
183	What is Lorem Ipsum	Lorem Ipsum is simply dummy text of the printing and typesetting industry. Lorem Ipsum has been the industry's standard dummy text ever since the 1500s, when an unknown printer took a galley of type and scrambled it to make a type specimen book. It has survived not only five centuries, but also the leap into electronic typesetting, remaining essentially unchanged. It was popularised in the 1960s with the release of Letraset sheets containing Lorem Ipsum passages	180	1	\N	no	68453094d15fe_1749364884.jpg	1	2025-06-08 06:41:26	2025-06-08 06:41:26	\N	\N	\N
184	What is Lorem Ipsum	Lorem Ipsum is simply dummy text of the printing and typesetting industry. Lorem Ipsum has been the industry's standard dummy text ever since the 1500s, when an unknown printer took a galley of type and scrambled it to make a type specimen book. It has survived not only five centuries, but also the leap into electronic typesetting, remaining essentially unchanged. It was popularised in the 1960s with the release of Letraset sheets containing Lorem Ipsum passages	51	1	\N	no	68453094d15fe_1749364884.jpg	1	2025-06-08 06:41:26	2025-06-08 06:41:26	\N	\N	\N
185	What is Lorem Ipsum	Lorem Ipsum is simply dummy text of the printing and typesetting industry. Lorem Ipsum has been the industry's standard dummy text ever since the 1500s, when an unknown printer took a galley of type and scrambled it to make a type specimen book. It has survived not only five centuries, but also the leap into electronic typesetting, remaining essentially unchanged. It was popularised in the 1960s with the release of Letraset sheets containing Lorem Ipsum passages	197	1	\N	no	68453094d15fe_1749364884.jpg	1	2025-06-08 06:41:26	2025-06-08 06:41:26	\N	\N	\N
186	What is Lorem Ipsum	Lorem Ipsum is simply dummy text of the printing and typesetting industry. Lorem Ipsum has been the industry's standard dummy text ever since the 1500s, when an unknown printer took a galley of type and scrambled it to make a type specimen book. It has survived not only five centuries, but also the leap into electronic typesetting, remaining essentially unchanged. It was popularised in the 1960s with the release of Letraset sheets containing Lorem Ipsum passages	186	1	\N	no	68453094d15fe_1749364884.jpg	1	2025-06-08 06:41:26	2025-06-08 06:41:26	\N	\N	\N
268	promooooo	pronmmo aail 69%off on new profile	224	1	\N	no	6846a31baccf6_1749459739.png	1	2025-06-09 09:02:20	2025-06-09 09:02:20	\N	\N	\N
269	promooooo	pronmmo aail 69%off on new profile	180	1	\N	no	6846a31baccf6_1749459739.png	1	2025-06-09 09:02:21	2025-06-09 09:02:21	\N	\N	\N
270	promooooo	pronmmo aail 69%off on new profile	51	1	\N	no	6846a31baccf6_1749459739.png	1	2025-06-09 09:02:21	2025-06-09 09:02:21	\N	\N	\N
187	What is Lorem Ipsum	Lorem Ipsum is simply dummy text of the printing and typesetting industry. Lorem Ipsum has been the industry's standard dummy text ever since the 1500s, when an unknown printer took a galley of type and scrambled it to make a type specimen book. It has survived not only five centuries, but also the leap into electronic typesetting, remaining essentially unchanged. It was popularised in the 1960s with the release of Letraset sheets containing Lorem Ipsum passages	193	1	\N	no	68453094d15fe_1749364884.jpg	1	2025-06-08 06:41:26	2025-06-08 06:41:26	\N	\N	\N
188	What is Lorem Ipsum	Lorem Ipsum is simply dummy text of the printing and typesetting industry. Lorem Ipsum has been the industry's standard dummy text ever since the 1500s, when an unknown printer took a galley of type and scrambled it to make a type specimen book. It has survived not only five centuries, but also the leap into electronic typesetting, remaining essentially unchanged. It was popularised in the 1960s with the release of Letraset sheets containing Lorem Ipsum passages	50	1	\N	no	68453094d15fe_1749364884.jpg	1	2025-06-08 06:41:27	2025-06-08 06:41:27	\N	\N	\N
189	What is Lorem Ipsum	Lorem Ipsum is simply dummy text of the printing and typesetting industry. Lorem Ipsum has been the industry's standard dummy text ever since the 1500s, when an unknown printer took a galley of type and scrambled it to make a type specimen book. It has survived not only five centuries, but also the leap into electronic typesetting, remaining essentially unchanged. It was popularised in the 1960s with the release of Letraset sheets containing Lorem Ipsum passages	174	1	\N	no	68453094d15fe_1749364884.jpg	1	2025-06-08 06:41:27	2025-06-08 06:41:27	\N	\N	\N
190	What is Lorem Ipsum	Lorem Ipsum is simply dummy text of the printing and typesetting industry. Lorem Ipsum has been the industry's standard dummy text ever since the 1500s, when an unknown printer took a galley of type and scrambled it to make a type specimen book. It has survived not only five centuries, but also the leap into electronic typesetting, remaining essentially unchanged. It was popularised in the 1960s with the release of Letraset sheets containing Lorem Ipsum passages	204	1	\N	no	68453094d15fe_1749364884.jpg	1	2025-06-08 06:41:27	2025-06-08 06:41:27	\N	\N	\N
191	What is Lorem Ipsum	Lorem Ipsum is simply dummy text of the printing and typesetting industry. Lorem Ipsum has been the industry's standard dummy text ever since the 1500s, when an unknown printer took a galley of type and scrambled it to make a type specimen book. It has survived not only five centuries, but also the leap into electronic typesetting, remaining essentially unchanged. It was popularised in the 1960s with the release of Letraset sheets containing Lorem Ipsum passages	53	1	\N	no	68453094d15fe_1749364884.jpg	1	2025-06-08 06:41:27	2025-06-08 06:41:27	\N	\N	\N
192	What is Lorem Ipsum	Lorem Ipsum is simply dummy text of the printing and typesetting industry. Lorem Ipsum has been the industry's standard dummy text ever since the 1500s, when an unknown printer took a galley of type and scrambled it to make a type specimen book. It has survived not only five centuries, but also the leap into electronic typesetting, remaining essentially unchanged. It was popularised in the 1960s with the release of Letraset sheets containing Lorem Ipsum passages	154	1	\N	no	68453094d15fe_1749364884.jpg	1	2025-06-08 06:41:27	2025-06-08 06:41:27	\N	\N	\N
193	What is Lorem Ipsum	Lorem Ipsum is simply dummy text of the printing and typesetting industry. Lorem Ipsum has been the industry's standard dummy text ever since the 1500s, when an unknown printer took a galley of type and scrambled it to make a type specimen book. It has survived not only five centuries, but also the leap into electronic typesetting, remaining essentially unchanged. It was popularised in the 1960s with the release of Letraset sheets containing Lorem Ipsum passages	52	1	\N	no	68453094d15fe_1749364884.jpg	1	2025-06-08 06:41:27	2025-06-08 06:41:27	\N	\N	\N
194	What is Lorem Ipsum	Lorem Ipsum is simply dummy text of the printing and typesetting industry. Lorem Ipsum has been the industry's standard dummy text ever since the 1500s, when an unknown printer took a galley of type and scrambled it to make a type specimen book. It has survived not only five centuries, but also the leap into electronic typesetting, remaining essentially unchanged. It was popularised in the 1960s with the release of Letraset sheets containing Lorem Ipsum passages	49	1	\N	no	68453094d15fe_1749364884.jpg	1	2025-06-08 06:41:27	2025-06-08 06:41:27	\N	\N	\N
195	What is Lorem Ipsum	Lorem Ipsum is simply dummy text of the printing and typesetting industry. Lorem Ipsum has been the industry's standard dummy text ever since the 1500s, when an unknown printer took a galley of type and scrambled it to make a type specimen book. It has survived not only five centuries, but also the leap into electronic typesetting, remaining essentially unchanged. It was popularised in the 1960s with the release of Letraset sheets containing Lorem Ipsum passages	164	1	\N	no	68453094d15fe_1749364884.jpg	1	2025-06-08 06:41:27	2025-06-08 06:41:27	\N	\N	\N
196	What is Lorem Ipsum	Lorem Ipsum is simply dummy text of the printing and typesetting industry. Lorem Ipsum has been the industry's standard dummy text ever since the 1500s, when an unknown printer took a galley of type and scrambled it to make a type specimen book. It has survived not only five centuries, but also the leap into electronic typesetting, remaining essentially unchanged. It was popularised in the 1960s with the release of Letraset sheets containing Lorem Ipsum passages	155	1	\N	no	68453094d15fe_1749364884.jpg	1	2025-06-08 06:41:27	2025-06-08 06:41:27	\N	\N	\N
197	What is Lorem Ipsum	Lorem Ipsum is simply dummy text of the printing and typesetting industry. Lorem Ipsum has been the industry's standard dummy text ever since the 1500s, when an unknown printer took a galley of type and scrambled it to make a type specimen book. It has survived not only five centuries, but also the leap into electronic typesetting, remaining essentially unchanged. It was popularised in the 1960s with the release of Letraset sheets containing Lorem Ipsum passages	198	1	\N	no	68453094d15fe_1749364884.jpg	1	2025-06-08 06:41:27	2025-06-08 06:41:27	\N	\N	\N
198	What is Lorem Ipsum	Lorem Ipsum is simply dummy text of the printing and typesetting industry. Lorem Ipsum has been the industry's standard dummy text ever since the 1500s, when an unknown printer took a galley of type and scrambled it to make a type specimen book. It has survived not only five centuries, but also the leap into electronic typesetting, remaining essentially unchanged. It was popularised in the 1960s with the release of Letraset sheets containing Lorem Ipsum passages	187	1	\N	no	68453094d15fe_1749364884.jpg	1	2025-06-08 06:41:27	2025-06-08 06:41:27	\N	\N	\N
199	What is Lorem Ipsum	Lorem Ipsum is simply dummy text of the printing and typesetting industry. Lorem Ipsum has been the industry's standard dummy text ever since the 1500s, when an unknown printer took a galley of type and scrambled it to make a type specimen book. It has survived not only five centuries, but also the leap into electronic typesetting, remaining essentially unchanged. It was popularised in the 1960s with the release of Letraset sheets containing Lorem Ipsum passages	181	1	\N	no	68453094d15fe_1749364884.jpg	1	2025-06-08 06:41:28	2025-06-08 06:41:28	\N	\N	\N
271	promooooo	pronmmo aail 69%off on new profile	197	1	\N	no	6846a31baccf6_1749459739.png	1	2025-06-09 09:02:21	2025-06-09 09:02:21	\N	\N	\N
200	What is Lorem Ipsum	Lorem Ipsum is simply dummy text of the printing and typesetting industry. Lorem Ipsum has been the industry's standard dummy text ever since the 1500s, when an unknown printer took a galley of type and scrambled it to make a type specimen book. It has survived not only five centuries, but also the leap into electronic typesetting, remaining essentially unchanged. It was popularised in the 1960s with the release of Letraset sheets containing Lorem Ipsum passages	165	1	\N	no	68453094d15fe_1749364884.jpg	1	2025-06-08 06:41:28	2025-06-08 06:41:28	\N	\N	\N
201	What is Lorem Ipsum	Lorem Ipsum is simply dummy text of the printing and typesetting industry. Lorem Ipsum has been the industry's standard dummy text ever since the 1500s, when an unknown printer took a galley of type and scrambled it to make a type specimen book. It has survived not only five centuries, but also the leap into electronic typesetting, remaining essentially unchanged. It was popularised in the 1960s with the release of Letraset sheets containing Lorem Ipsum passages	194	1	\N	no	68453094d15fe_1749364884.jpg	1	2025-06-08 06:41:28	2025-06-08 06:41:28	\N	\N	\N
202	What is Lorem Ipsum	Lorem Ipsum is simply dummy text of the printing and typesetting industry. Lorem Ipsum has been the industry's standard dummy text ever since the 1500s, when an unknown printer took a galley of type and scrambled it to make a type specimen book. It has survived not only five centuries, but also the leap into electronic typesetting, remaining essentially unchanged. It was popularised in the 1960s with the release of Letraset sheets containing Lorem Ipsum passages	175	1	\N	no	68453094d15fe_1749364884.jpg	1	2025-06-08 06:41:28	2025-06-08 06:41:28	\N	\N	\N
203	What is Lorem Ipsum	Lorem Ipsum is simply dummy text of the printing and typesetting industry. Lorem Ipsum has been the industry's standard dummy text ever since the 1500s, when an unknown printer took a galley of type and scrambled it to make a type specimen book. It has survived not only five centuries, but also the leap into electronic typesetting, remaining essentially unchanged. It was popularised in the 1960s with the release of Letraset sheets containing Lorem Ipsum passages	215	1	\N	no	68453094d15fe_1749364884.jpg	1	2025-06-08 06:41:28	2025-06-08 06:41:28	\N	\N	\N
204	What is Lorem Ipsum	Lorem Ipsum is simply dummy text of the printing and typesetting industry. Lorem Ipsum has been the industry's standard dummy text ever since the 1500s, when an unknown printer took a galley of type and scrambled it to make a type specimen book. It has survived not only five centuries, but also the leap into electronic typesetting, remaining essentially unchanged. It was popularised in the 1960s with the release of Letraset sheets containing Lorem Ipsum passages	225	1	\N	no	68453094d15fe_1749364884.jpg	1	2025-06-08 06:41:29	2025-06-08 06:41:29	\N	\N	\N
205	What is Lorem Ipsum	Lorem Ipsum is simply dummy text of the printing and typesetting industry. Lorem Ipsum has been the industry's standard dummy text ever since the 1500s, when an unknown printer took a galley of type and scrambled it to make a type specimen book. It has survived not only five centuries, but also the leap into electronic typesetting, remaining essentially unchanged. It was popularised in the 1960s with the release of Letraset sheets containing Lorem Ipsum passages	205	1	\N	no	68453094d15fe_1749364884.jpg	1	2025-06-08 06:41:29	2025-06-08 06:41:29	\N	\N	\N
206	What is Lorem Ipsum	Lorem Ipsum is simply dummy text of the printing and typesetting industry. Lorem Ipsum has been the industry's standard dummy text ever since the 1500s, when an unknown printer took a galley of type and scrambled it to make a type specimen book. It has survived not only five centuries, but also the leap into electronic typesetting, remaining essentially unchanged. It was popularised in the 1960s with the release of Letraset sheets containing Lorem Ipsum passages	235	1	\N	no	68453094d15fe_1749364884.jpg	1	2025-06-08 06:41:29	2025-06-08 06:41:29	\N	\N	\N
207	What is Lorem Ipsum	Lorem Ipsum is simply dummy text of the printing and typesetting industry. Lorem Ipsum has been the industry's standard dummy text ever since the 1500s, when an unknown printer took a galley of type and scrambled it to make a type specimen book. It has survived not only five centuries, but also the leap into electronic typesetting, remaining essentially unchanged. It was popularised in the 1960s with the release of Letraset sheets containing Lorem Ipsum passages	206	1	\N	no	68453094d15fe_1749364884.jpg	1	2025-06-08 06:41:30	2025-06-08 06:41:30	\N	\N	\N
208	What is Lorem Ipsum	Lorem Ipsum is simply dummy text of the printing and typesetting industry. Lorem Ipsum has been the industry's standard dummy text ever since the 1500s, when an unknown printer took a galley of type and scrambled it to make a type specimen book. It has survived not only five centuries, but also the leap into electronic typesetting, remaining essentially unchanged. It was popularised in the 1960s with the release of Letraset sheets containing Lorem Ipsum passages	156	1	\N	no	68453094d15fe_1749364884.jpg	1	2025-06-08 06:41:30	2025-06-08 06:41:30	\N	\N	\N
209	What is Lorem Ipsum	Lorem Ipsum is simply dummy text of the printing and typesetting industry. Lorem Ipsum has been the industry's standard dummy text ever since the 1500s, when an unknown printer took a galley of type and scrambled it to make a type specimen book. It has survived not only five centuries, but also the leap into electronic typesetting, remaining essentially unchanged. It was popularised in the 1960s with the release of Letraset sheets containing Lorem Ipsum passages	188	1	\N	no	68453094d15fe_1749364884.jpg	1	2025-06-08 06:41:30	2025-06-08 06:41:30	\N	\N	\N
210	What is Lorem Ipsum	Lorem Ipsum is simply dummy text of the printing and typesetting industry. Lorem Ipsum has been the industry's standard dummy text ever since the 1500s, when an unknown printer took a galley of type and scrambled it to make a type specimen book. It has survived not only five centuries, but also the leap into electronic typesetting, remaining essentially unchanged. It was popularised in the 1960s with the release of Letraset sheets containing Lorem Ipsum passages	166	1	\N	no	68453094d15fe_1749364884.jpg	1	2025-06-08 06:41:30	2025-06-08 06:41:30	\N	\N	\N
211	What is Lorem Ipsum	Lorem Ipsum is simply dummy text of the printing and typesetting industry. Lorem Ipsum has been the industry's standard dummy text ever since the 1500s, when an unknown printer took a galley of type and scrambled it to make a type specimen book. It has survived not only five centuries, but also the leap into electronic typesetting, remaining essentially unchanged. It was popularised in the 1960s with the release of Letraset sheets containing Lorem Ipsum passages	176	1	\N	no	68453094d15fe_1749364884.jpg	1	2025-06-08 06:41:30	2025-06-08 06:41:30	\N	\N	\N
212	What is Lorem Ipsum	Lorem Ipsum is simply dummy text of the printing and typesetting industry. Lorem Ipsum has been the industry's standard dummy text ever since the 1500s, when an unknown printer took a galley of type and scrambled it to make a type specimen book. It has survived not only five centuries, but also the leap into electronic typesetting, remaining essentially unchanged. It was popularised in the 1960s with the release of Letraset sheets containing Lorem Ipsum passages	226	1	\N	no	68453094d15fe_1749364884.jpg	1	2025-06-08 06:41:30	2025-06-08 06:41:30	\N	\N	\N
272	promooooo	pronmmo aail 69%off on new profile	186	1	\N	no	6846a31baccf6_1749459739.png	1	2025-06-09 09:02:21	2025-06-09 09:02:21	\N	\N	\N
213	What is Lorem Ipsum	Lorem Ipsum is simply dummy text of the printing and typesetting industry. Lorem Ipsum has been the industry's standard dummy text ever since the 1500s, when an unknown printer took a galley of type and scrambled it to make a type specimen book. It has survived not only five centuries, but also the leap into electronic typesetting, remaining essentially unchanged. It was popularised in the 1960s with the release of Letraset sheets containing Lorem Ipsum passages	195	1	\N	no	68453094d15fe_1749364884.jpg	1	2025-06-08 06:41:31	2025-06-08 06:41:31	\N	\N	\N
214	What is Lorem Ipsum	Lorem Ipsum is simply dummy text of the printing and typesetting industry. Lorem Ipsum has been the industry's standard dummy text ever since the 1500s, when an unknown printer took a galley of type and scrambled it to make a type specimen book. It has survived not only five centuries, but also the leap into electronic typesetting, remaining essentially unchanged. It was popularised in the 1960s with the release of Letraset sheets containing Lorem Ipsum passages	199	1	\N	no	68453094d15fe_1749364884.jpg	1	2025-06-08 06:41:31	2025-06-08 06:41:31	\N	\N	\N
215	What is Lorem Ipsum	Lorem Ipsum is simply dummy text of the printing and typesetting industry. Lorem Ipsum has been the industry's standard dummy text ever since the 1500s, when an unknown printer took a galley of type and scrambled it to make a type specimen book. It has survived not only five centuries, but also the leap into electronic typesetting, remaining essentially unchanged. It was popularised in the 1960s with the release of Letraset sheets containing Lorem Ipsum passages	236	1	\N	no	68453094d15fe_1749364884.jpg	1	2025-06-08 06:41:31	2025-06-08 06:41:31	\N	\N	\N
216	What is Lorem Ipsum	Lorem Ipsum is simply dummy text of the printing and typesetting industry. Lorem Ipsum has been the industry's standard dummy text ever since the 1500s, when an unknown printer took a galley of type and scrambled it to make a type specimen book. It has survived not only five centuries, but also the leap into electronic typesetting, remaining essentially unchanged. It was popularised in the 1960s with the release of Letraset sheets containing Lorem Ipsum passages	216	1	\N	no	68453094d15fe_1749364884.jpg	1	2025-06-08 06:41:31	2025-06-08 06:41:31	\N	\N	\N
217	What is Lorem Ipsum	Lorem Ipsum is simply dummy text of the printing and typesetting industry. Lorem Ipsum has been the industry's standard dummy text ever since the 1500s, when an unknown printer took a galley of type and scrambled it to make a type specimen book. It has survived not only five centuries, but also the leap into electronic typesetting, remaining essentially unchanged. It was popularised in the 1960s with the release of Letraset sheets containing Lorem Ipsum passages	157	1	\N	no	68453094d15fe_1749364884.jpg	1	2025-06-08 06:41:32	2025-06-08 06:41:32	\N	\N	\N
218	What is Lorem Ipsum	Lorem Ipsum is simply dummy text of the printing and typesetting industry. Lorem Ipsum has been the industry's standard dummy text ever since the 1500s, when an unknown printer took a galley of type and scrambled it to make a type specimen book. It has survived not only five centuries, but also the leap into electronic typesetting, remaining essentially unchanged. It was popularised in the 1960s with the release of Letraset sheets containing Lorem Ipsum passages	183	1	\N	no	68453094d15fe_1749364884.jpg	1	2025-06-08 06:41:32	2025-06-08 06:41:32	\N	\N	\N
219	What is Lorem Ipsum	Lorem Ipsum is simply dummy text of the printing and typesetting industry. Lorem Ipsum has been the industry's standard dummy text ever since the 1500s, when an unknown printer took a galley of type and scrambled it to make a type specimen book. It has survived not only five centuries, but also the leap into electronic typesetting, remaining essentially unchanged. It was popularised in the 1960s with the release of Letraset sheets containing Lorem Ipsum passages	177	1	\N	no	68453094d15fe_1749364884.jpg	1	2025-06-08 06:41:32	2025-06-08 06:41:32	\N	\N	\N
220	What is Lorem Ipsum	Lorem Ipsum is simply dummy text of the printing and typesetting industry. Lorem Ipsum has been the industry's standard dummy text ever since the 1500s, when an unknown printer took a galley of type and scrambled it to make a type specimen book. It has survived not only five centuries, but also the leap into electronic typesetting, remaining essentially unchanged. It was popularised in the 1960s with the release of Letraset sheets containing Lorem Ipsum passages	196	1	\N	no	68453094d15fe_1749364884.jpg	1	2025-06-08 06:41:32	2025-06-08 06:41:32	\N	\N	\N
221	What is Lorem Ipsum	Lorem Ipsum is simply dummy text of the printing and typesetting industry. Lorem Ipsum has been the industry's standard dummy text ever since the 1500s, when an unknown printer took a galley of type and scrambled it to make a type specimen book. It has survived not only five centuries, but also the leap into electronic typesetting, remaining essentially unchanged. It was popularised in the 1960s with the release of Letraset sheets containing Lorem Ipsum passages	189	1	\N	no	68453094d15fe_1749364884.jpg	1	2025-06-08 06:41:32	2025-06-08 06:41:32	\N	\N	\N
222	What is Lorem Ipsum	Lorem Ipsum is simply dummy text of the printing and typesetting industry. Lorem Ipsum has been the industry's standard dummy text ever since the 1500s, when an unknown printer took a galley of type and scrambled it to make a type specimen book. It has survived not only five centuries, but also the leap into electronic typesetting, remaining essentially unchanged. It was popularised in the 1960s with the release of Letraset sheets containing Lorem Ipsum passages	237	1	\N	no	68453094d15fe_1749364884.jpg	1	2025-06-08 06:41:33	2025-06-08 06:41:33	\N	\N	\N
223	What is Lorem Ipsum	Lorem Ipsum is simply dummy text of the printing and typesetting industry. Lorem Ipsum has been the industry's standard dummy text ever since the 1500s, when an unknown printer took a galley of type and scrambled it to make a type specimen book. It has survived not only five centuries, but also the leap into electronic typesetting, remaining essentially unchanged. It was popularised in the 1960s with the release of Letraset sheets containing Lorem Ipsum passages	207	1	\N	no	68453094d15fe_1749364884.jpg	1	2025-06-08 06:41:33	2025-06-08 06:41:33	\N	\N	\N
224	What is Lorem Ipsum	Lorem Ipsum is simply dummy text of the printing and typesetting industry. Lorem Ipsum has been the industry's standard dummy text ever since the 1500s, when an unknown printer took a galley of type and scrambled it to make a type specimen book. It has survived not only five centuries, but also the leap into electronic typesetting, remaining essentially unchanged. It was popularised in the 1960s with the release of Letraset sheets containing Lorem Ipsum passages	217	1	\N	no	68453094d15fe_1749364884.jpg	1	2025-06-08 06:41:33	2025-06-08 06:41:33	\N	\N	\N
225	What is Lorem Ipsum	Lorem Ipsum is simply dummy text of the printing and typesetting industry. Lorem Ipsum has been the industry's standard dummy text ever since the 1500s, when an unknown printer took a galley of type and scrambled it to make a type specimen book. It has survived not only five centuries, but also the leap into electronic typesetting, remaining essentially unchanged. It was popularised in the 1960s with the release of Letraset sheets containing Lorem Ipsum passages	227	1	\N	no	68453094d15fe_1749364884.jpg	1	2025-06-08 06:41:33	2025-06-08 06:41:33	\N	\N	\N
273	promooooo	pronmmo aail 69%off on new profile	193	1	\N	no	6846a31baccf6_1749459739.png	1	2025-06-09 09:02:21	2025-06-09 09:02:21	\N	\N	\N
226	What is Lorem Ipsum	Lorem Ipsum is simply dummy text of the printing and typesetting industry. Lorem Ipsum has been the industry's standard dummy text ever since the 1500s, when an unknown printer took a galley of type and scrambled it to make a type specimen book. It has survived not only five centuries, but also the leap into electronic typesetting, remaining essentially unchanged. It was popularised in the 1960s with the release of Letraset sheets containing Lorem Ipsum passages	208	1	\N	no	68453094d15fe_1749364884.jpg	1	2025-06-08 06:41:34	2025-06-08 06:41:34	\N	\N	\N
227	What is Lorem Ipsum	Lorem Ipsum is simply dummy text of the printing and typesetting industry. Lorem Ipsum has been the industry's standard dummy text ever since the 1500s, when an unknown printer took a galley of type and scrambled it to make a type specimen book. It has survived not only five centuries, but also the leap into electronic typesetting, remaining essentially unchanged. It was popularised in the 1960s with the release of Letraset sheets containing Lorem Ipsum passages	158	1	\N	no	68453094d15fe_1749364884.jpg	1	2025-06-08 06:41:34	2025-06-08 06:41:34	\N	\N	\N
228	What is Lorem Ipsum	Lorem Ipsum is simply dummy text of the printing and typesetting industry. Lorem Ipsum has been the industry's standard dummy text ever since the 1500s, when an unknown printer took a galley of type and scrambled it to make a type specimen book. It has survived not only five centuries, but also the leap into electronic typesetting, remaining essentially unchanged. It was popularised in the 1960s with the release of Letraset sheets containing Lorem Ipsum passages	190	1	\N	no	68453094d15fe_1749364884.jpg	1	2025-06-08 06:41:34	2025-06-08 06:41:34	\N	\N	\N
229	What is Lorem Ipsum	Lorem Ipsum is simply dummy text of the printing and typesetting industry. Lorem Ipsum has been the industry's standard dummy text ever since the 1500s, when an unknown printer took a galley of type and scrambled it to make a type specimen book. It has survived not only five centuries, but also the leap into electronic typesetting, remaining essentially unchanged. It was popularised in the 1960s with the release of Letraset sheets containing Lorem Ipsum passages	168	1	\N	no	68453094d15fe_1749364884.jpg	1	2025-06-08 06:41:34	2025-06-08 06:41:34	\N	\N	\N
230	What is Lorem Ipsum	Lorem Ipsum is simply dummy text of the printing and typesetting industry. Lorem Ipsum has been the industry's standard dummy text ever since the 1500s, when an unknown printer took a galley of type and scrambled it to make a type specimen book. It has survived not only five centuries, but also the leap into electronic typesetting, remaining essentially unchanged. It was popularised in the 1960s with the release of Letraset sheets containing Lorem Ipsum passages	184	1	\N	no	68453094d15fe_1749364884.jpg	1	2025-06-08 06:41:34	2025-06-08 06:41:34	\N	\N	\N
231	What is Lorem Ipsum	Lorem Ipsum is simply dummy text of the printing and typesetting industry. Lorem Ipsum has been the industry's standard dummy text ever since the 1500s, when an unknown printer took a galley of type and scrambled it to make a type specimen book. It has survived not only five centuries, but also the leap into electronic typesetting, remaining essentially unchanged. It was popularised in the 1960s with the release of Letraset sheets containing Lorem Ipsum passages	178	1	\N	no	68453094d15fe_1749364884.jpg	1	2025-06-08 06:41:34	2025-06-08 06:41:34	\N	\N	\N
232	What is Lorem Ipsum	Lorem Ipsum is simply dummy text of the printing and typesetting industry. Lorem Ipsum has been the industry's standard dummy text ever since the 1500s, when an unknown printer took a galley of type and scrambled it to make a type specimen book. It has survived not only five centuries, but also the leap into electronic typesetting, remaining essentially unchanged. It was popularised in the 1960s with the release of Letraset sheets containing Lorem Ipsum passages	228	1	\N	no	68453094d15fe_1749364884.jpg	1	2025-06-08 06:41:34	2025-06-08 06:41:34	\N	\N	\N
233	What is Lorem Ipsum	Lorem Ipsum is simply dummy text of the printing and typesetting industry. Lorem Ipsum has been the industry's standard dummy text ever since the 1500s, when an unknown printer took a galley of type and scrambled it to make a type specimen book. It has survived not only five centuries, but also the leap into electronic typesetting, remaining essentially unchanged. It was popularised in the 1960s with the release of Letraset sheets containing Lorem Ipsum passages	218	1	\N	no	68453094d15fe_1749364884.jpg	1	2025-06-08 06:41:35	2025-06-08 06:41:35	\N	\N	\N
234	What is Lorem Ipsum	Lorem Ipsum is simply dummy text of the printing and typesetting industry. Lorem Ipsum has been the industry's standard dummy text ever since the 1500s, when an unknown printer took a galley of type and scrambled it to make a type specimen book. It has survived not only five centuries, but also the leap into electronic typesetting, remaining essentially unchanged. It was popularised in the 1960s with the release of Letraset sheets containing Lorem Ipsum passages	238	1	\N	no	68453094d15fe_1749364884.jpg	1	2025-06-08 06:41:35	2025-06-08 06:41:35	\N	\N	\N
235	What is Lorem Ipsum	Lorem Ipsum is simply dummy text of the printing and typesetting industry. Lorem Ipsum has been the industry's standard dummy text ever since the 1500s, when an unknown printer took a galley of type and scrambled it to make a type specimen book. It has survived not only five centuries, but also the leap into electronic typesetting, remaining essentially unchanged. It was popularised in the 1960s with the release of Letraset sheets containing Lorem Ipsum passages	179	1	\N	no	68453094d15fe_1749364884.jpg	1	2025-06-08 06:41:35	2025-06-08 06:41:35	\N	\N	\N
236	What is Lorem Ipsum	Lorem Ipsum is simply dummy text of the printing and typesetting industry. Lorem Ipsum has been the industry's standard dummy text ever since the 1500s, when an unknown printer took a galley of type and scrambled it to make a type specimen book. It has survived not only five centuries, but also the leap into electronic typesetting, remaining essentially unchanged. It was popularised in the 1960s with the release of Letraset sheets containing Lorem Ipsum passages	229	1	\N	no	68453094d15fe_1749364884.jpg	1	2025-06-08 06:41:36	2025-06-08 06:41:36	\N	\N	\N
237	What is Lorem Ipsum	Lorem Ipsum is simply dummy text of the printing and typesetting industry. Lorem Ipsum has been the industry's standard dummy text ever since the 1500s, when an unknown printer took a galley of type and scrambled it to make a type specimen book. It has survived not only five centuries, but also the leap into electronic typesetting, remaining essentially unchanged. It was popularised in the 1960s with the release of Letraset sheets containing Lorem Ipsum passages	169	1	\N	no	68453094d15fe_1749364884.jpg	1	2025-06-08 06:41:36	2025-06-08 06:41:36	\N	\N	\N
238	What is Lorem Ipsum	Lorem Ipsum is simply dummy text of the printing and typesetting industry. Lorem Ipsum has been the industry's standard dummy text ever since the 1500s, when an unknown printer took a galley of type and scrambled it to make a type specimen book. It has survived not only five centuries, but also the leap into electronic typesetting, remaining essentially unchanged. It was popularised in the 1960s with the release of Letraset sheets containing Lorem Ipsum passages	219	1	\N	no	68453094d15fe_1749364884.jpg	1	2025-06-08 06:41:36	2025-06-08 06:41:36	\N	\N	\N
274	promooooo	pronmmo aail 69%off on new profile	50	1	\N	no	6846a31baccf6_1749459739.png	1	2025-06-09 09:02:21	2025-06-09 09:02:21	\N	\N	\N
239	What is Lorem Ipsum	Lorem Ipsum is simply dummy text of the printing and typesetting industry. Lorem Ipsum has been the industry's standard dummy text ever since the 1500s, when an unknown printer took a galley of type and scrambled it to make a type specimen book. It has survived not only five centuries, but also the leap into electronic typesetting, remaining essentially unchanged. It was popularised in the 1960s with the release of Letraset sheets containing Lorem Ipsum passages	209	1	\N	no	68453094d15fe_1749364884.jpg	1	2025-06-08 06:41:36	2025-06-08 06:41:36	\N	\N	\N
240	What is Lorem Ipsum	Lorem Ipsum is simply dummy text of the printing and typesetting industry. Lorem Ipsum has been the industry's standard dummy text ever since the 1500s, when an unknown printer took a galley of type and scrambled it to make a type specimen book. It has survived not only five centuries, but also the leap into electronic typesetting, remaining essentially unchanged. It was popularised in the 1960s with the release of Letraset sheets containing Lorem Ipsum passages	191	1	\N	no	68453094d15fe_1749364884.jpg	1	2025-06-08 06:41:37	2025-06-08 06:41:37	\N	\N	\N
241	What is Lorem Ipsum	Lorem Ipsum is simply dummy text of the printing and typesetting industry. Lorem Ipsum has been the industry's standard dummy text ever since the 1500s, when an unknown printer took a galley of type and scrambled it to make a type specimen book. It has survived not only five centuries, but also the leap into electronic typesetting, remaining essentially unchanged. It was popularised in the 1960s with the release of Letraset sheets containing Lorem Ipsum passages	202	1	\N	no	68453094d15fe_1749364884.jpg	1	2025-06-08 06:41:37	2025-06-08 06:41:37	\N	\N	\N
242	What is Lorem Ipsum	Lorem Ipsum is simply dummy text of the printing and typesetting industry. Lorem Ipsum has been the industry's standard dummy text ever since the 1500s, when an unknown printer took a galley of type and scrambled it to make a type specimen book. It has survived not only five centuries, but also the leap into electronic typesetting, remaining essentially unchanged. It was popularised in the 1960s with the release of Letraset sheets containing Lorem Ipsum passages	239	1	\N	no	68453094d15fe_1749364884.jpg	1	2025-06-08 06:41:37	2025-06-08 06:41:37	\N	\N	\N
243	What is Lorem Ipsum	Lorem Ipsum is simply dummy text of the printing and typesetting industry. Lorem Ipsum has been the industry's standard dummy text ever since the 1500s, when an unknown printer took a galley of type and scrambled it to make a type specimen book. It has survived not only five centuries, but also the leap into electronic typesetting, remaining essentially unchanged. It was popularised in the 1960s with the release of Letraset sheets containing Lorem Ipsum passages	170	1	\N	no	68453094d15fe_1749364884.jpg	1	2025-06-08 06:41:38	2025-06-08 06:41:38	\N	\N	\N
244	What is Lorem Ipsum	Lorem Ipsum is simply dummy text of the printing and typesetting industry. Lorem Ipsum has been the industry's standard dummy text ever since the 1500s, when an unknown printer took a galley of type and scrambled it to make a type specimen book. It has survived not only five centuries, but also the leap into electronic typesetting, remaining essentially unchanged. It was popularised in the 1960s with the release of Letraset sheets containing Lorem Ipsum passages	230	1	\N	no	68453094d15fe_1749364884.jpg	1	2025-06-08 06:41:38	2025-06-08 06:41:38	\N	\N	\N
245	What is Lorem Ipsum	Lorem Ipsum is simply dummy text of the printing and typesetting industry. Lorem Ipsum has been the industry's standard dummy text ever since the 1500s, when an unknown printer took a galley of type and scrambled it to make a type specimen book. It has survived not only five centuries, but also the leap into electronic typesetting, remaining essentially unchanged. It was popularised in the 1960s with the release of Letraset sheets containing Lorem Ipsum passages	192	1	\N	no	68453094d15fe_1749364884.jpg	1	2025-06-08 06:41:38	2025-06-08 06:41:38	\N	\N	\N
246	What is Lorem Ipsum	Lorem Ipsum is simply dummy text of the printing and typesetting industry. Lorem Ipsum has been the industry's standard dummy text ever since the 1500s, when an unknown printer took a galley of type and scrambled it to make a type specimen book. It has survived not only five centuries, but also the leap into electronic typesetting, remaining essentially unchanged. It was popularised in the 1960s with the release of Letraset sheets containing Lorem Ipsum passages	203	1	\N	no	68453094d15fe_1749364884.jpg	1	2025-06-08 06:41:38	2025-06-08 06:41:38	\N	\N	\N
247	What is Lorem Ipsum	Lorem Ipsum is simply dummy text of the printing and typesetting industry. Lorem Ipsum has been the industry's standard dummy text ever since the 1500s, when an unknown printer took a galley of type and scrambled it to make a type specimen book. It has survived not only five centuries, but also the leap into electronic typesetting, remaining essentially unchanged. It was popularised in the 1960s with the release of Letraset sheets containing Lorem Ipsum passages	220	1	\N	no	68453094d15fe_1749364884.jpg	1	2025-06-08 06:41:39	2025-06-08 06:41:39	\N	\N	\N
248	What is Lorem Ipsum	Lorem Ipsum is simply dummy text of the printing and typesetting industry. Lorem Ipsum has been the industry's standard dummy text ever since the 1500s, when an unknown printer took a galley of type and scrambled it to make a type specimen book. It has survived not only five centuries, but also the leap into electronic typesetting, remaining essentially unchanged. It was popularised in the 1960s with the release of Letraset sheets containing Lorem Ipsum passages	210	1	\N	no	68453094d15fe_1749364884.jpg	1	2025-06-08 06:41:39	2025-06-08 06:41:39	\N	\N	\N
249	What is Lorem Ipsum	Lorem Ipsum is simply dummy text of the printing and typesetting industry. Lorem Ipsum has been the industry's standard dummy text ever since the 1500s, when an unknown printer took a galley of type and scrambled it to make a type specimen book. It has survived not only five centuries, but also the leap into electronic typesetting, remaining essentially unchanged. It was popularised in the 1960s with the release of Letraset sheets containing Lorem Ipsum passages	240	1	\N	no	68453094d15fe_1749364884.jpg	1	2025-06-08 06:41:39	2025-06-08 06:41:39	\N	\N	\N
250	What is Lorem Ipsum	Lorem Ipsum is simply dummy text of the printing and typesetting industry. Lorem Ipsum has been the industry's standard dummy text ever since the 1500s, when an unknown printer took a galley of type and scrambled it to make a type specimen book. It has survived not only five centuries, but also the leap into electronic typesetting, remaining essentially unchanged. It was popularised in the 1960s with the release of Letraset sheets containing Lorem Ipsum passages	171	1	\N	no	68453094d15fe_1749364884.jpg	1	2025-06-08 06:41:40	2025-06-08 06:41:40	\N	\N	\N
251	What is Lorem Ipsum	Lorem Ipsum is simply dummy text of the printing and typesetting industry. Lorem Ipsum has been the industry's standard dummy text ever since the 1500s, when an unknown printer took a galley of type and scrambled it to make a type specimen book. It has survived not only five centuries, but also the leap into electronic typesetting, remaining essentially unchanged. It was popularised in the 1960s with the release of Letraset sheets containing Lorem Ipsum passages	161	1	\N	no	68453094d15fe_1749364884.jpg	1	2025-06-08 06:41:40	2025-06-08 06:41:40	\N	\N	\N
275	promooooo	pronmmo aail 69%off on new profile	174	1	\N	no	6846a31baccf6_1749459739.png	1	2025-06-09 09:02:21	2025-06-09 09:02:21	\N	\N	\N
252	What is Lorem Ipsum	Lorem Ipsum is simply dummy text of the printing and typesetting industry. Lorem Ipsum has been the industry's standard dummy text ever since the 1500s, when an unknown printer took a galley of type and scrambled it to make a type specimen book. It has survived not only five centuries, but also the leap into electronic typesetting, remaining essentially unchanged. It was popularised in the 1960s with the release of Letraset sheets containing Lorem Ipsum passages	241	1	\N	no	68453094d15fe_1749364884.jpg	1	2025-06-08 06:41:40	2025-06-08 06:41:40	\N	\N	\N
253	What is Lorem Ipsum	Lorem Ipsum is simply dummy text of the printing and typesetting industry. Lorem Ipsum has been the industry's standard dummy text ever since the 1500s, when an unknown printer took a galley of type and scrambled it to make a type specimen book. It has survived not only five centuries, but also the leap into electronic typesetting, remaining essentially unchanged. It was popularised in the 1960s with the release of Letraset sheets containing Lorem Ipsum passages	211	1	\N	no	68453094d15fe_1749364884.jpg	1	2025-06-08 06:41:40	2025-06-08 06:41:40	\N	\N	\N
254	What is Lorem Ipsum	Lorem Ipsum is simply dummy text of the printing and typesetting industry. Lorem Ipsum has been the industry's standard dummy text ever since the 1500s, when an unknown printer took a galley of type and scrambled it to make a type specimen book. It has survived not only five centuries, but also the leap into electronic typesetting, remaining essentially unchanged. It was popularised in the 1960s with the release of Letraset sheets containing Lorem Ipsum passages	231	1	\N	no	68453094d15fe_1749364884.jpg	1	2025-06-08 06:41:41	2025-06-08 06:41:41	\N	\N	\N
255	What is Lorem Ipsum	Lorem Ipsum is simply dummy text of the printing and typesetting industry. Lorem Ipsum has been the industry's standard dummy text ever since the 1500s, when an unknown printer took a galley of type and scrambled it to make a type specimen book. It has survived not only five centuries, but also the leap into electronic typesetting, remaining essentially unchanged. It was popularised in the 1960s with the release of Letraset sheets containing Lorem Ipsum passages	162	1	\N	no	68453094d15fe_1749364884.jpg	1	2025-06-08 06:41:41	2025-06-08 06:41:41	\N	\N	\N
256	What is Lorem Ipsum	Lorem Ipsum is simply dummy text of the printing and typesetting industry. Lorem Ipsum has been the industry's standard dummy text ever since the 1500s, when an unknown printer took a galley of type and scrambled it to make a type specimen book. It has survived not only five centuries, but also the leap into electronic typesetting, remaining essentially unchanged. It was popularised in the 1960s with the release of Letraset sheets containing Lorem Ipsum passages	212	1	\N	no	68453094d15fe_1749364884.jpg	1	2025-06-08 06:41:41	2025-06-08 06:41:41	\N	\N	\N
257	What is Lorem Ipsum	Lorem Ipsum is simply dummy text of the printing and typesetting industry. Lorem Ipsum has been the industry's standard dummy text ever since the 1500s, when an unknown printer took a galley of type and scrambled it to make a type specimen book. It has survived not only five centuries, but also the leap into electronic typesetting, remaining essentially unchanged. It was popularised in the 1960s with the release of Letraset sheets containing Lorem Ipsum passages	172	1	\N	no	68453094d15fe_1749364884.jpg	1	2025-06-08 06:41:41	2025-06-08 06:41:41	\N	\N	\N
258	What is Lorem Ipsum	Lorem Ipsum is simply dummy text of the printing and typesetting industry. Lorem Ipsum has been the industry's standard dummy text ever since the 1500s, when an unknown printer took a galley of type and scrambled it to make a type specimen book. It has survived not only five centuries, but also the leap into electronic typesetting, remaining essentially unchanged. It was popularised in the 1960s with the release of Letraset sheets containing Lorem Ipsum passages	222	1	\N	no	68453094d15fe_1749364884.jpg	1	2025-06-08 06:41:41	2025-06-08 06:41:41	\N	\N	\N
259	What is Lorem Ipsum	Lorem Ipsum is simply dummy text of the printing and typesetting industry. Lorem Ipsum has been the industry's standard dummy text ever since the 1500s, when an unknown printer took a galley of type and scrambled it to make a type specimen book. It has survived not only five centuries, but also the leap into electronic typesetting, remaining essentially unchanged. It was popularised in the 1960s with the release of Letraset sheets containing Lorem Ipsum passages	242	1	\N	no	68453094d15fe_1749364884.jpg	1	2025-06-08 06:41:42	2025-06-08 06:41:42	\N	\N	\N
260	What is Lorem Ipsum	Lorem Ipsum is simply dummy text of the printing and typesetting industry. Lorem Ipsum has been the industry's standard dummy text ever since the 1500s, when an unknown printer took a galley of type and scrambled it to make a type specimen book. It has survived not only five centuries, but also the leap into electronic typesetting, remaining essentially unchanged. It was popularised in the 1960s with the release of Letraset sheets containing Lorem Ipsum passages	213	1	\N	no	68453094d15fe_1749364884.jpg	1	2025-06-08 06:41:42	2025-06-08 06:41:42	\N	\N	\N
261	What is Lorem Ipsum	Lorem Ipsum is simply dummy text of the printing and typesetting industry. Lorem Ipsum has been the industry's standard dummy text ever since the 1500s, when an unknown printer took a galley of type and scrambled it to make a type specimen book. It has survived not only five centuries, but also the leap into electronic typesetting, remaining essentially unchanged. It was popularised in the 1960s with the release of Letraset sheets containing Lorem Ipsum passages	163	1	\N	no	68453094d15fe_1749364884.jpg	1	2025-06-08 06:41:42	2025-06-08 06:41:42	\N	\N	\N
262	What is Lorem Ipsum	Lorem Ipsum is simply dummy text of the printing and typesetting industry. Lorem Ipsum has been the industry's standard dummy text ever since the 1500s, when an unknown printer took a galley of type and scrambled it to make a type specimen book. It has survived not only five centuries, but also the leap into electronic typesetting, remaining essentially unchanged. It was popularised in the 1960s with the release of Letraset sheets containing Lorem Ipsum passages	223	1	\N	no	68453094d15fe_1749364884.jpg	1	2025-06-08 06:41:42	2025-06-08 06:41:42	\N	\N	\N
263	What is Lorem Ipsum	Lorem Ipsum is simply dummy text of the printing and typesetting industry. Lorem Ipsum has been the industry's standard dummy text ever since the 1500s, when an unknown printer took a galley of type and scrambled it to make a type specimen book. It has survived not only five centuries, but also the leap into electronic typesetting, remaining essentially unchanged. It was popularised in the 1960s with the release of Letraset sheets containing Lorem Ipsum passages	173	1	\N	no	68453094d15fe_1749364884.jpg	1	2025-06-08 06:41:42	2025-06-08 06:41:42	\N	\N	\N
264	What is Lorem Ipsum	Lorem Ipsum is simply dummy text of the printing and typesetting industry. Lorem Ipsum has been the industry's standard dummy text ever since the 1500s, when an unknown printer took a galley of type and scrambled it to make a type specimen book. It has survived not only five centuries, but also the leap into electronic typesetting, remaining essentially unchanged. It was popularised in the 1960s with the release of Letraset sheets containing Lorem Ipsum passages	233	1	\N	no	68453094d15fe_1749364884.jpg	1	2025-06-08 06:41:43	2025-06-08 06:41:43	\N	\N	\N
265	promooooo	pronmmo aail 69%off on new profile	234	1	\N	no	6846a31baccf6_1749459739.png	1	2025-06-09 09:02:19	2025-06-09 09:02:19	\N	\N	\N
276	promooooo	pronmmo aail 69%off on new profile	204	1	\N	no	6846a31baccf6_1749459739.png	1	2025-06-09 09:02:22	2025-06-09 09:02:22	\N	\N	\N
277	promooooo	pronmmo aail 69%off on new profile	53	1	\N	no	6846a31baccf6_1749459739.png	1	2025-06-09 09:02:22	2025-06-09 09:02:22	\N	\N	\N
278	promooooo	pronmmo aail 69%off on new profile	154	1	\N	no	6846a31baccf6_1749459739.png	1	2025-06-09 09:02:22	2025-06-09 09:02:22	\N	\N	\N
279	promooooo	pronmmo aail 69%off on new profile	52	1	\N	no	6846a31baccf6_1749459739.png	1	2025-06-09 09:02:22	2025-06-09 09:02:22	\N	\N	\N
280	promooooo	pronmmo aail 69%off on new profile	49	1	\N	no	6846a31baccf6_1749459739.png	1	2025-06-09 09:02:22	2025-06-09 09:02:22	\N	\N	\N
281	promooooo	pronmmo aail 69%off on new profile	164	1	\N	no	6846a31baccf6_1749459739.png	1	2025-06-09 09:02:22	2025-06-09 09:02:22	\N	\N	\N
282	promooooo	pronmmo aail 69%off on new profile	155	1	\N	no	6846a31baccf6_1749459739.png	1	2025-06-09 09:02:22	2025-06-09 09:02:22	\N	\N	\N
283	promooooo	pronmmo aail 69%off on new profile	198	1	\N	no	6846a31baccf6_1749459739.png	1	2025-06-09 09:02:22	2025-06-09 09:02:22	\N	\N	\N
284	promooooo	pronmmo aail 69%off on new profile	187	1	\N	no	6846a31baccf6_1749459739.png	1	2025-06-09 09:02:22	2025-06-09 09:02:22	\N	\N	\N
285	promooooo	pronmmo aail 69%off on new profile	181	1	\N	no	6846a31baccf6_1749459739.png	1	2025-06-09 09:02:22	2025-06-09 09:02:22	\N	\N	\N
286	promooooo	pronmmo aail 69%off on new profile	165	1	\N	no	6846a31baccf6_1749459739.png	1	2025-06-09 09:02:23	2025-06-09 09:02:23	\N	\N	\N
287	promooooo	pronmmo aail 69%off on new profile	194	1	\N	no	6846a31baccf6_1749459739.png	1	2025-06-09 09:02:23	2025-06-09 09:02:23	\N	\N	\N
288	promooooo	pronmmo aail 69%off on new profile	175	1	\N	no	6846a31baccf6_1749459739.png	1	2025-06-09 09:02:23	2025-06-09 09:02:23	\N	\N	\N
289	promooooo	pronmmo aail 69%off on new profile	215	1	\N	no	6846a31baccf6_1749459739.png	1	2025-06-09 09:02:23	2025-06-09 09:02:23	\N	\N	\N
290	promooooo	pronmmo aail 69%off on new profile	225	1	\N	no	6846a31baccf6_1749459739.png	1	2025-06-09 09:02:24	2025-06-09 09:02:24	\N	\N	\N
291	promooooo	pronmmo aail 69%off on new profile	205	1	\N	no	6846a31baccf6_1749459739.png	1	2025-06-09 09:02:24	2025-06-09 09:02:24	\N	\N	\N
292	promooooo	pronmmo aail 69%off on new profile	235	1	\N	no	6846a31baccf6_1749459739.png	1	2025-06-09 09:02:24	2025-06-09 09:02:24	\N	\N	\N
293	promooooo	pronmmo aail 69%off on new profile	206	1	\N	no	6846a31baccf6_1749459739.png	1	2025-06-09 09:02:25	2025-06-09 09:02:25	\N	\N	\N
294	promooooo	pronmmo aail 69%off on new profile	156	1	\N	no	6846a31baccf6_1749459739.png	1	2025-06-09 09:02:25	2025-06-09 09:02:25	\N	\N	\N
295	promooooo	pronmmo aail 69%off on new profile	188	1	\N	no	6846a31baccf6_1749459739.png	1	2025-06-09 09:02:25	2025-06-09 09:02:25	\N	\N	\N
296	promooooo	pronmmo aail 69%off on new profile	166	1	\N	no	6846a31baccf6_1749459739.png	1	2025-06-09 09:02:25	2025-06-09 09:02:25	\N	\N	\N
297	promooooo	pronmmo aail 69%off on new profile	176	1	\N	no	6846a31baccf6_1749459739.png	1	2025-06-09 09:02:25	2025-06-09 09:02:25	\N	\N	\N
298	promooooo	pronmmo aail 69%off on new profile	226	1	\N	no	6846a31baccf6_1749459739.png	1	2025-06-09 09:02:25	2025-06-09 09:02:25	\N	\N	\N
299	promooooo	pronmmo aail 69%off on new profile	195	1	\N	no	6846a31baccf6_1749459739.png	1	2025-06-09 09:02:26	2025-06-09 09:02:26	\N	\N	\N
300	promooooo	pronmmo aail 69%off on new profile	199	1	\N	no	6846a31baccf6_1749459739.png	1	2025-06-09 09:02:26	2025-06-09 09:02:26	\N	\N	\N
301	promooooo	pronmmo aail 69%off on new profile	236	1	\N	no	6846a31baccf6_1749459739.png	1	2025-06-09 09:02:26	2025-06-09 09:02:26	\N	\N	\N
302	promooooo	pronmmo aail 69%off on new profile	216	1	\N	no	6846a31baccf6_1749459739.png	1	2025-06-09 09:02:26	2025-06-09 09:02:26	\N	\N	\N
303	promooooo	pronmmo aail 69%off on new profile	157	1	\N	no	6846a31baccf6_1749459739.png	1	2025-06-09 09:02:27	2025-06-09 09:02:27	\N	\N	\N
304	promooooo	pronmmo aail 69%off on new profile	183	1	\N	no	6846a31baccf6_1749459739.png	1	2025-06-09 09:02:27	2025-06-09 09:02:27	\N	\N	\N
305	promooooo	pronmmo aail 69%off on new profile	234	1	\N	no	6846a32318865_1749459747.png	1	2025-06-09 09:02:27	2025-06-09 09:02:27	\N	\N	\N
306	promooooo	pronmmo aail 69%off on new profile	177	1	\N	no	6846a31baccf6_1749459739.png	1	2025-06-09 09:02:27	2025-06-09 09:02:27	\N	\N	\N
307	promooooo	pronmmo aail 69%off on new profile	196	1	\N	no	6846a31baccf6_1749459739.png	1	2025-06-09 09:02:27	2025-06-09 09:02:27	\N	\N	\N
308	promooooo	pronmmo aail 69%off on new profile	185	1	\N	no	6846a32318865_1749459747.png	1	2025-06-09 09:02:27	2025-06-09 09:02:27	\N	\N	\N
309	promooooo	pronmmo aail 69%off on new profile	189	1	\N	no	6846a31baccf6_1749459739.png	1	2025-06-09 09:02:27	2025-06-09 09:02:27	\N	\N	\N
310	promooooo	pronmmo aail 69%off on new profile	214	1	\N	no	6846a32318865_1749459747.png	1	2025-06-09 09:02:27	2025-06-09 09:02:27	\N	\N	\N
311	promooooo	pronmmo aail 69%off on new profile	237	1	\N	no	6846a31baccf6_1749459739.png	1	2025-06-09 09:02:28	2025-06-09 09:02:28	\N	\N	\N
312	promooooo	pronmmo aail 69%off on new profile	224	1	\N	no	6846a32318865_1749459747.png	1	2025-06-09 09:02:28	2025-06-09 09:02:28	\N	\N	\N
313	promooooo	pronmmo aail 69%off on new profile	180	1	\N	no	6846a32318865_1749459747.png	1	2025-06-09 09:02:28	2025-06-09 09:02:28	\N	\N	\N
314	promooooo	pronmmo aail 69%off on new profile	207	1	\N	no	6846a31baccf6_1749459739.png	1	2025-06-09 09:02:28	2025-06-09 09:02:28	\N	\N	\N
315	promooooo	pronmmo aail 69%off on new profile	217	1	\N	no	6846a31baccf6_1749459739.png	1	2025-06-09 09:02:28	2025-06-09 09:02:28	\N	\N	\N
316	promooooo	pronmmo aail 69%off on new profile	51	1	\N	no	6846a32318865_1749459747.png	1	2025-06-09 09:02:28	2025-06-09 09:02:28	\N	\N	\N
317	promooooo	pronmmo aail 69%off on new profile	197	1	\N	no	6846a32318865_1749459747.png	1	2025-06-09 09:02:28	2025-06-09 09:02:28	\N	\N	\N
318	promooooo	pronmmo aail 69%off on new profile	227	1	\N	no	6846a31baccf6_1749459739.png	1	2025-06-09 09:02:28	2025-06-09 09:02:28	\N	\N	\N
319	promooooo	pronmmo aail 69%off on new profile	186	1	\N	no	6846a32318865_1749459747.png	1	2025-06-09 09:02:28	2025-06-09 09:02:28	\N	\N	\N
320	promooooo	pronmmo aail 69%off on new profile	193	1	\N	no	6846a32318865_1749459747.png	1	2025-06-09 09:02:28	2025-06-09 09:02:28	\N	\N	\N
321	promooooo	pronmmo aail 69%off on new profile	208	1	\N	no	6846a31baccf6_1749459739.png	1	2025-06-09 09:02:28	2025-06-09 09:02:28	\N	\N	\N
322	promooooo	pronmmo aail 69%off on new profile	50	1	\N	no	6846a32318865_1749459747.png	1	2025-06-09 09:02:29	2025-06-09 09:02:29	\N	\N	\N
323	promooooo	pronmmo aail 69%off on new profile	174	1	\N	no	6846a32318865_1749459747.png	1	2025-06-09 09:02:29	2025-06-09 09:02:29	\N	\N	\N
324	promooooo	pronmmo aail 69%off on new profile	158	1	\N	no	6846a31baccf6_1749459739.png	1	2025-06-09 09:02:29	2025-06-09 09:02:29	\N	\N	\N
567	Hi	Hi	203	1	\N	no	6849441b0d2f7_1749632027.jpg	1	2025-06-11 08:53:53	2025-06-11 08:53:53	4	\N	\N
325	promooooo	pronmmo aail 69%off on new profile	190	1	\N	no	6846a31baccf6_1749459739.png	1	2025-06-09 09:02:29	2025-06-09 09:02:29	\N	\N	\N
327	promooooo	pronmmo aail 69%off on new profile	168	1	\N	no	6846a31baccf6_1749459739.png	1	2025-06-09 09:02:29	2025-06-09 09:02:29	\N	\N	\N
335	promooooo	pronmmo aail 69%off on new profile	184	1	\N	no	6846a31baccf6_1749459739.png	1	2025-06-09 09:02:29	2025-06-09 09:02:29	\N	\N	\N
336	promooooo	pronmmo aail 69%off on new profile	178	1	\N	no	6846a31baccf6_1749459739.png	1	2025-06-09 09:02:29	2025-06-09 09:02:29	\N	\N	\N
338	promooooo	pronmmo aail 69%off on new profile	228	1	\N	no	6846a31baccf6_1749459739.png	1	2025-06-09 09:02:29	2025-06-09 09:02:29	\N	\N	\N
340	promooooo	pronmmo aail 69%off on new profile	218	1	\N	no	6846a31baccf6_1749459739.png	1	2025-06-09 09:02:30	2025-06-09 09:02:30	\N	\N	\N
342	promooooo	pronmmo aail 69%off on new profile	238	1	\N	no	6846a31baccf6_1749459739.png	1	2025-06-09 09:02:30	2025-06-09 09:02:30	\N	\N	\N
345	promooooo	pronmmo aail 69%off on new profile	179	1	\N	no	6846a31baccf6_1749459739.png	1	2025-06-09 09:02:30	2025-06-09 09:02:30	\N	\N	\N
347	promooooo	pronmmo aail 69%off on new profile	229	1	\N	no	6846a31baccf6_1749459739.png	1	2025-06-09 09:02:31	2025-06-09 09:02:31	\N	\N	\N
349	promooooo	pronmmo aail 69%off on new profile	169	1	\N	no	6846a31baccf6_1749459739.png	1	2025-06-09 09:02:31	2025-06-09 09:02:31	\N	\N	\N
351	promooooo	pronmmo aail 69%off on new profile	219	1	\N	no	6846a31baccf6_1749459739.png	1	2025-06-09 09:02:31	2025-06-09 09:02:31	\N	\N	\N
353	promooooo	pronmmo aail 69%off on new profile	209	1	\N	no	6846a31baccf6_1749459739.png	1	2025-06-09 09:02:31	2025-06-09 09:02:31	\N	\N	\N
354	promooooo	pronmmo aail 69%off on new profile	191	1	\N	no	6846a31baccf6_1749459739.png	1	2025-06-09 09:02:32	2025-06-09 09:02:32	\N	\N	\N
358	promooooo	pronmmo aail 69%off on new profile	202	1	\N	no	6846a31baccf6_1749459739.png	1	2025-06-09 09:02:32	2025-06-09 09:02:32	\N	\N	\N
360	promooooo	pronmmo aail 69%off on new profile	239	1	\N	no	6846a31baccf6_1749459739.png	1	2025-06-09 09:02:32	2025-06-09 09:02:32	\N	\N	\N
363	promooooo	pronmmo aail 69%off on new profile	170	1	\N	no	6846a31baccf6_1749459739.png	1	2025-06-09 09:02:33	2025-06-09 09:02:33	\N	\N	\N
365	promooooo	pronmmo aail 69%off on new profile	230	1	\N	no	6846a31baccf6_1749459739.png	1	2025-06-09 09:02:33	2025-06-09 09:02:33	\N	\N	\N
367	promooooo	pronmmo aail 69%off on new profile	192	1	\N	no	6846a31baccf6_1749459739.png	1	2025-06-09 09:02:33	2025-06-09 09:02:33	\N	\N	\N
369	promooooo	pronmmo aail 69%off on new profile	203	1	\N	no	6846a31baccf6_1749459739.png	1	2025-06-09 09:02:33	2025-06-09 09:02:33	\N	\N	\N
371	promooooo	pronmmo aail 69%off on new profile	220	1	\N	no	6846a31baccf6_1749459739.png	1	2025-06-09 09:02:34	2025-06-09 09:02:34	\N	\N	\N
374	promooooo	pronmmo aail 69%off on new profile	210	1	\N	no	6846a31baccf6_1749459739.png	1	2025-06-09 09:02:34	2025-06-09 09:02:34	\N	\N	\N
375	promooooo	pronmmo aail 69%off on new profile	240	1	\N	no	6846a31baccf6_1749459739.png	1	2025-06-09 09:02:34	2025-06-09 09:02:34	\N	\N	\N
379	promooooo	pronmmo aail 69%off on new profile	171	1	\N	no	6846a31baccf6_1749459739.png	1	2025-06-09 09:02:35	2025-06-09 09:02:35	\N	\N	\N
381	promooooo	pronmmo aail 69%off on new profile	161	1	\N	no	6846a31baccf6_1749459739.png	1	2025-06-09 09:02:35	2025-06-09 09:02:35	\N	\N	\N
382	promooooo	pronmmo aail 69%off on new profile	241	1	\N	no	6846a31baccf6_1749459739.png	1	2025-06-09 09:02:35	2025-06-09 09:02:35	\N	\N	\N
385	promooooo	pronmmo aail 69%off on new profile	211	1	\N	no	6846a31baccf6_1749459739.png	1	2025-06-09 09:02:35	2025-06-09 09:02:35	\N	\N	\N
387	promooooo	pronmmo aail 69%off on new profile	231	1	\N	no	6846a31baccf6_1749459739.png	1	2025-06-09 09:02:35	2025-06-09 09:02:35	\N	\N	\N
389	promooooo	pronmmo aail 69%off on new profile	162	1	\N	no	6846a31baccf6_1749459739.png	1	2025-06-09 09:02:36	2025-06-09 09:02:36	\N	\N	\N
390	promooooo	pronmmo aail 69%off on new profile	212	1	\N	no	6846a31baccf6_1749459739.png	1	2025-06-09 09:02:36	2025-06-09 09:02:36	\N	\N	\N
393	promooooo	pronmmo aail 69%off on new profile	172	1	\N	no	6846a31baccf6_1749459739.png	1	2025-06-09 09:02:36	2025-06-09 09:02:36	\N	\N	\N
395	promooooo	pronmmo aail 69%off on new profile	222	1	\N	no	6846a31baccf6_1749459739.png	1	2025-06-09 09:02:36	2025-06-09 09:02:36	\N	\N	\N
398	promooooo	pronmmo aail 69%off on new profile	242	1	\N	no	6846a31baccf6_1749459739.png	1	2025-06-09 09:02:36	2025-06-09 09:02:36	\N	\N	\N
400	promooooo	pronmmo aail 69%off on new profile	213	1	\N	no	6846a31baccf6_1749459739.png	1	2025-06-09 09:02:37	2025-06-09 09:02:37	\N	\N	\N
402	promooooo	pronmmo aail 69%off on new profile	163	1	\N	no	6846a31baccf6_1749459739.png	1	2025-06-09 09:02:37	2025-06-09 09:02:37	\N	\N	\N
403	promooooo	pronmmo aail 69%off on new profile	223	1	\N	no	6846a31baccf6_1749459739.png	1	2025-06-09 09:02:37	2025-06-09 09:02:37	\N	\N	\N
405	promooooo	pronmmo aail 69%off on new profile	173	1	\N	no	6846a31baccf6_1749459739.png	1	2025-06-09 09:02:37	2025-06-09 09:02:37	\N	\N	\N
406	promooooo	pronmmo aail 69%off on new profile	233	1	\N	no	6846a31baccf6_1749459739.png	1	2025-06-09 09:02:37	2025-06-09 09:02:37	\N	\N	\N
326	promooooo	pronmmo aail 69%off on new profile	204	1	\N	no	6846a32318865_1749459747.png	1	2025-06-09 09:02:29	2025-06-09 09:02:29	\N	\N	\N
328	promooooo	pronmmo aail 69%off on new profile	53	1	\N	no	6846a32318865_1749459747.png	1	2025-06-09 09:02:29	2025-06-09 09:02:29	\N	\N	\N
329	promooooo	pronmmo aail 69%off on new profile	154	1	\N	no	6846a32318865_1749459747.png	1	2025-06-09 09:02:29	2025-06-09 09:02:29	\N	\N	\N
330	promooooo	pronmmo aail 69%off on new profile	52	1	\N	no	6846a32318865_1749459747.png	1	2025-06-09 09:02:29	2025-06-09 09:02:29	\N	\N	\N
331	promooooo	pronmmo aail 69%off on new profile	49	1	\N	no	6846a32318865_1749459747.png	1	2025-06-09 09:02:29	2025-06-09 09:02:29	\N	\N	\N
332	promooooo	pronmmo aail 69%off on new profile	164	1	\N	no	6846a32318865_1749459747.png	1	2025-06-09 09:02:29	2025-06-09 09:02:29	\N	\N	\N
333	promooooo	pronmmo aail 69%off on new profile	155	1	\N	no	6846a32318865_1749459747.png	1	2025-06-09 09:02:29	2025-06-09 09:02:29	\N	\N	\N
334	promooooo	pronmmo aail 69%off on new profile	198	1	\N	no	6846a32318865_1749459747.png	1	2025-06-09 09:02:29	2025-06-09 09:02:29	\N	\N	\N
337	promooooo	pronmmo aail 69%off on new profile	187	1	\N	no	6846a32318865_1749459747.png	1	2025-06-09 09:02:29	2025-06-09 09:02:29	\N	\N	\N
339	promooooo	pronmmo aail 69%off on new profile	181	1	\N	no	6846a32318865_1749459747.png	1	2025-06-09 09:02:30	2025-06-09 09:02:30	\N	\N	\N
341	promooooo	pronmmo aail 69%off on new profile	165	1	\N	no	6846a32318865_1749459747.png	1	2025-06-09 09:02:30	2025-06-09 09:02:30	\N	\N	\N
343	promooooo	pronmmo aail 69%off on new profile	194	1	\N	no	6846a32318865_1749459747.png	1	2025-06-09 09:02:30	2025-06-09 09:02:30	\N	\N	\N
344	promooooo	pronmmo aail 69%off on new profile	175	1	\N	no	6846a32318865_1749459747.png	1	2025-06-09 09:02:30	2025-06-09 09:02:30	\N	\N	\N
346	promooooo	pronmmo aail 69%off on new profile	215	1	\N	no	6846a32318865_1749459747.png	1	2025-06-09 09:02:31	2025-06-09 09:02:31	\N	\N	\N
348	promooooo	pronmmo aail 69%off on new profile	225	1	\N	no	6846a32318865_1749459747.png	1	2025-06-09 09:02:31	2025-06-09 09:02:31	\N	\N	\N
350	promooooo	pronmmo aail 69%off on new profile	205	1	\N	no	6846a32318865_1749459747.png	1	2025-06-09 09:02:31	2025-06-09 09:02:31	\N	\N	\N
352	promooooo	pronmmo aail 69%off on new profile	235	1	\N	no	6846a32318865_1749459747.png	1	2025-06-09 09:02:31	2025-06-09 09:02:31	\N	\N	\N
355	promooooo	pronmmo aail 69%off on new profile	206	1	\N	no	6846a32318865_1749459747.png	1	2025-06-09 09:02:32	2025-06-09 09:02:32	\N	\N	\N
356	promooooo	pronmmo aail 69%off on new profile	156	1	\N	no	6846a32318865_1749459747.png	1	2025-06-09 09:02:32	2025-06-09 09:02:32	\N	\N	\N
357	promooooo	pronmmo aail 69%off on new profile	188	1	\N	no	6846a32318865_1749459747.png	1	2025-06-09 09:02:32	2025-06-09 09:02:32	\N	\N	\N
359	promooooo	pronmmo aail 69%off on new profile	166	1	\N	no	6846a32318865_1749459747.png	1	2025-06-09 09:02:32	2025-06-09 09:02:32	\N	\N	\N
361	promooooo	pronmmo aail 69%off on new profile	176	1	\N	no	6846a32318865_1749459747.png	1	2025-06-09 09:02:32	2025-06-09 09:02:32	\N	\N	\N
362	promooooo	pronmmo aail 69%off on new profile	226	1	\N	no	6846a32318865_1749459747.png	1	2025-06-09 09:02:33	2025-06-09 09:02:33	\N	\N	\N
364	promooooo	pronmmo aail 69%off on new profile	195	1	\N	no	6846a32318865_1749459747.png	1	2025-06-09 09:02:33	2025-06-09 09:02:33	\N	\N	\N
366	promooooo	pronmmo aail 69%off on new profile	199	1	\N	no	6846a32318865_1749459747.png	1	2025-06-09 09:02:33	2025-06-09 09:02:33	\N	\N	\N
368	promooooo	pronmmo aail 69%off on new profile	236	1	\N	no	6846a32318865_1749459747.png	1	2025-06-09 09:02:33	2025-06-09 09:02:33	\N	\N	\N
370	promooooo	pronmmo aail 69%off on new profile	216	1	\N	no	6846a32318865_1749459747.png	1	2025-06-09 09:02:34	2025-06-09 09:02:34	\N	\N	\N
438	testttt	testtt	243	1	\N	no	6846af6cae577_1749462892.png	1	2025-06-09 09:54:52	2025-06-09 09:54:52	\N	\N	\N
372	promooooo	pronmmo aail 69%off on new profile	157	1	\N	no	6846a32318865_1749459747.png	1	2025-06-09 09:02:34	2025-06-09 09:02:34	\N	\N	\N
373	promooooo	pronmmo aail 69%off on new profile	183	1	\N	no	6846a32318865_1749459747.png	1	2025-06-09 09:02:34	2025-06-09 09:02:34	\N	\N	\N
376	promooooo	pronmmo aail 69%off on new profile	177	1	\N	no	6846a32318865_1749459747.png	1	2025-06-09 09:02:34	2025-06-09 09:02:34	\N	\N	\N
377	promooooo	pronmmo aail 69%off on new profile	196	1	\N	no	6846a32318865_1749459747.png	1	2025-06-09 09:02:34	2025-06-09 09:02:34	\N	\N	\N
378	promooooo	pronmmo aail 69%off on new profile	189	1	\N	no	6846a32318865_1749459747.png	1	2025-06-09 09:02:34	2025-06-09 09:02:34	\N	\N	\N
380	promooooo	pronmmo aail 69%off on new profile	237	1	\N	no	6846a32318865_1749459747.png	1	2025-06-09 09:02:35	2025-06-09 09:02:35	\N	\N	\N
383	promooooo	pronmmo aail 69%off on new profile	207	1	\N	no	6846a32318865_1749459747.png	1	2025-06-09 09:02:35	2025-06-09 09:02:35	\N	\N	\N
384	promooooo	pronmmo aail 69%off on new profile	217	1	\N	no	6846a32318865_1749459747.png	1	2025-06-09 09:02:35	2025-06-09 09:02:35	\N	\N	\N
386	promooooo	pronmmo aail 69%off on new profile	227	1	\N	no	6846a32318865_1749459747.png	1	2025-06-09 09:02:35	2025-06-09 09:02:35	\N	\N	\N
388	promooooo	pronmmo aail 69%off on new profile	208	1	\N	no	6846a32318865_1749459747.png	1	2025-06-09 09:02:36	2025-06-09 09:02:36	\N	\N	\N
391	promooooo	pronmmo aail 69%off on new profile	158	1	\N	no	6846a32318865_1749459747.png	1	2025-06-09 09:02:36	2025-06-09 09:02:36	\N	\N	\N
392	promooooo	pronmmo aail 69%off on new profile	190	1	\N	no	6846a32318865_1749459747.png	1	2025-06-09 09:02:36	2025-06-09 09:02:36	\N	\N	\N
394	promooooo	pronmmo aail 69%off on new profile	168	1	\N	no	6846a32318865_1749459747.png	1	2025-06-09 09:02:36	2025-06-09 09:02:36	\N	\N	\N
396	promooooo	pronmmo aail 69%off on new profile	184	1	\N	no	6846a32318865_1749459747.png	1	2025-06-09 09:02:36	2025-06-09 09:02:36	\N	\N	\N
397	promooooo	pronmmo aail 69%off on new profile	178	1	\N	no	6846a32318865_1749459747.png	1	2025-06-09 09:02:36	2025-06-09 09:02:36	\N	\N	\N
399	promooooo	pronmmo aail 69%off on new profile	228	1	\N	no	6846a32318865_1749459747.png	1	2025-06-09 09:02:36	2025-06-09 09:02:36	\N	\N	\N
401	promooooo	pronmmo aail 69%off on new profile	218	1	\N	no	6846a32318865_1749459747.png	1	2025-06-09 09:02:37	2025-06-09 09:02:37	\N	\N	\N
404	promooooo	pronmmo aail 69%off on new profile	238	1	\N	no	6846a32318865_1749459747.png	1	2025-06-09 09:02:37	2025-06-09 09:02:37	\N	\N	\N
407	promooooo	pronmmo aail 69%off on new profile	179	1	\N	no	6846a32318865_1749459747.png	1	2025-06-09 09:02:37	2025-06-09 09:02:37	\N	\N	\N
408	promooooo	pronmmo aail 69%off on new profile	229	1	\N	no	6846a32318865_1749459747.png	1	2025-06-09 09:02:38	2025-06-09 09:02:38	\N	\N	\N
409	promooooo	pronmmo aail 69%off on new profile	169	1	\N	no	6846a32318865_1749459747.png	1	2025-06-09 09:02:38	2025-06-09 09:02:38	\N	\N	\N
410	promooooo	pronmmo aail 69%off on new profile	219	1	\N	no	6846a32318865_1749459747.png	1	2025-06-09 09:02:38	2025-06-09 09:02:38	\N	\N	\N
568	Hi	Hi	161	1	\N	no	6849441b0d2f7_1749632027.jpg	1	2025-06-11 08:53:54	2025-06-11 08:53:54	4	\N	\N
411	promooooo	pronmmo aail 69%off on new profile	209	1	\N	no	6846a32318865_1749459747.png	1	2025-06-09 09:02:38	2025-06-09 09:02:38	\N	\N	\N
412	promooooo	pronmmo aail 69%off on new profile	191	1	\N	no	6846a32318865_1749459747.png	1	2025-06-09 09:02:39	2025-06-09 09:02:39	\N	\N	\N
413	promooooo	pronmmo aail 69%off on new profile	202	1	\N	no	6846a32318865_1749459747.png	1	2025-06-09 09:02:39	2025-06-09 09:02:39	\N	\N	\N
414	promooooo	pronmmo aail 69%off on new profile	239	1	\N	no	6846a32318865_1749459747.png	1	2025-06-09 09:02:39	2025-06-09 09:02:39	\N	\N	\N
415	promooooo	pronmmo aail 69%off on new profile	170	1	\N	no	6846a32318865_1749459747.png	1	2025-06-09 09:02:40	2025-06-09 09:02:40	\N	\N	\N
416	promooooo	pronmmo aail 69%off on new profile	230	1	\N	no	6846a32318865_1749459747.png	1	2025-06-09 09:02:40	2025-06-09 09:02:40	\N	\N	\N
417	promooooo	pronmmo aail 69%off on new profile	192	1	\N	no	6846a32318865_1749459747.png	1	2025-06-09 09:02:40	2025-06-09 09:02:40	\N	\N	\N
418	promooooo	pronmmo aail 69%off on new profile	203	1	\N	no	6846a32318865_1749459747.png	1	2025-06-09 09:02:40	2025-06-09 09:02:40	\N	\N	\N
419	promooooo	pronmmo aail 69%off on new profile	220	1	\N	no	6846a32318865_1749459747.png	1	2025-06-09 09:02:41	2025-06-09 09:02:41	\N	\N	\N
420	promooooo	pronmmo aail 69%off on new profile	210	1	\N	no	6846a32318865_1749459747.png	1	2025-06-09 09:02:41	2025-06-09 09:02:41	\N	\N	\N
421	promooooo	pronmmo aail 69%off on new profile	240	1	\N	no	6846a32318865_1749459747.png	1	2025-06-09 09:02:41	2025-06-09 09:02:41	\N	\N	\N
422	promooooo	pronmmo aail 69%off on new profile	171	1	\N	no	6846a32318865_1749459747.png	1	2025-06-09 09:02:42	2025-06-09 09:02:42	\N	\N	\N
423	promooooo	pronmmo aail 69%off on new profile	161	1	\N	no	6846a32318865_1749459747.png	1	2025-06-09 09:02:42	2025-06-09 09:02:42	\N	\N	\N
424	promooooo	pronmmo aail 69%off on new profile	241	1	\N	no	6846a32318865_1749459747.png	1	2025-06-09 09:02:42	2025-06-09 09:02:42	\N	\N	\N
425	promooooo	pronmmo aail 69%off on new profile	211	1	\N	no	6846a32318865_1749459747.png	1	2025-06-09 09:02:42	2025-06-09 09:02:42	\N	\N	\N
426	promooooo	pronmmo aail 69%off on new profile	231	1	\N	no	6846a32318865_1749459747.png	1	2025-06-09 09:02:42	2025-06-09 09:02:42	\N	\N	\N
427	promooooo	pronmmo aail 69%off on new profile	162	1	\N	no	6846a32318865_1749459747.png	1	2025-06-09 09:02:43	2025-06-09 09:02:43	\N	\N	\N
428	promooooo	pronmmo aail 69%off on new profile	212	1	\N	no	6846a32318865_1749459747.png	1	2025-06-09 09:02:43	2025-06-09 09:02:43	\N	\N	\N
429	promooooo	pronmmo aail 69%off on new profile	172	1	\N	no	6846a32318865_1749459747.png	1	2025-06-09 09:02:43	2025-06-09 09:02:43	\N	\N	\N
430	promooooo	pronmmo aail 69%off on new profile	222	1	\N	no	6846a32318865_1749459747.png	1	2025-06-09 09:02:43	2025-06-09 09:02:43	\N	\N	\N
431	promooooo	pronmmo aail 69%off on new profile	242	1	\N	no	6846a32318865_1749459747.png	1	2025-06-09 09:02:43	2025-06-09 09:02:43	\N	\N	\N
432	promooooo	pronmmo aail 69%off on new profile	213	1	\N	no	6846a32318865_1749459747.png	1	2025-06-09 09:02:44	2025-06-09 09:02:44	\N	\N	\N
433	promooooo	pronmmo aail 69%off on new profile	163	1	\N	no	6846a32318865_1749459747.png	1	2025-06-09 09:02:44	2025-06-09 09:02:44	\N	\N	\N
434	promooooo	pronmmo aail 69%off on new profile	223	1	\N	no	6846a32318865_1749459747.png	1	2025-06-09 09:02:44	2025-06-09 09:02:44	\N	\N	\N
435	promooooo	pronmmo aail 69%off on new profile	173	1	\N	no	6846a32318865_1749459747.png	1	2025-06-09 09:02:44	2025-06-09 09:02:44	\N	\N	\N
436	promooooo	pronmmo aail 69%off on new profile	233	1	\N	no	6846a32318865_1749459747.png	1	2025-06-09 09:02:44	2025-06-09 09:02:44	\N	\N	\N
437	wdewdewd	edse	234	1	\N	no	6846a3bfcd212_1749459903.jpg	1	2025-06-09 09:05:04	2025-06-09 09:05:04	\N	\N	\N
439	gfgfg	gfgfdgr	215	1	\N	no	6846afce4ca9b_1749462990.jpg	1	2025-06-09 09:56:30	2025-06-09 09:56:30	\N	\N	\N
440	testing push	testing push	215	1	\N	no	6846b1d783c35_1749463511.png	1	2025-06-09 10:05:11	2025-06-09 10:05:11	\N	\N	\N
441	testing pushhhhh	testing pushhhhh	215	1	\N	no	6846b3165f43d_1749463830.jpg	1	2025-06-09 10:10:30	2025-06-09 10:10:30	\N	\N	\N
442	This is Test	Not every thing free	234	1	\N	no	6846e683190ca_1749476995.png	1	2025-06-09 13:49:55	2025-06-09 13:49:55	1	\N	\N
443	This is Test	Not every thing free	185	1	\N	no	6846e683190ca_1749476995.png	1	2025-06-09 13:49:55	2025-06-09 13:49:55	1	\N	\N
444	This is Test	Not every thing free	214	1	\N	no	6846e683190ca_1749476995.png	1	2025-06-09 13:49:56	2025-06-09 13:49:56	1	\N	\N
445	This is Test	Not every thing free	224	1	\N	no	6846e683190ca_1749476995.png	1	2025-06-09 13:49:56	2025-06-09 13:49:56	1	\N	\N
446	This is Test	Not every thing free	180	1	\N	no	6846e683190ca_1749476995.png	1	2025-06-09 13:49:56	2025-06-09 13:49:56	1	\N	\N
447	This is Test	Not every thing free	51	1	\N	no	6846e683190ca_1749476995.png	1	2025-06-09 13:49:56	2025-06-09 13:49:56	1	\N	\N
448	This is Test	Not every thing free	197	1	\N	no	6846e683190ca_1749476995.png	1	2025-06-09 13:49:56	2025-06-09 13:49:56	1	\N	\N
449	This is Test	Not every thing free	186	1	\N	no	6846e683190ca_1749476995.png	1	2025-06-09 13:49:57	2025-06-09 13:49:57	1	\N	\N
450	This is Test	Not every thing free	193	1	\N	no	6846e683190ca_1749476995.png	1	2025-06-09 13:49:57	2025-06-09 13:49:57	1	\N	\N
451	This is Test	Not every thing free	50	1	\N	no	6846e683190ca_1749476995.png	1	2025-06-09 13:49:57	2025-06-09 13:49:57	1	\N	\N
452	This is Test	Not every thing free	174	1	\N	no	6846e683190ca_1749476995.png	1	2025-06-09 13:49:57	2025-06-09 13:49:57	1	\N	\N
453	This is Test	Not every thing free	204	1	\N	no	6846e683190ca_1749476995.png	1	2025-06-09 13:49:57	2025-06-09 13:49:57	1	\N	\N
454	This is Test	Not every thing free	53	1	\N	no	6846e683190ca_1749476995.png	1	2025-06-09 13:49:57	2025-06-09 13:49:57	1	\N	\N
455	This is Test	Not every thing free	154	1	\N	no	6846e683190ca_1749476995.png	1	2025-06-09 13:49:57	2025-06-09 13:49:57	1	\N	\N
456	This is Test	Not every thing free	52	1	\N	no	6846e683190ca_1749476995.png	1	2025-06-09 13:49:57	2025-06-09 13:49:57	1	\N	\N
457	This is Test	Not every thing free	49	1	\N	no	6846e683190ca_1749476995.png	1	2025-06-09 13:49:57	2025-06-09 13:49:57	1	\N	\N
458	This is Test	Not every thing free	164	1	\N	no	6846e683190ca_1749476995.png	1	2025-06-09 13:49:57	2025-06-09 13:49:57	1	\N	\N
459	This is Test	Not every thing free	155	1	\N	no	6846e683190ca_1749476995.png	1	2025-06-09 13:49:57	2025-06-09 13:49:57	1	\N	\N
460	This is Test	Not every thing free	198	1	\N	no	6846e683190ca_1749476995.png	1	2025-06-09 13:49:57	2025-06-09 13:49:57	1	\N	\N
461	This is Test	Not every thing free	187	1	\N	no	6846e683190ca_1749476995.png	1	2025-06-09 13:49:58	2025-06-09 13:49:58	1	\N	\N
462	This is Test	Not every thing free	181	1	\N	no	6846e683190ca_1749476995.png	1	2025-06-09 13:49:58	2025-06-09 13:49:58	1	\N	\N
463	This is Test	Not every thing free	165	1	\N	no	6846e683190ca_1749476995.png	1	2025-06-09 13:49:58	2025-06-09 13:49:58	1	\N	\N
464	This is Test	Not every thing free	194	1	\N	no	6846e683190ca_1749476995.png	1	2025-06-09 13:49:58	2025-06-09 13:49:58	1	\N	\N
465	This is Test	Not every thing free	175	1	\N	no	6846e683190ca_1749476995.png	1	2025-06-09 13:49:59	2025-06-09 13:49:59	1	\N	\N
466	This is Test	Not every thing free	225	1	\N	no	6846e683190ca_1749476995.png	1	2025-06-09 13:49:59	2025-06-09 13:49:59	1	\N	\N
467	This is Test	Not every thing free	205	1	\N	no	6846e683190ca_1749476995.png	1	2025-06-09 13:49:59	2025-06-09 13:49:59	1	\N	\N
468	This is Test	Not every thing free	215	1	\N	no	6846e683190ca_1749476995.png	1	2025-06-09 13:49:59	2025-06-09 13:49:59	1	\N	\N
469	This is Test	Not every thing free	235	1	\N	no	6846e683190ca_1749476995.png	1	2025-06-09 13:50:00	2025-06-09 13:50:00	1	\N	\N
470	This is Test	Not every thing free	206	1	\N	no	6846e683190ca_1749476995.png	1	2025-06-09 13:50:00	2025-06-09 13:50:00	1	\N	\N
471	This is Test	Not every thing free	156	1	\N	no	6846e683190ca_1749476995.png	1	2025-06-09 13:50:00	2025-06-09 13:50:00	1	\N	\N
472	This is Test	Not every thing free	188	1	\N	no	6846e683190ca_1749476995.png	1	2025-06-09 13:50:00	2025-06-09 13:50:00	1	\N	\N
473	This is Test	Not every thing free	166	1	\N	no	6846e683190ca_1749476995.png	1	2025-06-09 13:50:01	2025-06-09 13:50:01	1	\N	\N
474	This is Test	Not every thing free	176	1	\N	no	6846e683190ca_1749476995.png	1	2025-06-09 13:50:01	2025-06-09 13:50:01	1	\N	\N
475	This is Test	Not every thing free	226	1	\N	no	6846e683190ca_1749476995.png	1	2025-06-09 13:50:01	2025-06-09 13:50:01	1	\N	\N
476	This is Test	Not every thing free	195	1	\N	no	6846e683190ca_1749476995.png	1	2025-06-09 13:50:01	2025-06-09 13:50:01	1	\N	\N
477	This is Test	Not every thing free	199	1	\N	no	6846e683190ca_1749476995.png	1	2025-06-09 13:50:02	2025-06-09 13:50:02	1	\N	\N
478	This is Test	Not every thing free	236	1	\N	no	6846e683190ca_1749476995.png	1	2025-06-09 13:50:02	2025-06-09 13:50:02	1	\N	\N
479	This is Test	Not every thing free	216	1	\N	no	6846e683190ca_1749476995.png	1	2025-06-09 13:50:02	2025-06-09 13:50:02	1	\N	\N
480	This is Test	Not every thing free	157	1	\N	no	6846e683190ca_1749476995.png	1	2025-06-09 13:50:03	2025-06-09 13:50:03	1	\N	\N
481	This is Test	Not every thing free	183	1	\N	no	6846e683190ca_1749476995.png	1	2025-06-09 13:50:03	2025-06-09 13:50:03	1	\N	\N
482	This is Test	Not every thing free	177	1	\N	no	6846e683190ca_1749476995.png	1	2025-06-09 13:50:03	2025-06-09 13:50:03	1	\N	\N
483	This is Test	Not every thing free	196	1	\N	no	6846e683190ca_1749476995.png	1	2025-06-09 13:50:03	2025-06-09 13:50:03	1	\N	\N
484	This is Test	Not every thing free	189	1	\N	no	6846e683190ca_1749476995.png	1	2025-06-09 13:50:03	2025-06-09 13:50:03	1	\N	\N
485	This is Test	Not every thing free	237	1	\N	no	6846e683190ca_1749476995.png	1	2025-06-09 13:50:04	2025-06-09 13:50:04	1	\N	\N
486	This is Test	Not every thing free	207	1	\N	no	6846e683190ca_1749476995.png	1	2025-06-09 13:50:04	2025-06-09 13:50:04	1	\N	\N
487	This is Test	Not every thing free	217	1	\N	no	6846e683190ca_1749476995.png	1	2025-06-09 13:50:04	2025-06-09 13:50:04	1	\N	\N
488	This is Test	Not every thing free	227	1	\N	no	6846e683190ca_1749476995.png	1	2025-06-09 13:50:04	2025-06-09 13:50:04	1	\N	\N
489	This is Test	Not every thing free	208	1	\N	no	6846e683190ca_1749476995.png	1	2025-06-09 13:50:05	2025-06-09 13:50:05	1	\N	\N
490	This is Test	Not every thing free	158	1	\N	no	6846e683190ca_1749476995.png	1	2025-06-09 13:50:05	2025-06-09 13:50:05	1	\N	\N
491	This is Test	Not every thing free	190	1	\N	no	6846e683190ca_1749476995.png	1	2025-06-09 13:50:05	2025-06-09 13:50:05	1	\N	\N
492	This is Test	Not every thing free	168	1	\N	no	6846e683190ca_1749476995.png	1	2025-06-09 13:50:05	2025-06-09 13:50:05	1	\N	\N
493	This is Test	Not every thing free	184	1	\N	no	6846e683190ca_1749476995.png	1	2025-06-09 13:50:05	2025-06-09 13:50:05	1	\N	\N
494	This is Test	Not every thing free	178	1	\N	no	6846e683190ca_1749476995.png	1	2025-06-09 13:50:05	2025-06-09 13:50:05	1	\N	\N
495	This is Test	Not every thing free	228	1	\N	no	6846e683190ca_1749476995.png	1	2025-06-09 13:50:05	2025-06-09 13:50:05	1	\N	\N
496	This is Test	Not every thing free	218	1	\N	no	6846e683190ca_1749476995.png	1	2025-06-09 13:50:06	2025-06-09 13:50:06	1	\N	\N
497	This is Test	Not every thing free	238	1	\N	no	6846e683190ca_1749476995.png	1	2025-06-09 13:50:06	2025-06-09 13:50:06	1	\N	\N
498	This is Test	Not every thing free	179	1	\N	no	6846e683190ca_1749476995.png	1	2025-06-09 13:50:07	2025-06-09 13:50:07	1	\N	\N
499	This is Test	Not every thing free	229	1	\N	no	6846e683190ca_1749476995.png	1	2025-06-09 13:50:07	2025-06-09 13:50:07	1	\N	\N
500	This is Test	Not every thing free	169	1	\N	no	6846e683190ca_1749476995.png	1	2025-06-09 13:50:07	2025-06-09 13:50:07	1	\N	\N
501	This is Test	Not every thing free	219	1	\N	no	6846e683190ca_1749476995.png	1	2025-06-09 13:50:07	2025-06-09 13:50:07	1	\N	\N
502	This is Test	Not every thing free	209	1	\N	no	6846e683190ca_1749476995.png	1	2025-06-09 13:50:07	2025-06-09 13:50:07	1	\N	\N
503	This is Test	Not every thing free	191	1	\N	no	6846e683190ca_1749476995.png	1	2025-06-09 13:50:08	2025-06-09 13:50:08	1	\N	\N
504	This is Test	Not every thing free	202	1	\N	no	6846e683190ca_1749476995.png	1	2025-06-09 13:50:08	2025-06-09 13:50:08	1	\N	\N
505	This is Test	Not every thing free	239	1	\N	no	6846e683190ca_1749476995.png	1	2025-06-09 13:50:08	2025-06-09 13:50:08	1	\N	\N
506	This is Test	Not every thing free	170	1	\N	no	6846e683190ca_1749476995.png	1	2025-06-09 13:50:09	2025-06-09 13:50:09	1	\N	\N
507	This is Test	Not every thing free	230	1	\N	no	6846e683190ca_1749476995.png	1	2025-06-09 13:50:09	2025-06-09 13:50:09	1	\N	\N
508	This is Test	Not every thing free	192	1	\N	no	6846e683190ca_1749476995.png	1	2025-06-09 13:50:09	2025-06-09 13:50:09	1	\N	\N
509	This is Test	Not every thing free	203	1	\N	no	6846e683190ca_1749476995.png	1	2025-06-09 13:50:10	2025-06-09 13:50:10	1	\N	\N
569	Hi	Hi	231	1	\N	no	6849441b0d2f7_1749632027.jpg	1	2025-06-11 08:53:54	2025-06-11 08:53:54	4	\N	\N
510	This is Test	Not every thing free	220	1	\N	no	6846e683190ca_1749476995.png	1	2025-06-09 13:50:10	2025-06-09 13:50:10	1	\N	\N
511	This is Test	Not every thing free	210	1	\N	no	6846e683190ca_1749476995.png	1	2025-06-09 13:50:10	2025-06-09 13:50:10	1	\N	\N
512	This is Test	Not every thing free	240	1	\N	no	6846e683190ca_1749476995.png	1	2025-06-09 13:50:10	2025-06-09 13:50:10	1	\N	\N
513	This is Test	Not every thing free	171	1	\N	no	6846e683190ca_1749476995.png	1	2025-06-09 13:50:11	2025-06-09 13:50:11	1	\N	\N
514	This is Test	Not every thing free	161	1	\N	no	6846e683190ca_1749476995.png	1	2025-06-09 13:50:11	2025-06-09 13:50:11	1	\N	\N
515	This is Test	Not every thing free	241	1	\N	no	6846e683190ca_1749476995.png	1	2025-06-09 13:50:11	2025-06-09 13:50:11	1	\N	\N
516	This is Test	Not every thing free	211	1	\N	no	6846e683190ca_1749476995.png	1	2025-06-09 13:50:12	2025-06-09 13:50:12	1	\N	\N
517	This is Test	Not every thing free	231	1	\N	no	6846e683190ca_1749476995.png	1	2025-06-09 13:50:12	2025-06-09 13:50:12	1	\N	\N
518	This is Test	Not every thing free	162	1	\N	no	6846e683190ca_1749476995.png	1	2025-06-09 13:50:12	2025-06-09 13:50:12	1	\N	\N
519	This is Test	Not every thing free	212	1	\N	no	6846e683190ca_1749476995.png	1	2025-06-09 13:50:12	2025-06-09 13:50:12	1	\N	\N
520	This is Test	Not every thing free	172	1	\N	no	6846e683190ca_1749476995.png	1	2025-06-09 13:50:12	2025-06-09 13:50:12	1	\N	\N
521	This is Test	Not every thing free	222	1	\N	no	6846e683190ca_1749476995.png	1	2025-06-09 13:50:13	2025-06-09 13:50:13	1	\N	\N
522	This is Test	Not every thing free	242	1	\N	no	6846e683190ca_1749476995.png	1	2025-06-09 13:50:13	2025-06-09 13:50:13	1	\N	\N
523	This is Test	Not every thing free	213	1	\N	no	6846e683190ca_1749476995.png	1	2025-06-09 13:50:13	2025-06-09 13:50:13	1	\N	\N
524	This is Test	Not every thing free	163	1	\N	no	6846e683190ca_1749476995.png	1	2025-06-09 13:50:13	2025-06-09 13:50:13	1	\N	\N
525	This is Test	Not every thing free	223	1	\N	no	6846e683190ca_1749476995.png	1	2025-06-09 13:50:13	2025-06-09 13:50:13	1	\N	\N
526	This is Test	Not every thing free	173	1	\N	no	6846e683190ca_1749476995.png	1	2025-06-09 13:50:14	2025-06-09 13:50:14	1	\N	\N
527	This is Test	Not every thing free	233	1	\N	no	6846e683190ca_1749476995.png	1	2025-06-09 13:50:14	2025-06-09 13:50:14	1	\N	\N
528	This is Test	Not every thing free	243	1	\N	no	6846e683190ca_1749476995.png	1	2025-06-09 13:50:14	2025-06-09 13:50:14	1	\N	\N
529	test	test	243	1	\N	no	6846ebacc9a87_1749478316.png	1	2025-06-09 14:11:57	2025-06-09 14:11:57	2	\N	\N
530	Hi	Hi	230	1	\N	no	684943ba4aaf7_1749631930.jpg	1	2025-06-11 08:52:10	2025-06-11 08:52:10	3	\N	\N
531	Hi	Hi	185	1	\N	no	6849441b0d2f7_1749632027.jpg	1	2025-06-11 08:53:47	2025-06-11 08:53:47	4	\N	\N
532	Hi	Hi	214	1	\N	no	6849441b0d2f7_1749632027.jpg	1	2025-06-11 08:53:47	2025-06-11 08:53:47	4	\N	\N
533	Hi	Hi	224	1	\N	no	6849441b0d2f7_1749632027.jpg	1	2025-06-11 08:53:47	2025-06-11 08:53:47	4	\N	\N
534	Hi	Hi	51	1	\N	no	6849441b0d2f7_1749632027.jpg	1	2025-06-11 08:53:48	2025-06-11 08:53:48	4	\N	\N
535	Hi	Hi	197	1	\N	no	6849441b0d2f7_1749632027.jpg	1	2025-06-11 08:53:48	2025-06-11 08:53:48	4	\N	\N
536	Hi	Hi	186	1	\N	no	6849441b0d2f7_1749632027.jpg	1	2025-06-11 08:53:48	2025-06-11 08:53:48	4	\N	\N
537	Hi	Hi	193	1	\N	no	6849441b0d2f7_1749632027.jpg	1	2025-06-11 08:53:48	2025-06-11 08:53:48	4	\N	\N
538	Hi	Hi	50	1	\N	no	6849441b0d2f7_1749632027.jpg	1	2025-06-11 08:53:48	2025-06-11 08:53:48	4	\N	\N
539	Hi	Hi	53	1	\N	no	6849441b0d2f7_1749632027.jpg	1	2025-06-11 08:53:48	2025-06-11 08:53:48	4	\N	\N
540	Hi	Hi	52	1	\N	no	6849441b0d2f7_1749632027.jpg	1	2025-06-11 08:53:48	2025-06-11 08:53:48	4	\N	\N
541	Hi	Hi	49	1	\N	no	6849441b0d2f7_1749632027.jpg	1	2025-06-11 08:53:48	2025-06-11 08:53:48	4	\N	\N
542	Hi	Hi	198	1	\N	no	6849441b0d2f7_1749632027.jpg	1	2025-06-11 08:53:48	2025-06-11 08:53:48	4	\N	\N
543	Hi	Hi	165	1	\N	no	6849441b0d2f7_1749632027.jpg	1	2025-06-11 08:53:48	2025-06-11 08:53:48	4	\N	\N
544	Hi	Hi	205	1	\N	no	6849441b0d2f7_1749632027.jpg	1	2025-06-11 08:53:49	2025-06-11 08:53:49	4	\N	\N
545	Hi	Hi	206	1	\N	no	6849441b0d2f7_1749632027.jpg	1	2025-06-11 08:53:49	2025-06-11 08:53:49	4	\N	\N
546	Hi	Hi	188	1	\N	no	6849441b0d2f7_1749632027.jpg	1	2025-06-11 08:53:49	2025-06-11 08:53:49	4	\N	\N
547	Hi	Hi	166	1	\N	no	6849441b0d2f7_1749632027.jpg	1	2025-06-11 08:53:49	2025-06-11 08:53:49	4	\N	\N
548	Hi	Hi	236	1	\N	no	6849441b0d2f7_1749632027.jpg	1	2025-06-11 08:53:49	2025-06-11 08:53:49	4	\N	\N
549	Hi	Hi	183	1	\N	no	6849441b0d2f7_1749632027.jpg	1	2025-06-11 08:53:50	2025-06-11 08:53:50	4	\N	\N
550	Hi	Hi	189	1	\N	no	6849441b0d2f7_1749632027.jpg	1	2025-06-11 08:53:50	2025-06-11 08:53:50	4	\N	\N
551	Hi	Hi	207	1	\N	no	6849441b0d2f7_1749632027.jpg	1	2025-06-11 08:53:50	2025-06-11 08:53:50	4	\N	\N
552	Hi	Hi	158	1	\N	no	6849441b0d2f7_1749632027.jpg	1	2025-06-11 08:53:50	2025-06-11 08:53:50	4	\N	\N
553	Hi	Hi	190	1	\N	no	6849441b0d2f7_1749632027.jpg	1	2025-06-11 08:53:50	2025-06-11 08:53:50	4	\N	\N
554	Hi	Hi	184	1	\N	no	6849441b0d2f7_1749632027.jpg	1	2025-06-11 08:53:50	2025-06-11 08:53:50	4	\N	\N
555	Hi	Hi	178	1	\N	no	6849441b0d2f7_1749632027.jpg	1	2025-06-11 08:53:50	2025-06-11 08:53:50	4	\N	\N
556	Hi	Hi	228	1	\N	no	6849441b0d2f7_1749632027.jpg	1	2025-06-11 08:53:51	2025-06-11 08:53:51	4	\N	\N
557	Hi	Hi	218	1	\N	no	6849441b0d2f7_1749632027.jpg	1	2025-06-11 08:53:51	2025-06-11 08:53:51	4	\N	\N
558	Hi	Hi	179	1	\N	no	6849441b0d2f7_1749632027.jpg	1	2025-06-11 08:53:51	2025-06-11 08:53:51	4	\N	\N
559	Hi	Hi	229	1	\N	no	6849441b0d2f7_1749632027.jpg	1	2025-06-11 08:53:51	2025-06-11 08:53:51	4	\N	\N
560	Hi	Hi	219	1	\N	no	6849441b0d2f7_1749632027.jpg	1	2025-06-11 08:53:52	2025-06-11 08:53:52	4	\N	\N
561	Hi	Hi	209	1	\N	no	6849441b0d2f7_1749632027.jpg	1	2025-06-11 08:53:52	2025-06-11 08:53:52	4	\N	\N
562	Hi	Hi	191	1	\N	no	6849441b0d2f7_1749632027.jpg	1	2025-06-11 08:53:52	2025-06-11 08:53:52	4	\N	\N
563	Hi	Hi	202	1	\N	no	6849441b0d2f7_1749632027.jpg	1	2025-06-11 08:53:52	2025-06-11 08:53:52	4	\N	\N
564	Hi	Hi	170	1	\N	no	6849441b0d2f7_1749632027.jpg	1	2025-06-11 08:53:53	2025-06-11 08:53:53	4	\N	\N
565	Hi	Hi	230	1	\N	no	6849441b0d2f7_1749632027.jpg	1	2025-06-11 08:53:53	2025-06-11 08:53:53	4	\N	\N
566	Hi	Hi	192	1	\N	no	6849441b0d2f7_1749632027.jpg	1	2025-06-11 08:53:53	2025-06-11 08:53:53	4	\N	\N
570	Hi	Hi	212	1	\N	no	6849441b0d2f7_1749632027.jpg	1	2025-06-11 08:53:54	2025-06-11 08:53:54	4	\N	\N
571	Hi	Hi	222	1	\N	no	6849441b0d2f7_1749632027.jpg	1	2025-06-11 08:53:54	2025-06-11 08:53:54	4	\N	\N
572	Hi	Hi	242	1	\N	no	6849441b0d2f7_1749632027.jpg	1	2025-06-11 08:53:54	2025-06-11 08:53:54	4	\N	\N
573	Hi	Hi	213	1	\N	no	6849441b0d2f7_1749632027.jpg	1	2025-06-11 08:53:55	2025-06-11 08:53:55	4	\N	\N
574	Buy 1 get 1 Free	Buy 1 get 1 Free	234	1	\N	no	68494493e50cd_1749632147.png	1	2025-06-11 08:55:48	2025-06-11 08:55:48	5	\N	\N
575	Buy 1 get 1 Free	Buy 1 get 1 Free	185	1	\N	no	68494493e50cd_1749632147.png	1	2025-06-11 08:55:48	2025-06-11 08:55:48	5	\N	\N
576	Buy 1 get 1 Free	Buy 1 get 1 Free	244	1	\N	no	68494493e50cd_1749632147.png	1	2025-06-11 08:55:48	2025-06-11 08:55:48	5	\N	\N
577	Buy 1 get 1 Free	Buy 1 get 1 Free	214	1	\N	no	68494493e50cd_1749632147.png	1	2025-06-11 08:55:49	2025-06-11 08:55:49	5	\N	\N
578	Buy 1 get 1 Free	Buy 1 get 1 Free	224	1	\N	no	68494493e50cd_1749632147.png	1	2025-06-11 08:55:49	2025-06-11 08:55:49	5	\N	\N
579	Buy 1 get 1 Free	Buy 1 get 1 Free	180	1	\N	no	68494493e50cd_1749632147.png	1	2025-06-11 08:55:49	2025-06-11 08:55:49	5	\N	\N
580	Buy 1 get 1 Free	Buy 1 get 1 Free	51	1	\N	no	68494493e50cd_1749632147.png	1	2025-06-11 08:55:50	2025-06-11 08:55:50	5	\N	\N
581	Buy 1 get 1 Free	Buy 1 get 1 Free	197	1	\N	no	68494493e50cd_1749632147.png	1	2025-06-11 08:55:50	2025-06-11 08:55:50	5	\N	\N
582	Buy 1 get 1 Free	Buy 1 get 1 Free	186	1	\N	no	68494493e50cd_1749632147.png	1	2025-06-11 08:55:50	2025-06-11 08:55:50	5	\N	\N
583	Buy 1 get 1 Free	Buy 1 get 1 Free	193	1	\N	no	68494493e50cd_1749632147.png	1	2025-06-11 08:55:50	2025-06-11 08:55:50	5	\N	\N
584	Buy 1 get 1 Free	Buy 1 get 1 Free	50	1	\N	no	68494493e50cd_1749632147.png	1	2025-06-11 08:55:50	2025-06-11 08:55:50	5	\N	\N
585	Buy 1 get 1 Free	Buy 1 get 1 Free	174	1	\N	no	68494493e50cd_1749632147.png	1	2025-06-11 08:55:50	2025-06-11 08:55:50	5	\N	\N
586	Buy 1 get 1 Free	Buy 1 get 1 Free	204	1	\N	no	68494493e50cd_1749632147.png	1	2025-06-11 08:55:50	2025-06-11 08:55:50	5	\N	\N
587	Buy 1 get 1 Free	Buy 1 get 1 Free	53	1	\N	no	68494493e50cd_1749632147.png	1	2025-06-11 08:55:51	2025-06-11 08:55:51	5	\N	\N
588	Buy 1 get 1 Free	Buy 1 get 1 Free	154	1	\N	no	68494493e50cd_1749632147.png	1	2025-06-11 08:55:51	2025-06-11 08:55:51	5	\N	\N
589	Buy 1 get 1 Free	Buy 1 get 1 Free	52	1	\N	no	68494493e50cd_1749632147.png	1	2025-06-11 08:55:51	2025-06-11 08:55:51	5	\N	\N
590	Buy 1 get 1 Free	Buy 1 get 1 Free	49	1	\N	no	68494493e50cd_1749632147.png	1	2025-06-11 08:55:51	2025-06-11 08:55:51	5	\N	\N
591	Buy 1 get 1 Free	Buy 1 get 1 Free	164	1	\N	no	68494493e50cd_1749632147.png	1	2025-06-11 08:55:51	2025-06-11 08:55:51	5	\N	\N
592	Buy 1 get 1 Free	Buy 1 get 1 Free	155	1	\N	no	68494493e50cd_1749632147.png	1	2025-06-11 08:55:51	2025-06-11 08:55:51	5	\N	\N
593	Buy 1 get 1 Free	Buy 1 get 1 Free	198	1	\N	no	68494493e50cd_1749632147.png	1	2025-06-11 08:55:51	2025-06-11 08:55:51	5	\N	\N
594	Buy 1 get 1 Free	Buy 1 get 1 Free	187	1	\N	no	68494493e50cd_1749632147.png	1	2025-06-11 08:55:51	2025-06-11 08:55:51	5	\N	\N
595	Buy 1 get 1 Free	Buy 1 get 1 Free	181	1	\N	no	68494493e50cd_1749632147.png	1	2025-06-11 08:55:51	2025-06-11 08:55:51	5	\N	\N
596	Buy 1 get 1 Free	Buy 1 get 1 Free	165	1	\N	no	68494493e50cd_1749632147.png	1	2025-06-11 08:55:51	2025-06-11 08:55:51	5	\N	\N
597	Buy 1 get 1 Free	Buy 1 get 1 Free	194	1	\N	no	68494493e50cd_1749632147.png	1	2025-06-11 08:55:52	2025-06-11 08:55:52	5	\N	\N
598	Buy 1 get 1 Free	Buy 1 get 1 Free	175	1	\N	no	68494493e50cd_1749632147.png	1	2025-06-11 08:55:52	2025-06-11 08:55:52	5	\N	\N
599	Buy 1 get 1 Free	Buy 1 get 1 Free	225	1	\N	no	68494493e50cd_1749632147.png	1	2025-06-11 08:55:52	2025-06-11 08:55:52	5	\N	\N
600	Buy 1 get 1 Free	Buy 1 get 1 Free	205	1	\N	no	68494493e50cd_1749632147.png	1	2025-06-11 08:55:52	2025-06-11 08:55:52	5	\N	\N
601	Buy 1 get 1 Free	Buy 1 get 1 Free	215	1	\N	no	68494493e50cd_1749632147.png	1	2025-06-11 08:55:53	2025-06-11 08:55:53	5	\N	\N
602	Buy 1 get 1 Free	Buy 1 get 1 Free	235	1	\N	no	68494493e50cd_1749632147.png	1	2025-06-11 08:55:53	2025-06-11 08:55:53	5	\N	\N
603	Buy 1 get 1 Free	Buy 1 get 1 Free	206	1	\N	no	68494493e50cd_1749632147.png	1	2025-06-11 08:55:53	2025-06-11 08:55:53	5	\N	\N
604	Buy 1 get 1 Free	Buy 1 get 1 Free	156	1	\N	no	68494493e50cd_1749632147.png	1	2025-06-11 08:55:53	2025-06-11 08:55:53	5	\N	\N
605	Buy 1 get 1 Free	Buy 1 get 1 Free	188	1	\N	no	68494493e50cd_1749632147.png	1	2025-06-11 08:55:53	2025-06-11 08:55:53	5	\N	\N
606	Buy 1 get 1 Free	Buy 1 get 1 Free	166	1	\N	no	68494493e50cd_1749632147.png	1	2025-06-11 08:55:54	2025-06-11 08:55:54	5	\N	\N
607	Buy 1 get 1 Free	Buy 1 get 1 Free	176	1	\N	no	68494493e50cd_1749632147.png	1	2025-06-11 08:55:54	2025-06-11 08:55:54	5	\N	\N
608	Buy 1 get 1 Free	Buy 1 get 1 Free	226	1	\N	no	68494493e50cd_1749632147.png	1	2025-06-11 08:55:54	2025-06-11 08:55:54	5	\N	\N
609	Buy 1 get 1 Free	Buy 1 get 1 Free	195	1	\N	no	68494493e50cd_1749632147.png	1	2025-06-11 08:55:54	2025-06-11 08:55:54	5	\N	\N
610	Buy 1 get 1 Free	Buy 1 get 1 Free	199	1	\N	no	68494493e50cd_1749632147.png	1	2025-06-11 08:55:55	2025-06-11 08:55:55	5	\N	\N
611	Buy 1 get 1 Free	Buy 1 get 1 Free	236	1	\N	no	68494493e50cd_1749632147.png	1	2025-06-11 08:55:55	2025-06-11 08:55:55	5	\N	\N
612	Buy 1 get 1 Free	Buy 1 get 1 Free	216	1	\N	no	68494493e50cd_1749632147.png	1	2025-06-11 08:55:55	2025-06-11 08:55:55	5	\N	\N
613	Buy 1 get 1 Free	Buy 1 get 1 Free	157	1	\N	no	68494493e50cd_1749632147.png	1	2025-06-11 08:55:56	2025-06-11 08:55:56	5	\N	\N
614	Buy 1 get 1 Free	Buy 1 get 1 Free	183	1	\N	no	68494493e50cd_1749632147.png	1	2025-06-11 08:55:56	2025-06-11 08:55:56	5	\N	\N
615	Buy 1 get 1 Free	Buy 1 get 1 Free	177	1	\N	no	68494493e50cd_1749632147.png	1	2025-06-11 08:55:56	2025-06-11 08:55:56	5	\N	\N
616	Buy 1 get 1 Free	Buy 1 get 1 Free	196	1	\N	no	68494493e50cd_1749632147.png	1	2025-06-11 08:55:56	2025-06-11 08:55:56	5	\N	\N
617	Buy 1 get 1 Free	Buy 1 get 1 Free	189	1	\N	no	68494493e50cd_1749632147.png	1	2025-06-11 08:55:56	2025-06-11 08:55:56	5	\N	\N
618	Buy 1 get 1 Free	Buy 1 get 1 Free	237	1	\N	no	68494493e50cd_1749632147.png	1	2025-06-11 08:55:57	2025-06-11 08:55:57	5	\N	\N
619	Buy 1 get 1 Free	Buy 1 get 1 Free	207	1	\N	no	68494493e50cd_1749632147.png	1	2025-06-11 08:55:57	2025-06-11 08:55:57	5	\N	\N
620	Buy 1 get 1 Free	Buy 1 get 1 Free	217	1	\N	no	68494493e50cd_1749632147.png	1	2025-06-11 08:55:57	2025-06-11 08:55:57	5	\N	\N
621	Buy 1 get 1 Free	Buy 1 get 1 Free	227	1	\N	no	68494493e50cd_1749632147.png	1	2025-06-11 08:55:57	2025-06-11 08:55:57	5	\N	\N
622	Buy 1 get 1 Free	Buy 1 get 1 Free	208	1	\N	no	68494493e50cd_1749632147.png	1	2025-06-11 08:55:58	2025-06-11 08:55:58	5	\N	\N
623	Buy 1 get 1 Free	Buy 1 get 1 Free	158	1	\N	no	68494493e50cd_1749632147.png	1	2025-06-11 08:55:58	2025-06-11 08:55:58	5	\N	\N
624	Buy 1 get 1 Free	Buy 1 get 1 Free	190	1	\N	no	68494493e50cd_1749632147.png	1	2025-06-11 08:55:58	2025-06-11 08:55:58	5	\N	\N
625	Buy 1 get 1 Free	Buy 1 get 1 Free	168	1	\N	no	68494493e50cd_1749632147.png	1	2025-06-11 08:55:58	2025-06-11 08:55:58	5	\N	\N
626	Buy 1 get 1 Free	Buy 1 get 1 Free	184	1	\N	no	68494493e50cd_1749632147.png	1	2025-06-11 08:55:58	2025-06-11 08:55:58	5	\N	\N
627	Buy 1 get 1 Free	Buy 1 get 1 Free	178	1	\N	no	68494493e50cd_1749632147.png	1	2025-06-11 08:55:58	2025-06-11 08:55:58	5	\N	\N
628	Buy 1 get 1 Free	Buy 1 get 1 Free	228	1	\N	no	68494493e50cd_1749632147.png	1	2025-06-11 08:55:59	2025-06-11 08:55:59	5	\N	\N
629	Buy 1 get 1 Free	Buy 1 get 1 Free	218	1	\N	no	68494493e50cd_1749632147.png	1	2025-06-11 08:55:59	2025-06-11 08:55:59	5	\N	\N
630	Buy 1 get 1 Free	Buy 1 get 1 Free	238	1	\N	no	68494493e50cd_1749632147.png	1	2025-06-11 08:55:59	2025-06-11 08:55:59	5	\N	\N
631	Buy 1 get 1 Free	Buy 1 get 1 Free	179	1	\N	no	68494493e50cd_1749632147.png	1	2025-06-11 08:56:00	2025-06-11 08:56:00	5	\N	\N
632	Buy 1 get 1 Free	Buy 1 get 1 Free	229	1	\N	no	68494493e50cd_1749632147.png	1	2025-06-11 08:56:00	2025-06-11 08:56:00	5	\N	\N
633	Buy 1 get 1 Free	Buy 1 get 1 Free	169	1	\N	no	68494493e50cd_1749632147.png	1	2025-06-11 08:56:00	2025-06-11 08:56:00	5	\N	\N
634	Buy 1 get 1 Free	Buy 1 get 1 Free	219	1	\N	no	68494493e50cd_1749632147.png	1	2025-06-11 08:56:01	2025-06-11 08:56:01	5	\N	\N
635	Buy 1 get 1 Free	Buy 1 get 1 Free	209	1	\N	no	68494493e50cd_1749632147.png	1	2025-06-11 08:56:01	2025-06-11 08:56:01	5	\N	\N
636	Buy 1 get 1 Free	Buy 1 get 1 Free	191	1	\N	no	68494493e50cd_1749632147.png	1	2025-06-11 08:56:01	2025-06-11 08:56:01	5	\N	\N
637	Buy 1 get 1 Free	Buy 1 get 1 Free	202	1	\N	no	68494493e50cd_1749632147.png	1	2025-06-11 08:56:02	2025-06-11 08:56:02	5	\N	\N
638	Buy 1 get 1 Free	Buy 1 get 1 Free	239	1	\N	no	68494493e50cd_1749632147.png	1	2025-06-11 08:56:02	2025-06-11 08:56:02	5	\N	\N
639	Buy 1 get 1 Free	Buy 1 get 1 Free	170	1	\N	no	68494493e50cd_1749632147.png	1	2025-06-11 08:56:02	2025-06-11 08:56:02	5	\N	\N
640	Buy 1 get 1 Free	Buy 1 get 1 Free	230	1	\N	no	68494493e50cd_1749632147.png	1	2025-06-11 08:56:03	2025-06-11 08:56:03	5	\N	\N
641	Buy 1 get 1 Free	Buy 1 get 1 Free	192	1	\N	no	68494493e50cd_1749632147.png	1	2025-06-11 08:56:03	2025-06-11 08:56:03	5	\N	\N
642	Buy 1 get 1 Free	Buy 1 get 1 Free	203	1	\N	no	68494493e50cd_1749632147.png	1	2025-06-11 08:56:04	2025-06-11 08:56:04	5	\N	\N
643	Buy 1 get 1 Free	Buy 1 get 1 Free	220	1	\N	no	68494493e50cd_1749632147.png	1	2025-06-11 08:56:04	2025-06-11 08:56:04	5	\N	\N
644	Buy 1 get 1 Free	Buy 1 get 1 Free	210	1	\N	no	68494493e50cd_1749632147.png	1	2025-06-11 08:56:04	2025-06-11 08:56:04	5	\N	\N
645	Buy 1 get 1 Free	Buy 1 get 1 Free	240	1	\N	no	68494493e50cd_1749632147.png	1	2025-06-11 08:56:04	2025-06-11 08:56:04	5	\N	\N
646	Buy 1 get 1 Free	Buy 1 get 1 Free	171	1	\N	no	68494493e50cd_1749632147.png	1	2025-06-11 08:56:05	2025-06-11 08:56:05	5	\N	\N
647	Buy 1 get 1 Free	Buy 1 get 1 Free	161	1	\N	no	68494493e50cd_1749632147.png	1	2025-06-11 08:56:05	2025-06-11 08:56:05	5	\N	\N
648	Buy 1 get 1 Free	Buy 1 get 1 Free	241	1	\N	no	68494493e50cd_1749632147.png	1	2025-06-11 08:56:05	2025-06-11 08:56:05	5	\N	\N
649	Buy 1 get 1 Free	Buy 1 get 1 Free	211	1	\N	no	68494493e50cd_1749632147.png	1	2025-06-11 08:56:06	2025-06-11 08:56:06	5	\N	\N
650	Buy 1 get 1 Free	Buy 1 get 1 Free	231	1	\N	no	68494493e50cd_1749632147.png	1	2025-06-11 08:56:06	2025-06-11 08:56:06	5	\N	\N
651	Buy 1 get 1 Free	Buy 1 get 1 Free	162	1	\N	no	68494493e50cd_1749632147.png	1	2025-06-11 08:56:06	2025-06-11 08:56:06	5	\N	\N
652	Buy 1 get 1 Free	Buy 1 get 1 Free	212	1	\N	no	68494493e50cd_1749632147.png	1	2025-06-11 08:56:06	2025-06-11 08:56:06	5	\N	\N
653	Buy 1 get 1 Free	Buy 1 get 1 Free	172	1	\N	no	68494493e50cd_1749632147.png	1	2025-06-11 08:56:06	2025-06-11 08:56:06	5	\N	\N
654	Buy 1 get 1 Free	Buy 1 get 1 Free	222	1	\N	no	68494493e50cd_1749632147.png	1	2025-06-11 08:56:07	2025-06-11 08:56:07	5	\N	\N
655	Buy 1 get 1 Free	Buy 1 get 1 Free	242	1	\N	no	68494493e50cd_1749632147.png	1	2025-06-11 08:56:07	2025-06-11 08:56:07	5	\N	\N
656	Buy 1 get 1 Free	Buy 1 get 1 Free	213	1	\N	no	68494493e50cd_1749632147.png	1	2025-06-11 08:56:07	2025-06-11 08:56:07	5	\N	\N
657	Buy 1 get 1 Free	Buy 1 get 1 Free	163	1	\N	no	68494493e50cd_1749632147.png	1	2025-06-11 08:56:07	2025-06-11 08:56:07	5	\N	\N
658	Buy 1 get 1 Free	Buy 1 get 1 Free	223	1	\N	no	68494493e50cd_1749632147.png	1	2025-06-11 08:56:07	2025-06-11 08:56:07	5	\N	\N
659	Buy 1 get 1 Free	Buy 1 get 1 Free	173	1	\N	no	68494493e50cd_1749632147.png	1	2025-06-11 08:56:08	2025-06-11 08:56:08	5	\N	\N
660	Buy 1 get 1 Free	Buy 1 get 1 Free	233	1	\N	no	68494493e50cd_1749632147.png	1	2025-06-11 08:56:08	2025-06-11 08:56:08	5	\N	\N
661	Buy 1 get 1 Free	Buy 1 get 1 Free	243	1	\N	no	68494493e50cd_1749632147.png	1	2025-06-11 08:56:08	2025-06-11 08:56:08	5	\N	\N
662	teste	teste	234	1	\N	no	6849458ecfef4_1749632398.png	1	2025-06-11 08:59:59	2025-06-11 08:59:59	6	\N	\N
663	teste	teste	185	1	\N	no	6849458ecfef4_1749632398.png	1	2025-06-11 08:59:59	2025-06-11 08:59:59	6	\N	\N
664	teste	teste	244	1	\N	no	6849458ecfef4_1749632398.png	1	2025-06-11 08:59:59	2025-06-11 08:59:59	6	\N	\N
665	teste	teste	214	1	\N	no	6849458ecfef4_1749632398.png	1	2025-06-11 09:00:00	2025-06-11 09:00:00	6	\N	\N
666	teste	teste	224	1	\N	no	6849458ecfef4_1749632398.png	1	2025-06-11 09:00:00	2025-06-11 09:00:00	6	\N	\N
667	teste	teste	180	1	\N	no	6849458ecfef4_1749632398.png	1	2025-06-11 09:00:00	2025-06-11 09:00:00	6	\N	\N
668	teste	teste	51	1	\N	no	6849458ecfef4_1749632398.png	1	2025-06-11 09:00:01	2025-06-11 09:00:01	6	\N	\N
669	teste	teste	197	1	\N	no	6849458ecfef4_1749632398.png	1	2025-06-11 09:00:01	2025-06-11 09:00:01	6	\N	\N
670	teste	teste	186	1	\N	no	6849458ecfef4_1749632398.png	1	2025-06-11 09:00:02	2025-06-11 09:00:02	6	\N	\N
671	teste	teste	193	1	\N	no	6849458ecfef4_1749632398.png	1	2025-06-11 09:00:02	2025-06-11 09:00:02	6	\N	\N
672	teste	teste	50	1	\N	no	6849458ecfef4_1749632398.png	1	2025-06-11 09:00:02	2025-06-11 09:00:02	6	\N	\N
673	teste	teste	174	1	\N	no	6849458ecfef4_1749632398.png	1	2025-06-11 09:00:02	2025-06-11 09:00:02	6	\N	\N
674	teste	teste	204	1	\N	no	6849458ecfef4_1749632398.png	1	2025-06-11 09:00:02	2025-06-11 09:00:02	6	\N	\N
675	teste	teste	53	1	\N	no	6849458ecfef4_1749632398.png	1	2025-06-11 09:00:02	2025-06-11 09:00:02	6	\N	\N
676	teste	teste	154	1	\N	no	6849458ecfef4_1749632398.png	1	2025-06-11 09:00:02	2025-06-11 09:00:02	6	\N	\N
677	teste	teste	52	1	\N	no	6849458ecfef4_1749632398.png	1	2025-06-11 09:00:02	2025-06-11 09:00:02	6	\N	\N
678	teste	teste	49	1	\N	no	6849458ecfef4_1749632398.png	1	2025-06-11 09:00:02	2025-06-11 09:00:02	6	\N	\N
679	teste	teste	164	1	\N	no	6849458ecfef4_1749632398.png	1	2025-06-11 09:00:02	2025-06-11 09:00:02	6	\N	\N
680	teste	teste	155	1	\N	no	6849458ecfef4_1749632398.png	1	2025-06-11 09:00:02	2025-06-11 09:00:02	6	\N	\N
681	teste	teste	198	1	\N	no	6849458ecfef4_1749632398.png	1	2025-06-11 09:00:03	2025-06-11 09:00:03	6	\N	\N
682	teste	teste	187	1	\N	no	6849458ecfef4_1749632398.png	1	2025-06-11 09:00:03	2025-06-11 09:00:03	6	\N	\N
683	teste	teste	181	1	\N	no	6849458ecfef4_1749632398.png	1	2025-06-11 09:00:03	2025-06-11 09:00:03	6	\N	\N
684	teste	teste	165	1	\N	no	6849458ecfef4_1749632398.png	1	2025-06-11 09:00:03	2025-06-11 09:00:03	6	\N	\N
685	teste	teste	194	1	\N	no	6849458ecfef4_1749632398.png	1	2025-06-11 09:00:04	2025-06-11 09:00:04	6	\N	\N
686	teste	teste	175	1	\N	no	6849458ecfef4_1749632398.png	1	2025-06-11 09:00:04	2025-06-11 09:00:04	6	\N	\N
687	teste	teste	225	1	\N	no	6849458ecfef4_1749632398.png	1	2025-06-11 09:00:04	2025-06-11 09:00:04	6	\N	\N
688	teste	teste	205	1	\N	no	6849458ecfef4_1749632398.png	1	2025-06-11 09:00:04	2025-06-11 09:00:04	6	\N	\N
689	teste	teste	215	1	\N	no	6849458ecfef4_1749632398.png	1	2025-06-11 09:00:05	2025-06-11 09:00:05	6	\N	\N
690	teste	teste	235	1	\N	no	6849458ecfef4_1749632398.png	1	2025-06-11 09:00:05	2025-06-11 09:00:05	6	\N	\N
691	teste	teste	206	1	\N	no	6849458ecfef4_1749632398.png	1	2025-06-11 09:00:05	2025-06-11 09:00:05	6	\N	\N
692	teste	teste	156	1	\N	no	6849458ecfef4_1749632398.png	1	2025-06-11 09:00:05	2025-06-11 09:00:05	6	\N	\N
693	teste	teste	188	1	\N	no	6849458ecfef4_1749632398.png	1	2025-06-11 09:00:05	2025-06-11 09:00:05	6	\N	\N
694	teste	teste	166	1	\N	no	6849458ecfef4_1749632398.png	1	2025-06-11 09:00:06	2025-06-11 09:00:06	6	\N	\N
695	teste	teste	176	1	\N	no	6849458ecfef4_1749632398.png	1	2025-06-11 09:00:06	2025-06-11 09:00:06	6	\N	\N
696	teste	teste	226	1	\N	no	6849458ecfef4_1749632398.png	1	2025-06-11 09:00:06	2025-06-11 09:00:06	6	\N	\N
697	teste	teste	195	1	\N	no	6849458ecfef4_1749632398.png	1	2025-06-11 09:00:07	2025-06-11 09:00:07	6	\N	\N
698	teste	teste	199	1	\N	no	6849458ecfef4_1749632398.png	1	2025-06-11 09:00:07	2025-06-11 09:00:07	6	\N	\N
699	teste	teste	236	1	\N	no	6849458ecfef4_1749632398.png	1	2025-06-11 09:00:07	2025-06-11 09:00:07	6	\N	\N
700	teste	teste	216	1	\N	no	6849458ecfef4_1749632398.png	1	2025-06-11 09:00:07	2025-06-11 09:00:07	6	\N	\N
701	teste	teste	157	1	\N	no	6849458ecfef4_1749632398.png	1	2025-06-11 09:00:08	2025-06-11 09:00:08	6	\N	\N
702	teste	teste	183	1	\N	no	6849458ecfef4_1749632398.png	1	2025-06-11 09:00:08	2025-06-11 09:00:08	6	\N	\N
703	teste	teste	177	1	\N	no	6849458ecfef4_1749632398.png	1	2025-06-11 09:00:08	2025-06-11 09:00:08	6	\N	\N
704	teste	teste	196	1	\N	no	6849458ecfef4_1749632398.png	1	2025-06-11 09:00:08	2025-06-11 09:00:08	6	\N	\N
705	teste	teste	189	1	\N	no	6849458ecfef4_1749632398.png	1	2025-06-11 09:00:08	2025-06-11 09:00:08	6	\N	\N
706	teste	teste	237	1	\N	no	6849458ecfef4_1749632398.png	1	2025-06-11 09:00:08	2025-06-11 09:00:08	6	\N	\N
707	teste	teste	207	1	\N	no	6849458ecfef4_1749632398.png	1	2025-06-11 09:00:09	2025-06-11 09:00:09	6	\N	\N
708	teste	teste	217	1	\N	no	6849458ecfef4_1749632398.png	1	2025-06-11 09:00:09	2025-06-11 09:00:09	6	\N	\N
709	teste	teste	227	1	\N	no	6849458ecfef4_1749632398.png	1	2025-06-11 09:00:09	2025-06-11 09:00:09	6	\N	\N
710	teste	teste	208	1	\N	no	6849458ecfef4_1749632398.png	1	2025-06-11 09:00:09	2025-06-11 09:00:09	6	\N	\N
711	teste	teste	158	1	\N	no	6849458ecfef4_1749632398.png	1	2025-06-11 09:00:10	2025-06-11 09:00:10	6	\N	\N
712	teste	teste	190	1	\N	no	6849458ecfef4_1749632398.png	1	2025-06-11 09:00:10	2025-06-11 09:00:10	6	\N	\N
713	teste	teste	168	1	\N	no	6849458ecfef4_1749632398.png	1	2025-06-11 09:00:10	2025-06-11 09:00:10	6	\N	\N
714	teste	teste	184	1	\N	no	6849458ecfef4_1749632398.png	1	2025-06-11 09:00:10	2025-06-11 09:00:10	6	\N	\N
715	teste	teste	178	1	\N	no	6849458ecfef4_1749632398.png	1	2025-06-11 09:00:10	2025-06-11 09:00:10	6	\N	\N
716	teste	teste	228	1	\N	no	6849458ecfef4_1749632398.png	1	2025-06-11 09:00:10	2025-06-11 09:00:10	6	\N	\N
717	teste	teste	218	1	\N	no	6849458ecfef4_1749632398.png	1	2025-06-11 09:00:11	2025-06-11 09:00:11	6	\N	\N
718	teste	teste	238	1	\N	no	6849458ecfef4_1749632398.png	1	2025-06-11 09:00:11	2025-06-11 09:00:11	6	\N	\N
719	teste	teste	179	1	\N	no	6849458ecfef4_1749632398.png	1	2025-06-11 09:00:11	2025-06-11 09:00:11	6	\N	\N
720	teste	teste	229	1	\N	no	6849458ecfef4_1749632398.png	1	2025-06-11 09:00:11	2025-06-11 09:00:11	6	\N	\N
721	teste	teste	169	1	\N	no	6849458ecfef4_1749632398.png	1	2025-06-11 09:00:12	2025-06-11 09:00:12	6	\N	\N
722	teste	teste	219	1	\N	no	6849458ecfef4_1749632398.png	1	2025-06-11 09:00:12	2025-06-11 09:00:12	6	\N	\N
723	teste	teste	209	1	\N	no	6849458ecfef4_1749632398.png	1	2025-06-11 09:00:12	2025-06-11 09:00:12	6	\N	\N
724	teste	teste	191	1	\N	no	6849458ecfef4_1749632398.png	1	2025-06-11 09:00:12	2025-06-11 09:00:12	6	\N	\N
725	teste	teste	202	1	\N	no	6849458ecfef4_1749632398.png	1	2025-06-11 09:00:13	2025-06-11 09:00:13	6	\N	\N
726	teste	teste	239	1	\N	no	6849458ecfef4_1749632398.png	1	2025-06-11 09:00:13	2025-06-11 09:00:13	6	\N	\N
727	teste	teste	170	1	\N	no	6849458ecfef4_1749632398.png	1	2025-06-11 09:00:13	2025-06-11 09:00:13	6	\N	\N
728	teste	teste	230	1	\N	no	6849458ecfef4_1749632398.png	1	2025-06-11 09:00:14	2025-06-11 09:00:14	6	\N	\N
729	teste	teste	192	1	\N	no	6849458ecfef4_1749632398.png	1	2025-06-11 09:00:14	2025-06-11 09:00:14	6	\N	\N
730	teste	teste	203	1	\N	no	6849458ecfef4_1749632398.png	1	2025-06-11 09:00:14	2025-06-11 09:00:14	6	\N	\N
731	teste	teste	220	1	\N	no	6849458ecfef4_1749632398.png	1	2025-06-11 09:00:14	2025-06-11 09:00:14	6	\N	\N
732	teste	teste	210	1	\N	no	6849458ecfef4_1749632398.png	1	2025-06-11 09:00:15	2025-06-11 09:00:15	6	\N	\N
733	teste	teste	240	1	\N	no	6849458ecfef4_1749632398.png	1	2025-06-11 09:00:15	2025-06-11 09:00:15	6	\N	\N
734	teste	teste	171	1	\N	no	6849458ecfef4_1749632398.png	1	2025-06-11 09:00:15	2025-06-11 09:00:15	6	\N	\N
735	teste	teste	161	1	\N	no	6849458ecfef4_1749632398.png	1	2025-06-11 09:00:16	2025-06-11 09:00:16	6	\N	\N
736	teste	teste	241	1	\N	no	6849458ecfef4_1749632398.png	1	2025-06-11 09:00:16	2025-06-11 09:00:16	6	\N	\N
737	teste	teste	211	1	\N	no	6849458ecfef4_1749632398.png	1	2025-06-11 09:00:16	2025-06-11 09:00:16	6	\N	\N
738	teste	teste	231	1	\N	no	6849458ecfef4_1749632398.png	1	2025-06-11 09:00:16	2025-06-11 09:00:16	6	\N	\N
739	teste	teste	162	1	\N	no	6849458ecfef4_1749632398.png	1	2025-06-11 09:00:17	2025-06-11 09:00:17	6	\N	\N
740	teste	teste	212	1	\N	no	6849458ecfef4_1749632398.png	1	2025-06-11 09:00:17	2025-06-11 09:00:17	6	\N	\N
741	teste	teste	172	1	\N	no	6849458ecfef4_1749632398.png	1	2025-06-11 09:00:17	2025-06-11 09:00:17	6	\N	\N
742	teste	teste	222	1	\N	no	6849458ecfef4_1749632398.png	1	2025-06-11 09:00:17	2025-06-11 09:00:17	6	\N	\N
743	teste	teste	242	1	\N	no	6849458ecfef4_1749632398.png	1	2025-06-11 09:00:17	2025-06-11 09:00:17	6	\N	\N
744	teste	teste	213	1	\N	no	6849458ecfef4_1749632398.png	1	2025-06-11 09:00:18	2025-06-11 09:00:18	6	\N	\N
745	teste	teste	163	1	\N	no	6849458ecfef4_1749632398.png	1	2025-06-11 09:00:18	2025-06-11 09:00:18	6	\N	\N
746	teste	teste	223	1	\N	no	6849458ecfef4_1749632398.png	1	2025-06-11 09:00:18	2025-06-11 09:00:18	6	\N	\N
747	teste	teste	173	1	\N	no	6849458ecfef4_1749632398.png	1	2025-06-11 09:00:18	2025-06-11 09:00:18	6	\N	\N
748	teste	teste	233	1	\N	no	6849458ecfef4_1749632398.png	1	2025-06-11 09:00:18	2025-06-11 09:00:18	6	\N	\N
749	teste	teste	243	1	\N	no	6849458ecfef4_1749632398.png	1	2025-06-11 09:00:24	2025-06-11 09:00:24	6	\N	\N
750	welcome to luquia	Our app is not intended for users under the age of 18. We do not knowingly collect data from children.	262	1	\N	no	6871f7c17af24_1752299457.png	1	2025-07-12 05:50:57	2025-07-12 05:50:57	7	\N	\N
751	Membership 50off	Membership 50off on premium users resubscription	234	1	\N	no	68723d8594f3d_1752317317.png	1	2025-07-12 10:48:37	2025-07-12 10:48:37	8	\N	\N
752	Membership 50off	Membership 50off on premium users resubscription	244	1	\N	no	68723d8594f3d_1752317317.png	1	2025-07-12 10:48:38	2025-07-12 10:48:38	8	\N	\N
753	Membership 50off	Membership 50off on premium users resubscription	197	1	\N	no	68723d8594f3d_1752317317.png	1	2025-07-12 10:48:38	2025-07-12 10:48:38	8	\N	\N
754	Membership 50off	Membership 50off on premium users resubscription	164	1	\N	no	68723d8594f3d_1752317317.png	1	2025-07-12 10:48:38	2025-07-12 10:48:38	8	\N	\N
755	Membership 50off	Membership 50off on premium users resubscription	194	1	\N	no	68723d8594f3d_1752317317.png	1	2025-07-12 10:48:38	2025-07-12 10:48:38	8	\N	\N
756	Membership 50off	Membership 50off on premium users resubscription	263	1	\N	no	68723d8594f3d_1752317317.png	1	2025-07-12 10:48:39	2025-07-12 10:48:39	8	\N	\N
757	Membership 50off	Membership 50off on premium users resubscription	264	1	\N	no	68723d8594f3d_1752317317.png	1	2025-07-12 10:48:39	2025-07-12 10:48:39	8	\N	\N
758	Membership 50off	Membership 50off on premium users resubscription	256	1	\N	no	68723d8594f3d_1752317317.png	1	2025-07-12 10:48:39	2025-07-12 10:48:39	8	\N	\N
759	Membership 50off	Membership 50off on premium users resubscription	257	1	\N	no	68723d8594f3d_1752317317.png	1	2025-07-12 10:48:40	2025-07-12 10:48:40	8	\N	\N
760	free Standard membership	free Standard membership today only. Join us and search your matches	244	1	\N	no	687242313773b_1752318513.jpg	1	2025-07-12 11:08:33	2025-07-12 11:08:33	9	\N	\N
761	free Standard membership	free Standard membership today only. Join us and search your matches	245	1	\N	no	687242313773b_1752318513.jpg	1	2025-07-12 11:08:34	2025-07-12 11:08:34	9	\N	\N
762	free Standard membership	free Standard membership today only. Join us and search your matches	263	1	\N	no	687242313773b_1752318513.jpg	1	2025-07-12 11:08:34	2025-07-12 11:08:34	9	\N	\N
763	free Standard membership	free Standard membership today only. Join us and search your matches	264	1	\N	no	687242313773b_1752318513.jpg	1	2025-07-12 11:08:34	2025-07-12 11:08:34	9	\N	\N
764	free Standard membership	free Standard membership today only. Join us and search your matches	257	1	\N	no	687242313773b_1752318513.jpg	1	2025-07-12 11:08:35	2025-07-12 11:08:35	9	\N	\N
765	50off on subscription	50off on subscription. beome a premium member	267	1	\N	no	6873702ac9f74_1752395818.png	1	2025-07-13 08:36:58	2025-07-13 08:36:58	10	\N	\N
766	50 off on premium subscription	50 off on premium subscription. become a member today	262	1	\N	no	6873708d5003a_1752395917.png	1	2025-07-13 08:38:37	2025-07-13 08:38:37	11	\N	\N
767	first user 40off	first user 40off	262	1	\N	no	687370ce5cb3b_1752395982.jpg	1	2025-07-13 08:39:42	2025-07-13 08:39:42	12	\N	\N
768	new test	new test	260	1	\N	no	68738b6b751e1_1752402795.png	1	2025-07-13 10:33:15	2025-07-13 10:33:15	13	\N	\N
769	new test	new test	262	1	\N	no	68738b6b751e1_1752402795.png	1	2025-07-13 10:33:16	2025-07-13 10:33:16	13	\N	\N
770	hi	hi	260	1	\N	no	68738be23f36a_1752402914.png	1	2025-07-13 10:35:14	2025-07-13 10:35:14	14	\N	\N
771	hi	hi	262	1	\N	no	68738be23f36a_1752402914.png	1	2025-07-13 10:35:15	2025-07-13 10:35:15	14	\N	\N
772	Hamid	asfadsfd	265	1	\N	no	6873addb38a33_1752411611.png	1	2025-07-13 13:00:11	2025-07-13 13:00:11	15	\N	\N
773	dsfsdf	dsfsd	265	1	\N	no	6873ae1b6397a_1752411675.png	1	2025-07-13 13:01:15	2025-07-13 13:01:15	16	\N	\N
774	jjdsfsd	dsfksdk	265	1	\N	no	6873ae4641794_1752411718.png	1	2025-07-13 13:01:58	2025-07-13 13:01:58	17	\N	\N
775	hhhhhhhh	jkkkk	265	1	\N	no	6873b29e882a4_1752412830.png	1	2025-07-13 13:20:30	2025-07-13 13:20:30	18	\N	\N
776	hhhhhhjj	jjjjjj	265	1	\N	no	6873b5e728860_1752413671.png	1	2025-07-13 13:34:31	2025-07-13 13:34:31	19	\N	\N
777	50off on premium subscription	50off on premium subscription	274	1	\N	no	687894012e655_1752732673.png	1	2025-07-17 06:11:13	2025-07-17 06:11:13	20	\N	\N
778	50off on premium subscription	50off on premium subscription	273	1	\N	no	687894012e655_1752732673.png	1	2025-07-17 06:11:14	2025-07-17 06:11:14	20	\N	\N
779	dsadsa	sddsa	283	1	\N	no	689dee0e89143_1755180558.jpeg	1	2025-08-14 14:09:18	2025-08-14 14:09:18	21	\N	\N
780	hi	hi	283	1	\N	no	689dee5adf7c9_1755180634.png	1	2025-08-14 14:10:35	2025-08-14 14:10:35	22	\N	\N
781	test notifications	إشعارات الاختبار	257	1	\N	no	695fa7ebc947a_1767876587.png	1	2026-01-08 12:49:47	2026-01-08 12:49:47	23	إشعارات الاختبار	test notifications
782	test notifications	إشعارات الاختبار	229	1	\N	no	695fa7ebc947a_1767876587.png	1	2026-01-08 12:49:49	2026-01-08 12:49:49	23	إشعارات الاختبار	test notifications
783	test notifications	إشعارات الاختبار	337	1	\N	no	695fa7ebc947a_1767876587.png	1	2026-01-08 12:49:49	2026-01-08 12:49:49	23	إشعارات الاختبار	test notifications
\.


--
